{"id":54,"date":"2021-06-21T12:01:06","date_gmt":"2021-06-21T10:01:06","guid":{"rendered":"https:\/\/userblogs.fu-berlin.de\/borrowed-worlds\/?page_id=54"},"modified":"2021-09-30T16:34:20","modified_gmt":"2021-09-30T14:34:20","slug":"artistic-intervention","status":"publish","type":"page","link":"https:\/\/userblogs.fu-berlin.de\/borrowed-worlds\/artistic-intervention\/","title":{"rendered":"Artistic Intervention: &#8220;Welche Welten leiht sich die Dichtkunst?&#8221;"},"content":{"rendered":"\n<p>Wer dichtet, hat die Sprache, die er oder sie nutzt, nicht selbst erfunden. Wie gehen Gegenwartsk\u00fcnstler:innen damit um? Was eignen sie sich an, was wird ihnen zugeschrieben und was ereignet sich dabei? Dem gehen \u00d6zlem \u00d6zg\u00fcl D\u00fcndar, Dagmara Kraus, Alexander Lehnert und Tanasgol Sabbagh in k\u00fcnstlerischen Interventionen und im Gespr\u00e4ch mit Gesa Jessen und Alexander Kappe nach.<\/p>\n\n\n\n<p>Streamed live at <a href=\"https:\/\/www.youtube.com\/watch?v=-KTReqq9mfI\">https:\/\/www.youtube.com\/watch?v=-KTReqq9mfI<\/a> <\/p>\n\n\n\n<h2 class=\"has-text-color wp-block-heading\" style=\"color:#582a7a\">Please note that this event is held in German.<\/h2>\n","protected":false},"excerpt":{"rendered":"<p>Wer dichtet, hat die Sprache, die er oder sie nutzt, nicht selbst erfunden. Wie gehen Gegenwartsk\u00fcnstler:innen damit um? Was eignen sie sich an, was wird ihnen zugeschrieben und was ereignet sich dabei? Dem gehen \u00d6zlem \u00d6zg\u00fcl D\u00fcndar, Dagmara Kraus, Alexander &hellip; <a href=\"https:\/\/userblogs.fu-berlin.de\/borrowed-worlds\/artistic-intervention\/\">Continue reading <span class=\"meta-nav\">&rarr;<\/span><\/a><\/p>\n","protected":false},"author":5430,"featured_media":0,"parent":0,"menu_order":0,"comment_status":"closed","ping_status":"closed","template":"","meta":{"footnotes":""},"class_list":["post-54","page","type-page","status-publish","hentry"],"_links":{"self":[{"href":"https:\/\/userblogs.fu-berlin.de\/borrowed-worlds\/wp-json\/wp\/v2\/pages\/54","targetHints":{"allow":["GET"]}}],"collection":[{"href":"https:\/\/userblogs.fu-berlin.de\/borrowed-worlds\/wp-json\/wp\/v2\/pages"}],"about":[{"href":"https:\/\/userblogs.fu-berlin.de\/borrowed-worlds\/wp-json\/wp\/v2\/types\/page"}],"author":[{"embeddable":true,"href":"https:\/\/userblogs.fu-berlin.de\/borrowed-worlds\/wp-json\/wp\/v2\/users\/5430"}],"replies":[{"embeddable":true,"href":"https:\/\/userblogs.fu-berlin.de\/borrowed-worlds\/wp-json\/wp\/v2\/comments?post=54"}],"version-history":[{"count":12,"href":"https:\/\/userblogs.fu-berlin.de\/borrowed-worlds\/wp-json\/wp\/v2\/pages\/54\/revisions"}],"predecessor-version":[{"id":213,"href":"https:\/\/userblogs.fu-berlin.de\/borrowed-worlds\/wp-json\/wp\/v2\/pages\/54\/revisions\/213"}],"wp:attachment":[{"href":"https:\/\/userblogs.fu-berlin.de\/borrowed-worlds\/wp-json\/wp\/v2\/media?parent=54"}],"curies":[{"name":"wp","href":"https:\/\/api.w.org\/{rel}","templated":true}]}}