{"id":14,"date":"2009-11-23T16:32:26","date_gmt":"2009-11-23T15:32:26","guid":{"rendered":"https:\/\/userblogs.fu-berlin.de\/derabvblog\/?page_id=14"},"modified":"2009-11-23T22:21:25","modified_gmt":"2009-11-23T21:21:25","slug":"hausaufgabe-2","status":"publish","type":"page","link":"https:\/\/userblogs.fu-berlin.de\/derabvblog\/hausaufgabe-2\/","title":{"rendered":"Hausaufgabe 2"},"content":{"rendered":"<p>Okay, hier Bitte f\u00fcr Aufgabe 2 kommentieren. Am Ende kann ich das ja wieder \u00fcbertragen.<\/p>\n<p>Edit: Danke, Henrik, ich hab die Formeln hier mal zur besseren \u00dcbersicht als Bild hochgeladen. Falls mir dabei irgendwelche Fehler unterlaufen sein sollten &#8211; ma\u00dfgeblich ist ja eh die Version die du dann am Ende abgibst \ud83d\ude09<\/p>\n<p><a href=\"https:\/\/userblogs.fu-berlin.de\/derabvblog\/files\/2009\/11\/formelHA2-bwl.png\"><img loading=\"lazy\" decoding=\"async\" class=\"alignnone size-full wp-image-17\" src=\"https:\/\/userblogs.fu-berlin.de\/derabvblog\/files\/2009\/11\/formelHA2-bwl.png\" alt=\"formelHA2 bwl\" width=\"574\" height=\"382\" srcset=\"https:\/\/userblogs.fu-berlin.de\/derabvblog\/files\/2009\/11\/formelHA2-bwl.png 574w, https:\/\/userblogs.fu-berlin.de\/derabvblog\/files\/2009\/11\/formelHA2-bwl-300x199.png 300w\" sizes=\"auto, (max-width: 574px) 85vw, 574px\" \/><\/a><\/p>\n","protected":false},"excerpt":{"rendered":"<p>Okay, hier Bitte f\u00fcr Aufgabe 2 kommentieren. Am Ende kann ich das ja wieder \u00fcbertragen. Edit: Danke, Henrik, ich hab die Formeln hier mal zur besseren \u00dcbersicht als Bild hochgeladen. Falls mir dabei irgendwelche Fehler unterlaufen sein sollten &#8211; ma\u00dfgeblich ist ja eh die Version die du dann am Ende abgibst \ud83d\ude09<\/p>\n","protected":false},"author":627,"featured_media":0,"parent":0,"menu_order":0,"comment_status":"open","ping_status":"open","template":"","meta":{"footnotes":""},"class_list":["post-14","page","type-page","status-publish","hentry"],"_links":{"self":[{"href":"https:\/\/userblogs.fu-berlin.de\/derabvblog\/wp-json\/wp\/v2\/pages\/14","targetHints":{"allow":["GET"]}}],"collection":[{"href":"https:\/\/userblogs.fu-berlin.de\/derabvblog\/wp-json\/wp\/v2\/pages"}],"about":[{"href":"https:\/\/userblogs.fu-berlin.de\/derabvblog\/wp-json\/wp\/v2\/types\/page"}],"author":[{"embeddable":true,"href":"https:\/\/userblogs.fu-berlin.de\/derabvblog\/wp-json\/wp\/v2\/users\/627"}],"replies":[{"embeddable":true,"href":"https:\/\/userblogs.fu-berlin.de\/derabvblog\/wp-json\/wp\/v2\/comments?post=14"}],"version-history":[{"count":5,"href":"https:\/\/userblogs.fu-berlin.de\/derabvblog\/wp-json\/wp\/v2\/pages\/14\/revisions"}],"predecessor-version":[{"id":24,"href":"https:\/\/userblogs.fu-berlin.de\/derabvblog\/wp-json\/wp\/v2\/pages\/14\/revisions\/24"}],"wp:attachment":[{"href":"https:\/\/userblogs.fu-berlin.de\/derabvblog\/wp-json\/wp\/v2\/media?parent=14"}],"curies":[{"name":"wp","href":"https:\/\/api.w.org\/{rel}","templated":true}]}}