{"id":298,"date":"2024-12-10T13:45:35","date_gmt":"2024-12-10T12:45:35","guid":{"rendered":"https:\/\/userblogs.fu-berlin.de\/dgpuk\/?page_id=298"},"modified":"2025-03-14T11:41:02","modified_gmt":"2025-03-14T10:41:02","slug":"keynotes","status":"publish","type":"page","link":"https:\/\/userblogs.fu-berlin.de\/dgpuk\/tagungsprogramm\/keynotes\/","title":{"rendered":"Keynotes"},"content":{"rendered":"\n<p class=\"has-accent-color has-text-color\" style=\"font-size:25px\"><strong>DONNERSTAG I 20.03.2025 I 09:30-10:30 Uhr<\/strong><\/p>\n\n\n\n<h2 class=\"has-contrast-color has-text-color has-large-font-size wp-block-heading\"><strong>Triggerpunkte: Wie verhalten sich sozialstrukturelle und \u00f6ffentliche Konflikte zueinander?<\/strong><\/h2>\n\n\n\n<p class=\"has-text-align-left has-base-3-background-color has-background\">Viele gesellschaftliche Konflikte werden \u00f6ffentlich ausgetragen, woraus oft der Eindruck einer zunehmend gespaltenen Gesellschaft entsteht. Vor diesem Hintergrund besch\u00e4ftigt sich der Vortrag mit der Frage, wie gespalten die Gesellschaft ist und in welchem Verh\u00e4ltnis sozialstrukturell angelegte und \u00f6ffentliche Konflikte stehen. Anhand von vier Konfliktarenen, in denen \u00fcber die Verteilung von G\u00fctern und Ressourcen und die Geltung von Werten gestritten wird, wird der Konfliktraum beschrieben. Dann wird das Konzept der Triggerpunkte genutzt, um zu zeigen, an welchen Sollbruchstellen Konsens in Dissens umschl\u00e4gt und sich Konflikte emotionalisieren. Ein Augenmerk des Vortrags liegt auf der Rolle von Medien und \u00f6ffentlicher Kommunikation f\u00fcr die Inszenierung und Bewirtschaftung von Konflikten.<\/p>\n\n\n<div class=\"wp-block-image\">\n<figure class=\"aligncenter size-large is-resized\"><img loading=\"lazy\" decoding=\"async\" src=\"https:\/\/userblogs.fu-berlin.de\/dgpuk\/files\/2025\/02\/Mau-Kurzbio-Canva-neu-1024x318.png\" alt=\"\" class=\"wp-image-387\" width=\"1118\" height=\"347\" srcset=\"https:\/\/userblogs.fu-berlin.de\/dgpuk\/files\/2025\/02\/Mau-Kurzbio-Canva-neu-1024x318.png 1024w, https:\/\/userblogs.fu-berlin.de\/dgpuk\/files\/2025\/02\/Mau-Kurzbio-Canva-neu-300x93.png 300w, https:\/\/userblogs.fu-berlin.de\/dgpuk\/files\/2025\/02\/Mau-Kurzbio-Canva-neu-768x238.png 768w, https:\/\/userblogs.fu-berlin.de\/dgpuk\/files\/2025\/02\/Mau-Kurzbio-Canva-neu.png 1366w\" sizes=\"auto, (max-width: 1118px) 100vw, 1118px\" \/><\/figure><\/div>\n\n\n<div style=\"height:64px\" aria-hidden=\"true\" class=\"wp-block-spacer\"><\/div>\n\n\n\n<p class=\"has-accent-color has-text-color\" style=\"font-size:25px\"><strong>FREITAG I 21.03.2025 I 09:00-10:00 Uhr<\/strong><\/p>\n\n\n\n<h2 class=\"has-large-font-size wp-block-heading\"><strong>Gemeinsinn &#8211; Zur Aktualit\u00e4t und Zukunft eines alten Begriffs<\/strong><\/h2>\n\n\n\n<p>Der Begriff Gemeinsinn hat eine lange Geschichte hinter sich. Er wurde in der Antike gepr\u00e4gt und ist in der Neuzeit und Aufkl\u00e4rung wiederentdeckt worden. In der NS-Zeit wurde er missbraucht, um Ausgrenzung und Gewalt mit einer moralischen Aura zu verschleiern. Sein Potential ist durch Missbrauch aber keineswegs ersch\u00f6pft. Im Gegenteil regt der Begriff uns an, das in ihm angelegte Potential f\u00fcr die Zukunft immer neu zu entdecken. Denn die Kraft des Gemeinsinns wird heute dringend gebraucht. Sie besteht kurz gesagt darin, in den K\u00f6pfen der Menschen Grenzen zu \u00fcberschreiten, wo immer sie zu Zwecken einer endg\u00fcltiger Abgrenzung, Trennung oder Ausschlie\u00dfung gezogen werden.<\/p>\n\n\n\n<figure class=\"wp-block-image size-large is-resized\"><img loading=\"lazy\" decoding=\"async\" src=\"https:\/\/userblogs.fu-berlin.de\/dgpuk\/files\/2025\/03\/Assmann-Webseite-1024x318.png\" alt=\"\" class=\"wp-image-436\" width=\"1121\" height=\"348\" srcset=\"https:\/\/userblogs.fu-berlin.de\/dgpuk\/files\/2025\/03\/Assmann-Webseite-1024x318.png 1024w, https:\/\/userblogs.fu-berlin.de\/dgpuk\/files\/2025\/03\/Assmann-Webseite-300x93.png 300w, https:\/\/userblogs.fu-berlin.de\/dgpuk\/files\/2025\/03\/Assmann-Webseite-768x238.png 768w, https:\/\/userblogs.fu-berlin.de\/dgpuk\/files\/2025\/03\/Assmann-Webseite.png 1366w\" sizes=\"auto, (max-width: 1121px) 100vw, 1121px\" \/><\/figure>\n\n\n\n<p style=\"font-size:10px\">Bildquelle: Jussi Puikkonen\/KNAW<a href=\"https:\/\/www.flickr.com\/people\/79173061@N08\"><\/a><\/p>\n","protected":false},"excerpt":{"rendered":"<p>DONNERSTAG I 20.03.2025 I 09:30-10:30 Uhr Triggerpunkte: Wie verhalten sich sozialstrukturelle und \u00f6ffentliche Konflikte zueinander? Viele gesellschaftliche Konflikte werden \u00f6ffentlich ausgetragen, woraus oft der Eindruck einer zunehmend gespaltenen Gesellschaft entsteht. Vor diesem Hintergrund besch\u00e4ftigt sich der Vortrag mit der Frage, wie gespalten die Gesellschaft ist und in welchem Verh\u00e4ltnis sozialstrukturell angelegte und \u00f6ffentliche Konflikte stehen. &#8230; <a title=\"Keynotes\" class=\"read-more\" href=\"https:\/\/userblogs.fu-berlin.de\/dgpuk\/tagungsprogramm\/keynotes\/\" aria-label=\"Mehr Informationen \u00fcber Keynotes\">Weiterlesen<\/a><\/p>\n","protected":false},"author":8049,"featured_media":0,"parent":47,"menu_order":0,"comment_status":"closed","ping_status":"closed","template":"","meta":{"footnotes":""},"class_list":["post-298","page","type-page","status-publish"],"_links":{"self":[{"href":"https:\/\/userblogs.fu-berlin.de\/dgpuk\/wp-json\/wp\/v2\/pages\/298","targetHints":{"allow":["GET"]}}],"collection":[{"href":"https:\/\/userblogs.fu-berlin.de\/dgpuk\/wp-json\/wp\/v2\/pages"}],"about":[{"href":"https:\/\/userblogs.fu-berlin.de\/dgpuk\/wp-json\/wp\/v2\/types\/page"}],"author":[{"embeddable":true,"href":"https:\/\/userblogs.fu-berlin.de\/dgpuk\/wp-json\/wp\/v2\/users\/8049"}],"replies":[{"embeddable":true,"href":"https:\/\/userblogs.fu-berlin.de\/dgpuk\/wp-json\/wp\/v2\/comments?post=298"}],"version-history":[{"count":9,"href":"https:\/\/userblogs.fu-berlin.de\/dgpuk\/wp-json\/wp\/v2\/pages\/298\/revisions"}],"predecessor-version":[{"id":443,"href":"https:\/\/userblogs.fu-berlin.de\/dgpuk\/wp-json\/wp\/v2\/pages\/298\/revisions\/443"}],"up":[{"embeddable":true,"href":"https:\/\/userblogs.fu-berlin.de\/dgpuk\/wp-json\/wp\/v2\/pages\/47"}],"wp:attachment":[{"href":"https:\/\/userblogs.fu-berlin.de\/dgpuk\/wp-json\/wp\/v2\/media?parent=298"}],"curies":[{"name":"wp","href":"https:\/\/api.w.org\/{rel}","templated":true}]}}

<p class="has-accent-color has-text-color" style="font-size:25px"><strong>DONNERSTAG I 20.03.2025 I 09:30-10:30 Uhr</strong></p>



<h2 class="has-contrast-color has-text-color has-large-font-size wp-block-heading"><strong>Triggerpunkte: Wie verhalten sich sozialstrukturelle und öffentliche Konflikte zueinander?</strong></h2>



<p class="has-text-align-left has-base-3-background-color has-background">Viele gesellschaftliche Konflikte werden öffentlich ausgetragen, woraus oft der Eindruck einer zunehmend gespaltenen Gesellschaft entsteht. Vor diesem Hintergrund beschäftigt sich der Vortrag mit der Frage, wie gespalten die Gesellschaft ist und in welchem Verhältnis sozialstrukturell angelegte und öffentliche Konflikte stehen. Anhand von vier Konfliktarenen, in denen über die Verteilung von Gütern und Ressourcen und die Geltung von Werten gestritten wird, wird der Konfliktraum beschrieben. Dann wird das Konzept der Triggerpunkte genutzt, um zu zeigen, an welchen Sollbruchstellen Konsens in Dissens umschlägt und sich Konflikte emotionalisieren. Ein Augenmerk des Vortrags liegt auf der Rolle von Medien und öffentlicher Kommunikation für die Inszenierung und Bewirtschaftung von Konflikten.</p>


<div class="wp-block-image">
<figure class="aligncenter size-large is-resized"><img loading="lazy" decoding="async" src="https://userblogs.fu-berlin.de/dgpuk/files/2025/02/Mau-Kurzbio-Canva-neu-1024x318.png" alt="" class="wp-image-387" width="1118" height="347" srcset="https://userblogs.fu-berlin.de/dgpuk/files/2025/02/Mau-Kurzbio-Canva-neu-1024x318.png 1024w, https://userblogs.fu-berlin.de/dgpuk/files/2025/02/Mau-Kurzbio-Canva-neu-300x93.png 300w, https://userblogs.fu-berlin.de/dgpuk/files/2025/02/Mau-Kurzbio-Canva-neu-768x238.png 768w, https://userblogs.fu-berlin.de/dgpuk/files/2025/02/Mau-Kurzbio-Canva-neu.png 1366w" sizes="auto, (max-width: 1118px) 100vw, 1118px" /></figure></div>


<div style="height:64px" aria-hidden="true" class="wp-block-spacer"></div>



<p class="has-accent-color has-text-color" style="font-size:25px"><strong>FREITAG I 21.03.2025 I 09:00-10:00 Uhr</strong></p>



<h2 class="has-large-font-size wp-block-heading"><strong>Gemeinsinn &#8211; Zur Aktualität und Zukunft eines alten Begriffs</strong></h2>



<p>Der Begriff Gemeinsinn hat eine lange Geschichte hinter sich. Er wurde in der Antike geprägt und ist in der Neuzeit und Aufklärung wiederentdeckt worden. In der NS-Zeit wurde er missbraucht, um Ausgrenzung und Gewalt mit einer moralischen Aura zu verschleiern. Sein Potential ist durch Missbrauch aber keineswegs erschöpft. Im Gegenteil regt der Begriff uns an, das in ihm angelegte Potential für die Zukunft immer neu zu entdecken. Denn die Kraft des Gemeinsinns wird heute dringend gebraucht. Sie besteht kurz gesagt darin, in den Köpfen der Menschen Grenzen zu überschreiten, wo immer sie zu Zwecken einer endgültiger Abgrenzung, Trennung oder Ausschließung gezogen werden.</p>



<figure class="wp-block-image size-large is-resized"><img loading="lazy" decoding="async" src="https://userblogs.fu-berlin.de/dgpuk/files/2025/03/Assmann-Webseite-1024x318.png" alt="" class="wp-image-436" width="1121" height="348" srcset="https://userblogs.fu-berlin.de/dgpuk/files/2025/03/Assmann-Webseite-1024x318.png 1024w, https://userblogs.fu-berlin.de/dgpuk/files/2025/03/Assmann-Webseite-300x93.png 300w, https://userblogs.fu-berlin.de/dgpuk/files/2025/03/Assmann-Webseite-768x238.png 768w, https://userblogs.fu-berlin.de/dgpuk/files/2025/03/Assmann-Webseite.png 1366w" sizes="auto, (max-width: 1121px) 100vw, 1121px" /></figure>



<p style="font-size:10px">Bildquelle: Jussi Puikkonen/KNAW<a href="https://www.flickr.com/people/79173061@N08"></a></p>

<p>DONNERSTAG I 20.03.2025 I 09:30-10:30 Uhr Triggerpunkte: Wie verhalten sich sozialstrukturelle und öffentliche Konflikte zueinander? Viele gesellschaftliche Konflikte werden öffentlich ausgetragen, woraus oft der Eindruck einer zunehmend gespaltenen Gesellschaft entsteht. Vor diesem Hintergrund beschäftigt sich der Vortrag mit der Frage, wie gespalten die Gesellschaft ist und in welchem Verhältnis sozialstrukturell angelegte und öffentliche Konflikte stehen. &#8230; <a title="Keynotes" class="read-more" href="https://userblogs.fu-berlin.de/dgpuk/tagungsprogramm/keynotes/" aria-label="Mehr Informationen über Keynotes">Weiterlesen</a></p>
