{"id":35,"date":"2024-02-21T16:38:28","date_gmt":"2024-02-21T15:38:28","guid":{"rendered":"https:\/\/userblogs.fu-berlin.de\/dgpuk\/?page_id=35"},"modified":"2025-02-24T10:43:58","modified_gmt":"2025-02-24T09:43:58","slug":"unterkunft-und-anreise","status":"publish","type":"page","link":"https:\/\/userblogs.fu-berlin.de\/dgpuk\/unterkunft-und-anreise\/","title":{"rendered":"Unterkunft und Anreise"},"content":{"rendered":"\n<h5 class=\"wp-block-heading has-accent-color has-text-color\"><strong>Unterkunft<\/strong><\/h5>\n\n\n\n<div class=\"wp-block-group is-nowrap is-layout-flex wp-container-core-group-is-layout-ad2f72ca wp-block-group-is-layout-flex\">\n<p>F\u00fcr die Jahrestagung wurden in verschiedenen Hotel im S\u00fcdwesten Berlins Zimmerkontingente reserviert. Diese sind entweder durch Nennung eines Kennwortes oder durch die Nutzung eines Direktlinks abrufbar. Die Zahl der reservierten Zimmer ist begrenzt, eine fr\u00fche Buchung ist daher empfehlenswert. Sollten Sie anderweitig nach Zimmern suchen ist auch hier eine fr\u00fchzeitige Buchung sinnvoll, da Berlin auch im M\u00e4rz viel besucht ist. Da die Freie Universit\u00e4t zwar idyllisch im Gr\u00fcnen, aber deshalb auch eher au\u00dferhalb liegt, sollten Sie besonders auf die Fahrtwege achten, die auch aus der Innenstadt schnell \u00fcber 45 Minuten betragen k\u00f6nnen.<\/p>\n<\/div>\n\n\n\n<p><\/p>\n\n\n\n<p class=\"has-accent-color has-text-color\"><strong>Hotels mit Zimmerkontingenten<\/strong><\/p>\n\n\n\n<figure class=\"wp-block-table is-style-stripes\"><table class=\"has-fixed-layout\"><tbody><tr><td><strong>enjoy Hotel am Studio<\/strong><\/td><td><strong>Ringhotel Seehof am Lietzensee<\/strong><\/td><td><strong>Hotel Morgenland<\/strong><\/td><\/tr><tr><td><img decoding=\"async\" src=\"https:\/\/userblogs.fu-berlin.de\/dgpuk\/files\/2024\/10\/enjoy_hotel_am_Studio_Bar_5_k.jpg\" alt=\"\"><\/td><td><img decoding=\"async\" src=\"https:\/\/userblogs.fu-berlin.de\/dgpuk\/files\/2024\/10\/Hotel-Seehof-Berlin_Aussen1-quer_-scaled.jpg\" alt=\"\"><\/td><td><img decoding=\"async\" src=\"https:\/\/userblogs.fu-berlin.de\/dgpuk\/files\/2024\/10\/Hotel-Morgenland-Aussenansicht-1.jpg\" alt=\"\"><\/td><\/tr><tr><td>EZ: 65 \u20ac<br>DZ: 80 \u20ac<\/td><td>EZ: 98 \u20ac<br>DZ: 116 \u20ac<\/td><td>EZ: 99,50 \u20ac<br>DZ: 125 \u20ac<\/td><\/tr><tr><td><a rel=\"noreferrer noopener\" href=\"http:\/\/www.hotelamstudio.de\" target=\"_blank\"><strong>Webseite<\/strong><\/a> <br>(Code: DGPUK 2025)<br>Verf\u00fcgbar bis 31.01.2025<\/td><td><a rel=\"noreferrer noopener\" href=\"http:\/\/www.hotel-seehof-berlin.de\/\" target=\"_blank\"><strong>Webseite<\/strong><\/a> <br>(Code: DGPuK)<br>Verf\u00fcgbar bis 16.02.2025<\/td><td><a rel=\"noreferrer noopener\" href=\"https:\/\/www.hotel-morgenland.de\/\" target=\"_blank\"><strong>Webseite<\/strong><\/a> <br>(Code: Abrufkontingent DGPuK-Konferenz)<br>Verf\u00fcgbar bis 28.02.2025<\/td><\/tr><tr><td><strong>Titanic Comfort Kurf\u00fcrstendamm<\/strong><\/td><td><strong>Hyperion Berlin<\/strong><\/td><td><strong>Best Western Premier Hotel<br>Steglitz International<\/strong><\/td><\/tr><tr><td><img loading=\"lazy\" decoding=\"async\" width=\"1515\" height=\"1010\" class=\"wp-image-220\" src=\"https:\/\/userblogs.fu-berlin.de\/dgpuk\/files\/2024\/10\/020-titanic-kurfurstendamm-berlin-lobby_standard.png\" alt=\"\" srcset=\"https:\/\/userblogs.fu-berlin.de\/dgpuk\/files\/2024\/10\/020-titanic-kurfurstendamm-berlin-lobby_standard.png 1515w, https:\/\/userblogs.fu-berlin.de\/dgpuk\/files\/2024\/10\/020-titanic-kurfurstendamm-berlin-lobby_standard-300x200.png 300w, https:\/\/userblogs.fu-berlin.de\/dgpuk\/files\/2024\/10\/020-titanic-kurfurstendamm-berlin-lobby_standard-1024x683.png 1024w, https:\/\/userblogs.fu-berlin.de\/dgpuk\/files\/2024\/10\/020-titanic-kurfurstendamm-berlin-lobby_standard-768x512.png 768w\" sizes=\"auto, (max-width: 1515px) 100vw, 1515px\" \/><\/td><td><img decoding=\"async\" src=\"https:\/\/userblogs.fu-berlin.de\/dgpuk\/files\/2024\/10\/aussenansicht-nacht-01-hyperion-hotel-berlin.jpg\" alt=\"\"><\/td><td><img decoding=\"async\" src=\"https:\/\/userblogs.fu-berlin.de\/dgpuk\/files\/2024\/10\/Hotel-Steglitz-International_214_DZ1_3456x2306pixel-scaled.jpg\" alt=\"\"><\/td><\/tr><tr><td>EZ: 129 \u20ac<br>DZ: 159 \u20ac<\/td><td>EZ: 139 \u20ac<br>DZ: &#8212;<\/td><td>EZ: 110 \u20ac<br>DZ: 135\u20ac<\/td><\/tr><tr><td><strong><a href=\"https:\/\/www.titanic.com.tr\/titanic-comfort-kurfurstendamm\">Webseite<\/a><\/strong><br>(Code: DGPuK 2025)<br>Verf\u00fcgbar bis 21.01.2025<\/td><td><strong><a href=\"https:\/\/www.h-hotels.com\/de\/hyperion\/hotels\/hyperion-hotel-berlin?utm_source=yext&amp;utm_medium=listing\">Webseite<\/a><\/strong><br>(Code: DGPuK 2025)<br>Verf\u00fcgbar bis 18.02.2025<\/td><td><strong><a rel=\"noreferrer noopener\" href=\"https:\/\/www.si-hotel.com\/\" target=\"_blank\">Webseite<\/a><\/strong> <strong><br><a rel=\"noreferrer noopener\" href=\"https:\/\/www.cbooking.de\/(S(f2g5bheb0n35qcjnnsme4z1v))\/v4\/booking.aspx?id=steglitzinternational&amp;lang=de&amp;module=allotment\" target=\"_blank\">Direktlink Buchung<\/a><\/strong><br>Verf\u00fcgbar bis 04.02.2025<\/td><\/tr><tr><td><strong>Yggotel Ravn<\/strong><\/td><td><strong>Citadines Kurf\u00fcrstendamm Berlin<\/strong><\/td><td><strong>Motel One<\/strong><\/td><\/tr><tr><td><img decoding=\"async\" src=\"https:\/\/userblogs.fu-berlin.de\/dgpuk\/files\/2024\/10\/yggotel-Ravn-Hotel-Berlin_Apartment-double-room-scaled.jpg\" alt=\"\"><\/td><td><img loading=\"lazy\" decoding=\"async\" width=\"760\" height=\"506\" class=\"wp-image-293\" src=\"https:\/\/userblogs.fu-berlin.de\/dgpuk\/files\/2024\/12\/Citadines-Zimmer.jpg\" alt=\"\" srcset=\"https:\/\/userblogs.fu-berlin.de\/dgpuk\/files\/2024\/12\/Citadines-Zimmer.jpg 760w, https:\/\/userblogs.fu-berlin.de\/dgpuk\/files\/2024\/12\/Citadines-Zimmer-300x200.jpg 300w\" sizes=\"auto, (max-width: 760px) 100vw, 760px\" \/><\/td><td><img loading=\"lazy\" decoding=\"async\" width=\"1775\" height=\"998\" class=\"wp-image-289\" src=\"https:\/\/userblogs.fu-berlin.de\/dgpuk\/files\/2024\/12\/Zimmer.jpg\" alt=\"\" srcset=\"https:\/\/userblogs.fu-berlin.de\/dgpuk\/files\/2024\/12\/Zimmer.jpg 1775w, https:\/\/userblogs.fu-berlin.de\/dgpuk\/files\/2024\/12\/Zimmer-300x169.jpg 300w, https:\/\/userblogs.fu-berlin.de\/dgpuk\/files\/2024\/12\/Zimmer-1024x576.jpg 1024w, https:\/\/userblogs.fu-berlin.de\/dgpuk\/files\/2024\/12\/Zimmer-768x432.jpg 768w, https:\/\/userblogs.fu-berlin.de\/dgpuk\/files\/2024\/12\/Zimmer-1536x864.jpg 1536w\" sizes=\"auto, (max-width: 1775px) 100vw, 1775px\" \/><\/td><\/tr><tr><td>EZ: 114 \u20ac<br>DZ: 134 \u20ac<\/td><td>EZ\/DZ: 139 \u20ac<\/td><td>EZ: ab 93,45 \u20ac<br>DZ: &#8212;<\/td><\/tr><tr><td><strong><a href=\"https:\/\/www.yggotel.com\/yggotel-ravn\">Webseite<\/a><\/strong><br><strong><a rel=\"noreferrer noopener\" href=\"https:\/\/userblogs.fu-berlin.de\/dgpuk\/files\/2024\/12\/RANV-ABK-Buchung-Group-FU-Berlin-180325-Buchungsformular.pdf\" data-type=\"URL\" data-id=\"https:\/\/userblogs.fu-berlin.de\/dgpuk\/files\/2024\/12\/RANV-ABK-Buchung-Group-FU-Berlin-180325-Buchungsformular.pdf\" target=\"_blank\">Buchungsformular<\/a><\/strong><br>(Code: FU-Berlin 180325)<br>Verf\u00fcgbar bis 04.03.2025<\/td><td><strong><a href=\"https:\/\/www.discoverasr.com\/en\/citadines\/germany\/citadines-kurfurstendamm-berlin?utm_source=google&amp;utm_medium=gmb&amp;utm_campaign=EU-google-gmb-alwayson-20210927-all-en-eu-de-citadineskurf%EF%BF%BDrstendammberlin&amp;y_source=1_NTg1OTcxMjEtNzE1LWxvY2F0aW9uLndlYnNpdGU%3D\">Webseite<\/a><\/strong><br><a href=\"mailto:anke.baudisch@citadines.com\"><strong>Buchung per E-Mail<\/strong><\/a><br>(Code: DGPuK-Konferenz)<br>Verf\u00fcgbar bis 25.02.2025<\/td><td><strong><a rel=\"noreferrer noopener\" href=\"https:\/\/www.motel-one.com\/de\/hotels\/berlin\/hotel-berlin-kudamm\/\" target=\"_blank\">Website<\/a><br><a href=\"https:\/\/userblogs.fu-berlin.de\/dgpuk\/files\/2024\/12\/Abrufformulal_Motel-One_Kontingentvertrag_1066.pdf\" data-type=\"attachment\" data-id=\"290\">Buchungsformular<\/a><\/strong><br>Verf\u00fcgbar bis 22.01.2025<\/td><\/tr><\/tbody><\/table><\/figure>\n\n\n\n<p class=\"has-accent-color has-text-color\"><strong>Hotels ohne Zimmerkontingente<\/strong><\/p>\n\n\n\n<div class=\"wp-block-columns are-vertically-aligned-center is-layout-flex wp-container-core-columns-is-layout-9d6595d7 wp-block-columns-is-layout-flex\">\n<div class=\"wp-block-column is-vertically-aligned-center is-layout-flow wp-block-column-is-layout-flow\" style=\"flex-basis:100%\">\n<figure class=\"wp-block-table is-style-stripes\"><table class=\"has-fixed-layout\"><tbody><tr><td><strong>Seminaris Campus Hotel<\/strong><\/td><td><strong>Scandic Berlin Kurf\u00fcrstendamm<\/strong><\/td><td><strong>Hotel Landhaus Schlachtensee<\/strong><\/td><\/tr><tr><td><img loading=\"lazy\" decoding=\"async\" width=\"2560\" height=\"1708\" class=\"wp-image-237\" style=\"width: 250px\" src=\"https:\/\/userblogs.fu-berlin.de\/dgpuk\/files\/2024\/10\/seminaris-campushotel-berlin-entrance-close-press-scaled.jpg\" alt=\"\" srcset=\"https:\/\/userblogs.fu-berlin.de\/dgpuk\/files\/2024\/10\/seminaris-campushotel-berlin-entrance-close-press-scaled.jpg 2560w, https:\/\/userblogs.fu-berlin.de\/dgpuk\/files\/2024\/10\/seminaris-campushotel-berlin-entrance-close-press-300x200.jpg 300w, https:\/\/userblogs.fu-berlin.de\/dgpuk\/files\/2024\/10\/seminaris-campushotel-berlin-entrance-close-press-1024x683.jpg 1024w, https:\/\/userblogs.fu-berlin.de\/dgpuk\/files\/2024\/10\/seminaris-campushotel-berlin-entrance-close-press-768x512.jpg 768w, https:\/\/userblogs.fu-berlin.de\/dgpuk\/files\/2024\/10\/seminaris-campushotel-berlin-entrance-close-press-1536x1025.jpg 1536w, https:\/\/userblogs.fu-berlin.de\/dgpuk\/files\/2024\/10\/seminaris-campushotel-berlin-entrance-close-press-2048x1366.jpg 2048w\" sizes=\"auto, (max-width: 2560px) 100vw, 2560px\" \/><\/td><td><img loading=\"lazy\" decoding=\"async\" width=\"2560\" height=\"1708\" class=\"wp-image-238\" style=\"width: 250px\" src=\"https:\/\/userblogs.fu-berlin.de\/dgpuk\/files\/2024\/10\/Scandic_Berlin-Kurfuerstendamm_Exterior_Building-Front-1-scaled.jpg\" alt=\"\" srcset=\"https:\/\/userblogs.fu-berlin.de\/dgpuk\/files\/2024\/10\/Scandic_Berlin-Kurfuerstendamm_Exterior_Building-Front-1-scaled.jpg 2560w, https:\/\/userblogs.fu-berlin.de\/dgpuk\/files\/2024\/10\/Scandic_Berlin-Kurfuerstendamm_Exterior_Building-Front-1-300x200.jpg 300w, https:\/\/userblogs.fu-berlin.de\/dgpuk\/files\/2024\/10\/Scandic_Berlin-Kurfuerstendamm_Exterior_Building-Front-1-1024x683.jpg 1024w, https:\/\/userblogs.fu-berlin.de\/dgpuk\/files\/2024\/10\/Scandic_Berlin-Kurfuerstendamm_Exterior_Building-Front-1-768x512.jpg 768w, https:\/\/userblogs.fu-berlin.de\/dgpuk\/files\/2024\/10\/Scandic_Berlin-Kurfuerstendamm_Exterior_Building-Front-1-1536x1025.jpg 1536w, https:\/\/userblogs.fu-berlin.de\/dgpuk\/files\/2024\/10\/Scandic_Berlin-Kurfuerstendamm_Exterior_Building-Front-1-2048x1367.jpg 2048w\" sizes=\"auto, (max-width: 2560px) 100vw, 2560px\" \/><\/td><td><img loading=\"lazy\" decoding=\"async\" width=\"240\" height=\"170\" class=\"wp-image-236\" src=\"https:\/\/userblogs.fu-berlin.de\/dgpuk\/files\/2024\/10\/Landhaus_Schlachtensee.jpg\" alt=\"\"><\/td><\/tr><tr><td>Zimmerpreise k\u00f6nnen auf der <br>Website gepr\u00fcft werden<\/td><td>EZ: ab 130 \u20ac<br>DZ: &#8212;<\/td><td>EZ: 100 \u20ac<br>DZ: 115 \u20ac<\/td><\/tr><tr><td><strong><a href=\"https:\/\/www.seminaris.de\/hotels\/tagungshotel-berlin-dahlem\/\" target=\"_blank\" rel=\"noreferrer noopener\">Webseite<\/a><\/strong><\/td><td><strong><a href=\"https:\/\/www.scandichotels.de\/hotelsuche\/deutschland\/berlin\/scandic-berlin-kurfurstendamm\">Webseite<\/a><\/strong><br>(Rabatt-Code: EVENT)<\/td><td><strong><a href=\"https:\/\/www.hotel-landhaus-schlachtensee.de\/\" target=\"_blank\" rel=\"noreferrer noopener\">Webseite<\/a><\/strong><\/td><\/tr><\/tbody><\/table><\/figure>\n<\/div>\n<\/div>\n\n\n\n<hr class=\"wp-block-separator has-alpha-channel-opacity\" \/>\n\n\n\n<h5 class=\"wp-block-heading has-accent-color has-text-color\"><strong>Anreise<\/strong><\/h5>\n\n\n\n<div class=\"wp-block-group is-nowrap is-layout-flex wp-container-core-group-is-layout-ad2f72ca wp-block-group-is-layout-flex\">\n<p>Die Jahrestagung wird haupts\u00e4chlich in den R\u00e4umen des Fachbereichs Politik- und Sozialwissenschaften sowie im Henry-Ford-Bau der Freien Universit\u00e4t Berlin stattfinden. Diese befinden sich in unmittelbarer N\u00e4he des U-Bahnhofs Freie Universit\u00e4t (Thielplatz) der Linie U3. Vom Hauptbahnhof ist die Anreise \u00fcber die Verbindung: Bahnhof Zoologischer Garten (S3, S5, S7) &#8211; Spichernstra\u00dfe (U9) &#8211; Freie Universit\u00e4t (Thielplatz) (U3) m\u00f6glich. F\u00fcr aktuelle Verkehrshinweise empfehlen wir die Fahrinfo-App der BVG.<br><br>Unten finden Sie einen Lageplan der einzelnen Geb\u00e4ude.<\/p>\n<\/div>\n\n\n\n<figure class=\"wp-block-image size-full\"><img decoding=\"async\" src=\"https:\/\/steffengoeths.files.wordpress.com\/2024\/02\/lageplan_puk_vb1.png\" alt=\"\" class=\"wp-image-86\" \/><\/figure>\n\n\n\n<p><\/p>\n","protected":false},"excerpt":{"rendered":"<p>Unterkunft F\u00fcr die Jahrestagung wurden in verschiedenen Hotel im S\u00fcdwesten Berlins Zimmerkontingente reserviert. Diese sind entweder durch Nennung eines Kennwortes oder durch die Nutzung eines Direktlinks abrufbar. Die Zahl der reservierten Zimmer ist begrenzt, eine fr\u00fche Buchung ist daher empfehlenswert. Sollten Sie anderweitig nach Zimmern suchen ist auch hier eine fr\u00fchzeitige Buchung sinnvoll, da Berlin &#8230; <a title=\"Unterkunft und Anreise\" class=\"read-more\" href=\"https:\/\/userblogs.fu-berlin.de\/dgpuk\/unterkunft-und-anreise\/\" aria-label=\"Mehr Informationen \u00fcber Unterkunft und Anreise\">Weiterlesen<\/a><\/p>\n","protected":false},"author":7900,"featured_media":0,"parent":0,"menu_order":0,"comment_status":"closed","ping_status":"closed","template":"","meta":{"footnotes":""},"class_list":["post-35","page","type-page","status-publish"],"_links":{"self":[{"href":"https:\/\/userblogs.fu-berlin.de\/dgpuk\/wp-json\/wp\/v2\/pages\/35","targetHints":{"allow":["GET"]}}],"collection":[{"href":"https:\/\/userblogs.fu-berlin.de\/dgpuk\/wp-json\/wp\/v2\/pages"}],"about":[{"href":"https:\/\/userblogs.fu-berlin.de\/dgpuk\/wp-json\/wp\/v2\/types\/page"}],"author":[{"embeddable":true,"href":"https:\/\/userblogs.fu-berlin.de\/dgpuk\/wp-json\/wp\/v2\/users\/7900"}],"replies":[{"embeddable":true,"href":"https:\/\/userblogs.fu-berlin.de\/dgpuk\/wp-json\/wp\/v2\/comments?post=35"}],"version-history":[{"count":17,"href":"https:\/\/userblogs.fu-berlin.de\/dgpuk\/wp-json\/wp\/v2\/pages\/35\/revisions"}],"predecessor-version":[{"id":396,"href":"https:\/\/userblogs.fu-berlin.de\/dgpuk\/wp-json\/wp\/v2\/pages\/35\/revisions\/396"}],"wp:attachment":[{"href":"https:\/\/userblogs.fu-berlin.de\/dgpuk\/wp-json\/wp\/v2\/media?parent=35"}],"curies":[{"name":"wp","href":"https:\/\/api.w.org\/{rel}","templated":true}]}}