{"id":37,"date":"2024-02-21T16:42:12","date_gmt":"2024-02-21T15:42:12","guid":{"rendered":"https:\/\/userblogs.fu-berlin.de\/dgpuk\/?page_id=37"},"modified":"2025-03-13T16:11:54","modified_gmt":"2025-03-13T15:11:54","slug":"tagungsinformationen","status":"publish","type":"page","link":"https:\/\/userblogs.fu-berlin.de\/dgpuk\/tagungsinformationen\/","title":{"rendered":"Tagungsinformationen"},"content":{"rendered":"\n<h5 class=\"wp-block-heading\">Tagungsort<\/h5>\n\n\n\n<div class=\"wp-block-media-text has-media-on-the-right is-stacked-on-mobile\" style=\"grid-template-columns:auto 40%\"><figure class=\"wp-block-media-text__media\"><img decoding=\"async\" src=\"https:\/\/steffengoeths.files.wordpress.com\/2024\/02\/internationale_studierende.jpg?w=1024\" alt=\"\" class=\"wp-image-60 size-full\" \/><\/figure><div class=\"wp-block-media-text__content\">\n<p class=\"has-medium-font-size\"><strong>Freie Universit\u00e4t Berlin<\/strong><\/p>\n\n\n\n<p>Die Freie Universit\u00e4t Berlin im S\u00fcdwesten der Hauptstadt ist eine international ausgerichtete Universit\u00e4t. An ihr lernen rund 33.500 Studierende und forschen etwa 4000 Promovierende. Rund 460 Personen haben eine Professur inne, sie lehren und forschen in einem breiten F\u00e4cherspektrum der Geistes- und Sozialwissenschaften sowie Natur- und Lebenswissenschaften. Die Charit\u00e9 \u2013 Universit\u00e4tsmedizin Berlin ist eine gemeinsame Einrichtung von Freier Universit\u00e4t und Humboldt-Universit\u00e4t.<br>Gegr\u00fcndet wurde die Freie Universit\u00e4t 1948 als freiheitliche Antwort auf die zunehmenden politischen Repressalien an der Universit\u00e4t Unter den Linden im damaligen sowjetischen Sektor der geteilten Stadt. In den drei Runden der Exzellenzwettbewerbe des Bundes und der L\u00e4nder 2006\/2007, 2012 und 2019 ging die Freie Universit\u00e4t erfolgreich hervor und wurde als Exzellenzuniversit\u00e4t ausgezeichnet.<\/p>\n<\/div><\/div>\n\n\n\n<hr class=\"wp-block-separator has-alpha-channel-opacity is-style-dots\" \/>\n\n\n\n<h5 class=\"wp-block-heading\">Rahmenprogramm<\/h5>\n\n\n\n<div class=\"wp-block-columns is-layout-flex wp-container-core-columns-is-layout-9d6595d7 wp-block-columns-is-layout-flex\">\n<div class=\"wp-block-column is-layout-flow wp-block-column-is-layout-flow\">\n<p class=\"has-text-align-center\"><strong>Get-Together<\/strong><br>Mittwoch, den 19.03. ab 19 Uhr<\/p>\n\n\n\n<p class=\"has-text-align-center\">Am ersten Abend gibt es im Haus des Rundfunks die Gelegenheit, in lockerer Atmosph\u00e4re anzukommen und mit Kolleg:innen ins Gespr\u00e4ch zu kommen.<br><br><em>Haus des Rundfunks<\/em><br>Masurenallee 8-14, 14057 Berlin<\/p>\n\n\n\n<p><\/p>\n<\/div>\n\n\n\n<div class=\"wp-block-column is-layout-flow wp-block-column-is-layout-flow\">\n<p class=\"has-text-align-center\"><strong>Konferenzdinner<\/strong><br>Donnerstag, den 20.03. ab 19 Uhr<\/p>\n\n\n\n<p class=\"has-text-align-center\">Das traditionelle Konferenzdinner wird im Loewe-Saal, einer ehemaligen Maschinenfabrik im traditionellen Arbeiter:innenviertel Moabit, stattfinden.<br><br><em>Loewe-Saal<\/em> <br>Wiebestra\u00dfe 42-45, 10553 Berlin<\/p>\n<\/div>\n\n\n\n<div class=\"wp-block-column is-layout-flow wp-block-column-is-layout-flow\">\n<p class=\"has-text-align-center\"><strong>Farewell-Party<\/strong><br>Freitag, den 21.03. ab 19 Uhr<\/p>\n\n\n\n<p class=\"has-text-align-center\">Beim Kanal Alex werden wir die Tagung in ausgelassener Atmosph\u00e4re ausklingen lassen.<br><br><br><br><em>Kanal Alex<\/em><br>Rudolfstra\u00dfe 1-8, 10245 Berlin<\/p>\n<\/div>\n<\/div>\n\n\n\n<hr class=\"wp-block-separator has-alpha-channel-opacity is-style-dots\" \/>\n\n\n\n<h5 class=\"wp-block-heading\">Ausrichter<\/h5>\n\n\n\n<div class=\"wp-block-media-text is-stacked-on-mobile\" style=\"grid-template-columns:40% auto\"><figure class=\"wp-block-media-text__media\"><img decoding=\"async\" src=\"https:\/\/steffengoeths.files.wordpress.com\/2024\/02\/1276pub_img_3001_wiese-garystr-mit-studis-und-ifpuk.jpg?w=1024\" alt=\"\" class=\"wp-image-62 size-full\" \/><\/figure><div class=\"wp-block-media-text__content\">\n<p class=\"has-medium-font-size\"><strong>Institut f\u00fcr Publizistik- und Kommunikationswissenschaft<\/strong><\/p>\n\n\n\n<p>Als Gr\u00fcndungsinstitut der Freien Universit\u00e4t blickt das Institut f\u00fcr Publizistik- und Kommunikationswissenschaft seit 1948 auf eine bewegte Geschichte zur\u00fcck und hat nach vielen Umz\u00fcgen im S\u00fcdwesten Berlins heute seinen Sitz in der Garystra\u00dfe 55 in Berlin-Dahlem.<br>Kommunikation, Medien und Digitalisierung sind Schlagworte, die in Berlin als Hauptstadt, Medien- und Wissenschaftsstandort eine besondere Bedeutung haben. In diesem Umfeld erforschen mehr als f\u00fcnfzig Kommunikationswissenschaftler:innen aus unterschiedlichen Perspektiven die Strukturen, Prozesse, Inhalte und Wirkungen sozialer, medialer und digitaler Kommunikation. Unser breit gef\u00e4chertes Lehrangebot hat eine gro\u00dfe Anziehungskraft f\u00fcr Bachelor- und Masterstudierende aus dem In- und Ausland. Die Lehrveranstaltungen werden jedes Semester durch Expertinnen und Experten aus Politik und Medienpraxis bereichert. Das Institut kooperiert mit zahlreichen internationalen Partneruniversit\u00e4ten und Wissenschaftseinrichtungen. Weitere Informationen unter: <a href=\"http:\/\/www.polsoz.fu-berlin.de\/kommwiss\/\">www.polsoz.fu-berlin.de\/kommwiss\/<\/a> <\/p>\n<\/div><\/div>\n\n\n\n<p><\/p>\n\n\n\n<div class=\"wp-block-media-text has-media-on-the-right is-stacked-on-mobile is-vertically-aligned-center\" style=\"grid-template-columns:auto 40%\"><figure class=\"wp-block-media-text__media\"><img decoding=\"async\" src=\"https:\/\/steffengoeths.files.wordpress.com\/2024\/02\/eingang_wi.jpg?w=712\" alt=\"\" class=\"wp-image-92 size-full\" \/><\/figure><div class=\"wp-block-media-text__content\">\n<p class=\"has-medium-font-size\"><strong>Weizenbaum-Institut f\u00fcr die vernetzte Gesellschaft<\/strong><\/p>\n\n\n\n<p>Das Weizenbaum-Institut steht f\u00fcr exzellente, unabh\u00e4ngige, interdisziplin\u00e4re und grundlagenorientierte Digitalisierungsforschung. Es stellt Politik, Wirtschaft und Zivilgesellschaft fundierte Erkenntnisse und wertebasierte Handlungsempfehlungen zur Verf\u00fcgung und tr\u00e4gt dazu bei, dass Digitalisierung und Vernetzung nicht nur besser verstanden, sondern auch nachhaltig, selbstbestimmt und verantwortungsvoll gestaltet werden k\u00f6nnen. Getragen wird das Weizenbaum-Institut von einem Forschungsverbund aus Berlin und Brandenburg, dem neben der Freien Universit\u00e4t Berlin, der Humboldt-Universit\u00e4t zu Berlin, der Technischen Universit\u00e4t Berlin, der Universit\u00e4t der K\u00fcnste Berlin und der Universit\u00e4t Potsdam auch das Fraunhofer-Institut f\u00fcr Offene Kommunikationssysteme (FOKUS) und das Wissenschaftszentrum Berlin f\u00fcr Sozialforschung (WZB) angeh\u00f6ren. Das Weizenbaum-Institut wurde im Jahr 2017 gegr\u00fcndet und wird vom Bundesministerium f\u00fcr Bildung und Forschung sowie dem Land Berlin gef\u00f6rdert. Weitere Informationen unter: <a href=\"http:\/\/www.weizenbaum-institut.de\">www.weizenbaum-institut.de<\/a><\/p>\n<\/div><\/div>\n\n\n\n<hr class=\"wp-block-separator has-alpha-channel-opacity is-style-dots\" \/>\n\n\n\n<h5 class=\"wp-block-heading\">Tagungsteam<\/h5>\n\n\n\n<div class=\"wp-block-columns is-layout-flex wp-container-core-columns-is-layout-9d6595d7 wp-block-columns-is-layout-flex\">\n<div class=\"wp-block-column is-layout-flow wp-block-column-is-layout-flow\">\n<p class=\"has-text-align-center\"><strong>Margreth L\u00fcnenborg<\/strong><\/p>\n\n\n\n<p class=\"has-text-align-center has-small-font-size\">Professorin f\u00fcr Journalistik<\/p>\n<\/div>\n\n\n\n<div class=\"wp-block-column is-layout-flow wp-block-column-is-layout-flow\">\n<p class=\"has-text-align-center\"><strong>Christoph Neuberger<\/strong><\/p>\n\n\n\n<p class=\"has-text-align-center has-small-font-size\">Professor f\u00fcr <br>Digitalisierung und Partizipation \/ <br>Direktor des Weizenbaum-Instituts f\u00fcr die vernetzte Gesellschaft<\/p>\n<\/div>\n\n\n\n<div class=\"wp-block-column is-layout-flow wp-block-column-is-layout-flow\">\n<p class=\"has-text-align-center\"><strong>Carola Richter<\/strong><\/p>\n\n\n\n<p class=\"has-text-align-center has-small-font-size\">Professorin f\u00fcr <br>Internationale Kommunikation<\/p>\n<\/div>\n\n\n\n<div class=\"wp-block-column is-layout-flow wp-block-column-is-layout-flow\">\n<p class=\"has-text-align-center\"><strong>Steffen G\u00f6ths<\/strong><\/p>\n\n\n\n<p class=\"has-text-align-center has-small-font-size\">Wissenschaftlicher Mitarbeiter <br>an der Arbeitsstelle Wissenschaftsjournalismus \/ Wissenskommunikation<\/p>\n<\/div>\n\n\n\n<div class=\"wp-block-column is-layout-flow wp-block-column-is-layout-flow\">\n<p class=\"has-text-align-center\"><strong>Antje Wolters<\/strong><\/p>\n\n\n\n<p class=\"has-text-align-center has-small-font-size\">Zentrale Sekret\u00e4rin des Instituts f\u00fcr Publizistik- und Kommunikationswissenschaft<\/p>\n<\/div>\n<\/div>\n","protected":false},"excerpt":{"rendered":"<p>Tagungsort Freie Universit\u00e4t Berlin Die Freie Universit\u00e4t Berlin im S\u00fcdwesten der Hauptstadt ist eine international ausgerichtete Universit\u00e4t. An ihr lernen rund 33.500 Studierende und forschen etwa 4000 Promovierende. Rund 460 Personen haben eine Professur inne, sie lehren und forschen in einem breiten F\u00e4cherspektrum der Geistes- und Sozialwissenschaften sowie Natur- und Lebenswissenschaften. Die Charit\u00e9 \u2013 Universit\u00e4tsmedizin &#8230; <a title=\"Tagungsinformationen\" class=\"read-more\" href=\"https:\/\/userblogs.fu-berlin.de\/dgpuk\/tagungsinformationen\/\" aria-label=\"Mehr Informationen \u00fcber Tagungsinformationen\">Weiterlesen<\/a><\/p>\n","protected":false},"author":7900,"featured_media":0,"parent":0,"menu_order":0,"comment_status":"closed","ping_status":"closed","template":"","meta":{"footnotes":""},"class_list":["post-37","page","type-page","status-publish"],"_links":{"self":[{"href":"https:\/\/userblogs.fu-berlin.de\/dgpuk\/wp-json\/wp\/v2\/pages\/37","targetHints":{"allow":["GET"]}}],"collection":[{"href":"https:\/\/userblogs.fu-berlin.de\/dgpuk\/wp-json\/wp\/v2\/pages"}],"about":[{"href":"https:\/\/userblogs.fu-berlin.de\/dgpuk\/wp-json\/wp\/v2\/types\/page"}],"author":[{"embeddable":true,"href":"https:\/\/userblogs.fu-berlin.de\/dgpuk\/wp-json\/wp\/v2\/users\/7900"}],"replies":[{"embeddable":true,"href":"https:\/\/userblogs.fu-berlin.de\/dgpuk\/wp-json\/wp\/v2\/comments?post=37"}],"version-history":[{"count":13,"href":"https:\/\/userblogs.fu-berlin.de\/dgpuk\/wp-json\/wp\/v2\/pages\/37\/revisions"}],"predecessor-version":[{"id":435,"href":"https:\/\/userblogs.fu-berlin.de\/dgpuk\/wp-json\/wp\/v2\/pages\/37\/revisions\/435"}],"wp:attachment":[{"href":"https:\/\/userblogs.fu-berlin.de\/dgpuk\/wp-json\/wp\/v2\/media?parent=37"}],"curies":[{"name":"wp","href":"https:\/\/api.w.org\/{rel}","templated":true}]}}

<h5 class="wp-block-heading">Tagungsort</h5>



<div class="wp-block-media-text has-media-on-the-right is-stacked-on-mobile" style="grid-template-columns:auto 40%"><figure class="wp-block-media-text__media"><img decoding="async" src="https://steffengoeths.files.wordpress.com/2024/02/internationale_studierende.jpg?w=1024" alt="" class="wp-image-60 size-full" /></figure><div class="wp-block-media-text__content">
<p class="has-medium-font-size"><strong>Freie Universität Berlin</strong></p>



<p>Die Freie Universität Berlin im Südwesten der Hauptstadt ist eine international ausgerichtete Universität. An ihr lernen rund 33.500 Studierende und forschen etwa 4000 Promovierende. Rund 460 Personen haben eine Professur inne, sie lehren und forschen in einem breiten Fächerspektrum der Geistes- und Sozialwissenschaften sowie Natur- und Lebenswissenschaften. Die Charité – Universitätsmedizin Berlin ist eine gemeinsame Einrichtung von Freier Universität und Humboldt-Universität.<br>Gegründet wurde die Freie Universität 1948 als freiheitliche Antwort auf die zunehmenden politischen Repressalien an der Universität Unter den Linden im damaligen sowjetischen Sektor der geteilten Stadt. In den drei Runden der Exzellenzwettbewerbe des Bundes und der Länder 2006/2007, 2012 und 2019 ging die Freie Universität erfolgreich hervor und wurde als Exzellenzuniversität ausgezeichnet.</p>
</div></div>



<hr class="wp-block-separator has-alpha-channel-opacity is-style-dots" />



<h5 class="wp-block-heading">Rahmenprogramm</h5>



<div class="wp-block-columns is-layout-flex wp-container-core-columns-is-layout-9d6595d7 wp-block-columns-is-layout-flex">
<div class="wp-block-column is-layout-flow wp-block-column-is-layout-flow">
<p class="has-text-align-center"><strong>Get-Together</strong><br>Mittwoch, den 19.03. ab 19 Uhr</p>



<p class="has-text-align-center">Am ersten Abend gibt es im Haus des Rundfunks die Gelegenheit, in lockerer Atmosphäre anzukommen und mit Kolleg:innen ins Gespräch zu kommen.<br><br><em>Haus des Rundfunks</em><br>Masurenallee 8-14, 14057 Berlin</p>



<p></p>
</div>



<div class="wp-block-column is-layout-flow wp-block-column-is-layout-flow">
<p class="has-text-align-center"><strong>Konferenzdinner</strong><br>Donnerstag, den 20.03. ab 19 Uhr</p>



<p class="has-text-align-center">Das traditionelle Konferenzdinner wird im Loewe-Saal, einer ehemaligen Maschinenfabrik im traditionellen Arbeiter:innenviertel Moabit, stattfinden.<br><br><em>Loewe-Saal</em> <br>Wiebestraße 42-45, 10553 Berlin</p>
</div>



<div class="wp-block-column is-layout-flow wp-block-column-is-layout-flow">
<p class="has-text-align-center"><strong>Farewell-Party</strong><br>Freitag, den 21.03. ab 19 Uhr</p>



<p class="has-text-align-center">Beim Kanal Alex werden wir die Tagung in ausgelassener Atmosphäre ausklingen lassen.<br><br><br><br><em>Kanal Alex</em><br>Rudolfstraße 1-8, 10245 Berlin</p>
</div>
</div>



<hr class="wp-block-separator has-alpha-channel-opacity is-style-dots" />



<h5 class="wp-block-heading">Ausrichter</h5>



<div class="wp-block-media-text is-stacked-on-mobile" style="grid-template-columns:40% auto"><figure class="wp-block-media-text__media"><img decoding="async" src="https://steffengoeths.files.wordpress.com/2024/02/1276pub_img_3001_wiese-garystr-mit-studis-und-ifpuk.jpg?w=1024" alt="" class="wp-image-62 size-full" /></figure><div class="wp-block-media-text__content">
<p class="has-medium-font-size"><strong>Institut für Publizistik- und Kommunikationswissenschaft</strong></p>



<p>Als Gründungsinstitut der Freien Universität blickt das Institut für Publizistik- und Kommunikationswissenschaft seit 1948 auf eine bewegte Geschichte zurück und hat nach vielen Umzügen im Südwesten Berlins heute seinen Sitz in der Garystraße 55 in Berlin-Dahlem.<br>Kommunikation, Medien und Digitalisierung sind Schlagworte, die in Berlin als Hauptstadt, Medien- und Wissenschaftsstandort eine besondere Bedeutung haben. In diesem Umfeld erforschen mehr als fünfzig Kommunikationswissenschaftler:innen aus unterschiedlichen Perspektiven die Strukturen, Prozesse, Inhalte und Wirkungen sozialer, medialer und digitaler Kommunikation. Unser breit gefächertes Lehrangebot hat eine große Anziehungskraft für Bachelor- und Masterstudierende aus dem In- und Ausland. Die Lehrveranstaltungen werden jedes Semester durch Expertinnen und Experten aus Politik und Medienpraxis bereichert. Das Institut kooperiert mit zahlreichen internationalen Partneruniversitäten und Wissenschaftseinrichtungen. Weitere Informationen unter: <a href="http://www.polsoz.fu-berlin.de/kommwiss/">www.polsoz.fu-berlin.de/kommwiss/</a> </p>
</div></div>



<p></p>



<div class="wp-block-media-text has-media-on-the-right is-stacked-on-mobile is-vertically-aligned-center" style="grid-template-columns:auto 40%"><figure class="wp-block-media-text__media"><img decoding="async" src="https://steffengoeths.files.wordpress.com/2024/02/eingang_wi.jpg?w=712" alt="" class="wp-image-92 size-full" /></figure><div class="wp-block-media-text__content">
<p class="has-medium-font-size"><strong>Weizenbaum-Institut für die vernetzte Gesellschaft</strong></p>



<p>Das Weizenbaum-Institut steht für exzellente, unabhängige, interdisziplinäre und grundlagenorientierte Digitalisierungsforschung. Es stellt Politik, Wirtschaft und Zivilgesellschaft fundierte Erkenntnisse und wertebasierte Handlungsempfehlungen zur Verfügung und trägt dazu bei, dass Digitalisierung und Vernetzung nicht nur besser verstanden, sondern auch nachhaltig, selbstbestimmt und verantwortungsvoll gestaltet werden können. Getragen wird das Weizenbaum-Institut von einem Forschungsverbund aus Berlin und Brandenburg, dem neben der Freien Universität Berlin, der Humboldt-Universität zu Berlin, der Technischen Universität Berlin, der Universität der Künste Berlin und der Universität Potsdam auch das Fraunhofer-Institut für Offene Kommunikationssysteme (FOKUS) und das Wissenschaftszentrum Berlin für Sozialforschung (WZB) angehören. Das Weizenbaum-Institut wurde im Jahr 2017 gegründet und wird vom Bundesministerium für Bildung und Forschung sowie dem Land Berlin gefördert. Weitere Informationen unter: <a href="http://www.weizenbaum-institut.de">www.weizenbaum-institut.de</a></p>
</div></div>



<hr class="wp-block-separator has-alpha-channel-opacity is-style-dots" />



<h5 class="wp-block-heading">Tagungsteam</h5>



<div class="wp-block-columns is-layout-flex wp-container-core-columns-is-layout-9d6595d7 wp-block-columns-is-layout-flex">
<div class="wp-block-column is-layout-flow wp-block-column-is-layout-flow">
<p class="has-text-align-center"><strong>Margreth Lünenborg</strong></p>



<p class="has-text-align-center has-small-font-size">Professorin für Journalistik</p>
</div>



<div class="wp-block-column is-layout-flow wp-block-column-is-layout-flow">
<p class="has-text-align-center"><strong>Christoph Neuberger</strong></p>



<p class="has-text-align-center has-small-font-size">Professor für <br>Digitalisierung und Partizipation / <br>Direktor des Weizenbaum-Instituts für die vernetzte Gesellschaft</p>
</div>



<div class="wp-block-column is-layout-flow wp-block-column-is-layout-flow">
<p class="has-text-align-center"><strong>Carola Richter</strong></p>



<p class="has-text-align-center has-small-font-size">Professorin für <br>Internationale Kommunikation</p>
</div>



<div class="wp-block-column is-layout-flow wp-block-column-is-layout-flow">
<p class="has-text-align-center"><strong>Steffen Göths</strong></p>



<p class="has-text-align-center has-small-font-size">Wissenschaftlicher Mitarbeiter <br>an der Arbeitsstelle Wissenschaftsjournalismus / Wissenskommunikation</p>
</div>



<div class="wp-block-column is-layout-flow wp-block-column-is-layout-flow">
<p class="has-text-align-center"><strong>Antje Wolters</strong></p>



<p class="has-text-align-center has-small-font-size">Zentrale Sekretärin des Instituts für Publizistik- und Kommunikationswissenschaft</p>
</div>
</div>

<p>Tagungsort Freie Universität Berlin Die Freie Universität Berlin im Südwesten der Hauptstadt ist eine international ausgerichtete Universität. An ihr lernen rund 33.500 Studierende und forschen etwa 4000 Promovierende. Rund 460 Personen haben eine Professur inne, sie lehren und forschen in einem breiten Fächerspektrum der Geistes- und Sozialwissenschaften sowie Natur- und Lebenswissenschaften. Die Charité – Universitätsmedizin &#8230; <a title="Tagungsinformationen" class="read-more" href="https://userblogs.fu-berlin.de/dgpuk/tagungsinformationen/" aria-label="Mehr Informationen über Tagungsinformationen">Weiterlesen</a></p>
