{"id":506,"date":"2020-03-30T20:06:41","date_gmt":"2020-03-30T18:06:41","guid":{"rendered":"https:\/\/userblogs.fu-berlin.de\/dutch\/?page_id=506"},"modified":"2024-01-19T11:47:03","modified_gmt":"2024-01-19T10:47:03","slug":"contact","status":"publish","type":"page","link":"https:\/\/userblogs.fu-berlin.de\/dutch\/over-dutch\/contact\/","title":{"rendered":"Contact"},"content":{"rendered":"<div>Prof. Dr. Matthias H\u00fcning<\/div>\n<div class=\"tabs\">Freie Universit\u00e4t Berlin<\/div>\n<div>Institut f\u00fcr Deutsche und Niederl\u00e4ndische Philologie<\/div>\n<div>Habelschwerdter Allee 45<\/div>\n<div>D &#8211; 14195 Berlin<\/div>\n<div id=\"content-area\">\n<div class=\"region region-content\">\n<div id=\"block-system-main\" class=\"block block-system first last odd\">\n<div class=\"content\">\n<div id=\"node-7\" class=\"node node-page view-mode-full clearfix\">\n<div class=\"content\">\n<div class=\"field field-name-body field-type-text-with-summary field-label-hidden\">\n<div class=\"field-items\">\n<div class=\"field-item even\">\n<p>Telefoon: (00 49) 30 &#8211; 838 54807<\/p>\n<p><a href=\"mailto:matthias.huening@fu-berlin.de\">matthias.huening@fu-berlin.de<\/a><\/p>\n<\/div>\n<\/div>\n<\/div>\n<\/div>\n<\/div>\n<\/div>\n<\/div>\n<\/div>\n<\/div>\n","protected":false},"excerpt":{"rendered":"<p>Prof. Dr. Matthias H\u00fcning Freie Universit\u00e4t Berlin Institut f\u00fcr Deutsche und Niederl\u00e4ndische Philologie Habelschwerdter Allee 45 D &#8211; 14195 Berlin Telefoon: (00 49) 30 &#8211; 838 54807 matthias.huening@fu-berlin.de<\/p>\n","protected":false},"author":4743,"featured_media":0,"parent":479,"menu_order":0,"comment_status":"closed","ping_status":"closed","template":"","meta":{"footnotes":""},"class_list":["post-506","page","type-page","status-publish"],"_links":{"self":[{"href":"https:\/\/userblogs.fu-berlin.de\/dutch\/wp-json\/wp\/v2\/pages\/506","targetHints":{"allow":["GET"]}}],"collection":[{"href":"https:\/\/userblogs.fu-berlin.de\/dutch\/wp-json\/wp\/v2\/pages"}],"about":[{"href":"https:\/\/userblogs.fu-berlin.de\/dutch\/wp-json\/wp\/v2\/types\/page"}],"author":[{"embeddable":true,"href":"https:\/\/userblogs.fu-berlin.de\/dutch\/wp-json\/wp\/v2\/users\/4743"}],"replies":[{"embeddable":true,"href":"https:\/\/userblogs.fu-berlin.de\/dutch\/wp-json\/wp\/v2\/comments?post=506"}],"version-history":[{"count":4,"href":"https:\/\/userblogs.fu-berlin.de\/dutch\/wp-json\/wp\/v2\/pages\/506\/revisions"}],"predecessor-version":[{"id":4018,"href":"https:\/\/userblogs.fu-berlin.de\/dutch\/wp-json\/wp\/v2\/pages\/506\/revisions\/4018"}],"up":[{"embeddable":true,"href":"https:\/\/userblogs.fu-berlin.de\/dutch\/wp-json\/wp\/v2\/pages\/479"}],"wp:attachment":[{"href":"https:\/\/userblogs.fu-berlin.de\/dutch\/wp-json\/wp\/v2\/media?parent=506"}],"curies":[{"name":"wp","href":"https:\/\/api.w.org\/{rel}","templated":true}]}}