{"id":522,"date":"2020-03-30T20:28:58","date_gmt":"2020-03-30T18:28:58","guid":{"rendered":"https:\/\/userblogs.fu-berlin.de\/dutch\/?page_id=522"},"modified":"2022-08-29T15:15:10","modified_gmt":"2022-08-29T13:15:10","slug":"freie-universitaet-berlin-niederlaendische-philologie","status":"publish","type":"page","link":"https:\/\/userblogs.fu-berlin.de\/dutch\/over-dutch\/de-projectpartners\/freie-universitaet-berlin-niederlaendische-philologie\/","title":{"rendered":"Freie Universit\u00e4t Berlin &#8211; Niederl\u00e4ndische Philologie"},"content":{"rendered":"<p><img loading=\"lazy\" decoding=\"async\" class=\"size-medium wp-image-523 alignright\" src=\"https:\/\/userblogs.fu-berlin.de\/dutch\/files\/2020\/03\/Berlin-wall-map-300x253.png\" alt=\"\" width=\"300\" height=\"253\" srcset=\"https:\/\/userblogs.fu-berlin.de\/dutch\/files\/2020\/03\/Berlin-wall-map-300x253.png 300w, https:\/\/userblogs.fu-berlin.de\/dutch\/files\/2020\/03\/Berlin-wall-map.png 571w\" sizes=\"auto, (max-width: 300px) 100vw, 300px\" \/>De <strong><a href=\"http:\/\/www.fu-berlin.de\/universitaet\/index.html\" target=\"_blank\" rel=\"noopener\">Freie Universit\u00e4t Berlin<\/a><\/strong> werd in 1948 in het zuidwesten van Berlijn opgericht door studenten en wetenschappers. Ze kregen daarbij de steun van de Amerikaanse geallieerden en Berlijnse politici. Met onderzoek en onderwijs vrij van politieke inmenging wilde de Freie Universit\u00e4t een tegenwicht vormen tegen de toenmalige Universit\u00e4t Unter den Linden in de sowjetsector van het gedeelde Berlijn. Tegenwoordig telt de Freie Universit\u00e4t Berlin zo\u2019n 30 000 studenten verdeeld over 15 faculteiten en instituten. Studenten kunnen kiezen uit bijna 150 verschillende opleidingen, gaande van geesteswetenschappen tot natuurwetenschappen en geneeskunde. Bijzonder is het rijke aanbod van kleine geesteswetenschappelijke vakken zoals Nieuwgrieks, Joodse studies of Byzantinologie.<\/p>\n<p><img loading=\"lazy\" decoding=\"async\" class=\"size-medium wp-image-524 alignleft\" src=\"https:\/\/userblogs.fu-berlin.de\/dutch\/files\/2020\/03\/P6273026-300x225.jpg\" alt=\"\" width=\"300\" height=\"225\" srcset=\"https:\/\/userblogs.fu-berlin.de\/dutch\/files\/2020\/03\/P6273026-300x225.jpg 300w, https:\/\/userblogs.fu-berlin.de\/dutch\/files\/2020\/03\/P6273026-768x576.jpg 768w, https:\/\/userblogs.fu-berlin.de\/dutch\/files\/2020\/03\/P6273026-1024x768.jpg 1024w, https:\/\/userblogs.fu-berlin.de\/dutch\/files\/2020\/03\/P6273026.jpg 1200w\" sizes=\"auto, (max-width: 300px) 100vw, 300px\" \/><\/p>\n<p>De neerlandistiek in Berlijn kent al een lange traditie en is uitgegroeid tot \u00e9\u00e9n van de grootste afdelingen Nederlands buiten het Nederlandse taalgebied. Studenten kunnen aan het<strong> <a href=\"http:\/\/www.geisteswissenschaften.fu-berlin.de\/we04\/index.html\" target=\"_blank\" rel=\"noopener\">Institut f\u00fcr Deutsche und Niederl\u00e4ndische Philologie<\/a><\/strong> een filologisch geori\u00ebnteerde Bacheloropleiding neerlandistiek volgen met als hoofdonderdelen Nederlandse taal, taalwetenschap en letterkunde. Daarnaast is er een nieuwe masteropleiding &#8216;Neerlandistiek in een internationale context&#8217; waarin de vergelijkende bestudering van de Nederlandse taal en\/of de Nederlandstalige literatuur centraal staat.<\/p>\n<p>Het Nederlands wordt aan de Freie Universit\u00e4t Berlin zowel in het onderwijs als in het onderzoek steeds vanuit een <strong>vergelijkend perspectief<\/strong> benaderd, waarbij de vergelijking van het Nederlands met het Duits logischerwijs centraal staat. Er is ook aandacht voor <strong>taalvariatie<\/strong> binnen het Nederlands en sociale, maatschappelijke en historische aspecten van taal. De leerstoel Nederlandse taalkunde werkt bovendien samen met andere filologie\u00ebn op de Freie Universit\u00e4t in het interdisciplinaire centrum <a href=\"http:\/\/www.geisteswissenschaften.fu-berlin.de\/izeus\/\" target=\"_blank\" rel=\"noopener\">Sprachen Europas<\/a>. Zo kunnen studenten kiezen voor een gespecialiseerde Masterstudie Europese talen waar het Nederlands een onderdeel van is.<\/p>\n<p>De Freie Universit\u00e4t Berlin ondersteunt de ontwikkeling van <strong>innovatieve e-learningprojecten<\/strong>. Zo kon de leerstoel Nederlandse taalkunde in 2004 het project <strong><a href=\"http:\/\/neon.niederlandistik.fu-berlin.de\/nl\/\" target=\"_blank\" rel=\"noopener\">Neon<\/a> <\/strong>realiseren, dat een uitgebreide, volledig vrij toegankelijke webcursus over allerhande facetten van de Nederlandse taal en taalkunde omvat. Door een projectsubsidie van de Nederlandse Taalunie in 2008 kon Neon aanzienlijk uitgebreid worden. Sinds 2013 is het internetaanbod van de Nederlandse taalkunde uitgebreid met een <strong><a href=\"http:\/\/blogs.fu-berlin.de\/nederlands\/\" target=\"_blank\" rel=\"noopener\">blog over het Nederlands<\/a><\/strong>, de woordenschatrubriek<strong> <a href=\"http:\/\/neon.niederlandistik.fu-berlin.de\/de\/woordenboek\/artikel\" target=\"_blank\" rel=\"noopener\">&#8216;Mooi meegenomen!&#8217;<\/a><\/strong> en een Nederlands-Duits <strong><a href=\"http:\/\/neon.niederlandistik.fu-berlin.de\/woordenboek\/artikel\" target=\"_blank\" rel=\"noopener\">woordenboek<\/a><\/strong> dat voortdurend aangevuld wordt.<\/p>\n<p>Meer informatie over de afdeling Niederl\u00e4ndische Philologie aan de Freie Universit\u00e4t Berlin is op de <a href=\"http:\/\/www.geisteswissenschaften.fu-berlin.de\/we04\/niederlandistik\/index.html\" target=\"_blank\" rel=\"noopener\">website<\/a> te vinden.<\/p>\n<ul>\n<li><a href=\"http:\/\/neon.niederlandistik.fu-berlin.de\/nl\/huening\/\" target=\"_blank\" rel=\"noopener\">Matthias H\u00fcning<\/a>, hoogleraar voor Nederlandse taalkunde<\/li>\n<li><a href=\"http:\/\/neon.niederlandistik.fu-berlin.de\/nl\/diepeveen\/\" target=\"_blank\" rel=\"noopener\">Janneke Diepeveen<\/a>, wetenschappelijk medewerker voor Nederlandse taalkunde (tot 2014)<\/li>\n<li>Johanna Ridderbeekx, lector Nederlands (tot 2018)<\/li>\n<li><a href=\"http:\/\/www.geisteswissenschaften.fu-berlin.de\/we04\/institut\/mitarbeiter\/de-wilde\/index.html\" target=\"_blank\" rel=\"noopener\">Truus De Wilde<\/a>, lector Nederlands<\/li>\n<\/ul>\n","protected":false},"excerpt":{"rendered":"<p>De Freie Universit\u00e4t Berlin werd in 1948 in het zuidwesten van Berlijn opgericht door studenten en wetenschappers. Ze kregen daarbij de steun van de Amerikaanse geallieerden en Berlijnse politici. Met onderzoek en onderwijs vrij van politieke inmenging wilde de Freie Universit\u00e4t een tegenwicht vormen tegen de toenmalige Universit\u00e4t Unter den Linden in de sowjetsector van &#8230; <a title=\"Freie Universit\u00e4t Berlin &#8211; Niederl\u00e4ndische Philologie\" class=\"read-more\" href=\"https:\/\/userblogs.fu-berlin.de\/dutch\/over-dutch\/de-projectpartners\/freie-universitaet-berlin-niederlaendische-philologie\/\" aria-label=\"Lees meer over Freie Universit\u00e4t Berlin &#8211; Niederl\u00e4ndische Philologie\">Lees verder<\/a><\/p>\n","protected":false},"author":4743,"featured_media":0,"parent":491,"menu_order":0,"comment_status":"closed","ping_status":"closed","template":"","meta":{"footnotes":""},"class_list":["post-522","page","type-page","status-publish"],"_links":{"self":[{"href":"https:\/\/userblogs.fu-berlin.de\/dutch\/wp-json\/wp\/v2\/pages\/522","targetHints":{"allow":["GET"]}}],"collection":[{"href":"https:\/\/userblogs.fu-berlin.de\/dutch\/wp-json\/wp\/v2\/pages"}],"about":[{"href":"https:\/\/userblogs.fu-berlin.de\/dutch\/wp-json\/wp\/v2\/types\/page"}],"author":[{"embeddable":true,"href":"https:\/\/userblogs.fu-berlin.de\/dutch\/wp-json\/wp\/v2\/users\/4743"}],"replies":[{"embeddable":true,"href":"https:\/\/userblogs.fu-berlin.de\/dutch\/wp-json\/wp\/v2\/comments?post=522"}],"version-history":[{"count":4,"href":"https:\/\/userblogs.fu-berlin.de\/dutch\/wp-json\/wp\/v2\/pages\/522\/revisions"}],"predecessor-version":[{"id":3913,"href":"https:\/\/userblogs.fu-berlin.de\/dutch\/wp-json\/wp\/v2\/pages\/522\/revisions\/3913"}],"up":[{"embeddable":true,"href":"https:\/\/userblogs.fu-berlin.de\/dutch\/wp-json\/wp\/v2\/pages\/491"}],"wp:attachment":[{"href":"https:\/\/userblogs.fu-berlin.de\/dutch\/wp-json\/wp\/v2\/media?parent=522"}],"curies":[{"name":"wp","href":"https:\/\/api.w.org\/{rel}","templated":true}]}}

Freie Universität Berlin &#8211; Niederländische Philologie

<p><img loading="lazy" decoding="async" class="size-medium wp-image-523 alignright" src="https://userblogs.fu-berlin.de/dutch/files/2020/03/Berlin-wall-map-300x253.png" alt="" width="300" height="253" srcset="https://userblogs.fu-berlin.de/dutch/files/2020/03/Berlin-wall-map-300x253.png 300w, https://userblogs.fu-berlin.de/dutch/files/2020/03/Berlin-wall-map.png 571w" sizes="auto, (max-width: 300px) 100vw, 300px" />De <strong><a href="http://www.fu-berlin.de/universitaet/index.html" target="_blank" rel="noopener">Freie Universität Berlin</a></strong> werd in 1948 in het zuidwesten van Berlijn opgericht door studenten en wetenschappers. Ze kregen daarbij de steun van de Amerikaanse geallieerden en Berlijnse politici. Met onderzoek en onderwijs vrij van politieke inmenging wilde de Freie Universität een tegenwicht vormen tegen de toenmalige Universität Unter den Linden in de sowjetsector van het gedeelde Berlijn. Tegenwoordig telt de Freie Universität Berlin zo’n 30 000 studenten verdeeld over 15 faculteiten en instituten. Studenten kunnen kiezen uit bijna 150 verschillende opleidingen, gaande van geesteswetenschappen tot natuurwetenschappen en geneeskunde. Bijzonder is het rijke aanbod van kleine geesteswetenschappelijke vakken zoals Nieuwgrieks, Joodse studies of Byzantinologie.</p>
<p><img loading="lazy" decoding="async" class="size-medium wp-image-524 alignleft" src="https://userblogs.fu-berlin.de/dutch/files/2020/03/P6273026-300x225.jpg" alt="" width="300" height="225" srcset="https://userblogs.fu-berlin.de/dutch/files/2020/03/P6273026-300x225.jpg 300w, https://userblogs.fu-berlin.de/dutch/files/2020/03/P6273026-768x576.jpg 768w, https://userblogs.fu-berlin.de/dutch/files/2020/03/P6273026-1024x768.jpg 1024w, https://userblogs.fu-berlin.de/dutch/files/2020/03/P6273026.jpg 1200w" sizes="auto, (max-width: 300px) 100vw, 300px" /></p>
<p>De neerlandistiek in Berlijn kent al een lange traditie en is uitgegroeid tot één van de grootste afdelingen Nederlands buiten het Nederlandse taalgebied. Studenten kunnen aan het<strong> <a href="http://www.geisteswissenschaften.fu-berlin.de/we04/index.html" target="_blank" rel="noopener">Institut für Deutsche und Niederländische Philologie</a></strong> een filologisch georiënteerde Bacheloropleiding neerlandistiek volgen met als hoofdonderdelen Nederlandse taal, taalwetenschap en letterkunde. Daarnaast is er een nieuwe masteropleiding &#8216;Neerlandistiek in een internationale context&#8217; waarin de vergelijkende bestudering van de Nederlandse taal en/of de Nederlandstalige literatuur centraal staat.</p>
<p>Het Nederlands wordt aan de Freie Universität Berlin zowel in het onderwijs als in het onderzoek steeds vanuit een <strong>vergelijkend perspectief</strong> benaderd, waarbij de vergelijking van het Nederlands met het Duits logischerwijs centraal staat. Er is ook aandacht voor <strong>taalvariatie</strong> binnen het Nederlands en sociale, maatschappelijke en historische aspecten van taal. De leerstoel Nederlandse taalkunde werkt bovendien samen met andere filologieën op de Freie Universität in het interdisciplinaire centrum <a href="http://www.geisteswissenschaften.fu-berlin.de/izeus/" target="_blank" rel="noopener">Sprachen Europas</a>. Zo kunnen studenten kiezen voor een gespecialiseerde Masterstudie Europese talen waar het Nederlands een onderdeel van is.</p>
<p>De Freie Universität Berlin ondersteunt de ontwikkeling van <strong>innovatieve e-learningprojecten</strong>. Zo kon de leerstoel Nederlandse taalkunde in 2004 het project <strong><a href="http://neon.niederlandistik.fu-berlin.de/nl/" target="_blank" rel="noopener">Neon</a> </strong>realiseren, dat een uitgebreide, volledig vrij toegankelijke webcursus over allerhande facetten van de Nederlandse taal en taalkunde omvat. Door een projectsubsidie van de Nederlandse Taalunie in 2008 kon Neon aanzienlijk uitgebreid worden. Sinds 2013 is het internetaanbod van de Nederlandse taalkunde uitgebreid met een <strong><a href="http://blogs.fu-berlin.de/nederlands/" target="_blank" rel="noopener">blog over het Nederlands</a></strong>, de woordenschatrubriek<strong> <a href="http://neon.niederlandistik.fu-berlin.de/de/woordenboek/artikel" target="_blank" rel="noopener">&#8216;Mooi meegenomen!&#8217;</a></strong> en een Nederlands-Duits <strong><a href="http://neon.niederlandistik.fu-berlin.de/woordenboek/artikel" target="_blank" rel="noopener">woordenboek</a></strong> dat voortdurend aangevuld wordt.</p>
<p>Meer informatie over de afdeling Niederländische Philologie aan de Freie Universität Berlin is op de <a href="http://www.geisteswissenschaften.fu-berlin.de/we04/niederlandistik/index.html" target="_blank" rel="noopener">website</a> te vinden.</p>
<ul>
<li><a href="http://neon.niederlandistik.fu-berlin.de/nl/huening/" target="_blank" rel="noopener">Matthias Hüning</a>, hoogleraar voor Nederlandse taalkunde</li>
<li><a href="http://neon.niederlandistik.fu-berlin.de/nl/diepeveen/" target="_blank" rel="noopener">Janneke Diepeveen</a>, wetenschappelijk medewerker voor Nederlandse taalkunde (tot 2014)</li>
<li>Johanna Ridderbeekx, lector Nederlands (tot 2018)</li>
<li><a href="http://www.geisteswissenschaften.fu-berlin.de/we04/institut/mitarbeiter/de-wilde/index.html" target="_blank" rel="noopener">Truus De Wilde</a>, lector Nederlands</li>
</ul>

<p>De Freie Universität Berlin werd in 1948 in het zuidwesten van Berlijn opgericht door studenten en wetenschappers. Ze kregen daarbij de steun van de Amerikaanse geallieerden en Berlijnse politici. Met onderzoek en onderwijs vrij van politieke inmenging wilde de Freie Universität een tegenwicht vormen tegen de toenmalige Universität Unter den Linden in de sowjetsector van &#8230; <a title="Freie Universität Berlin &#8211; Niederländische Philologie" class="read-more" href="https://userblogs.fu-berlin.de/dutch/over-dutch/de-projectpartners/freie-universitaet-berlin-niederlaendische-philologie/" aria-label="Lees meer over Freie Universität Berlin &#8211; Niederländische Philologie">Lees verder</a></p>
