{"id":104,"date":"2025-01-13T13:14:24","date_gmt":"2025-01-13T12:14:24","guid":{"rendered":"https:\/\/userblogs.fu-berlin.de\/ewi_biwi\/?page_id=104"},"modified":"2025-01-16T10:46:55","modified_gmt":"2025-01-16T09:46:55","slug":"vertiefungsmoeglichkeiten-nach-der-studien-und-pruefungsordnung-2012","status":"publish","type":"page","link":"https:\/\/userblogs.fu-berlin.de\/ewi_biwi\/vertiefungsmoeglichkeiten-nach-der-studien-und-pruefungsordnung-2012\/","title":{"rendered":"Vertiefungsm\u00f6glichkeiten nach der Studien- und Pr\u00fcfungsordnung 2012"},"content":{"rendered":"\n<p><a rel=\"noreferrer noopener\" href=\"https:\/\/www.ewi-psy.fu-berlin.de\/verwaltung-service\/studienangelegenheiten\/pruefungsbuero\/bachelor_ewi_zukunft\/Dokumente\/StO_PO_BA_Bildungswiss_Ewi_Amtsblatt27_2012.pdf\" target=\"_blank\"><strong>Studien- und Pr\u00fcfungsordnung 2012<\/strong><\/a><\/p>\n\n\n\n<div class=\"wp-block-columns is-layout-flex wp-container-core-columns-is-layout-9d6595d7 wp-block-columns-is-layout-flex\">\n<div class=\"wp-block-column is-layout-flow wp-block-column-is-layout-flow\">\n<figure class=\"wp-block-image size-large\"><img loading=\"lazy\" decoding=\"async\" width=\"1024\" height=\"680\" src=\"https:\/\/userblogs.fu-berlin.de\/ewi_biwi\/files\/2025\/01\/pexels-kindelmedia-7054755-scaled-e1736897445923-1024x680.jpg\" alt=\"\" class=\"wp-image-350\" srcset=\"https:\/\/userblogs.fu-berlin.de\/ewi_biwi\/files\/2025\/01\/pexels-kindelmedia-7054755-scaled-e1736897445923-1024x680.jpg 1024w, https:\/\/userblogs.fu-berlin.de\/ewi_biwi\/files\/2025\/01\/pexels-kindelmedia-7054755-scaled-e1736897445923-300x199.jpg 300w, https:\/\/userblogs.fu-berlin.de\/ewi_biwi\/files\/2025\/01\/pexels-kindelmedia-7054755-scaled-e1736897445923-768x510.jpg 768w, https:\/\/userblogs.fu-berlin.de\/ewi_biwi\/files\/2025\/01\/pexels-kindelmedia-7054755-scaled-e1736897445923-1536x1020.jpg 1536w, https:\/\/userblogs.fu-berlin.de\/ewi_biwi\/files\/2025\/01\/pexels-kindelmedia-7054755-scaled-e1736897445923-2048x1360.jpg 2048w\" sizes=\"auto, (max-width: 1024px) 100vw, 1024px\" \/><\/figure>\n<\/div>\n\n\n\n<div class=\"wp-block-column is-layout-flow wp-block-column-is-layout-flow\">\n<ul class=\"has-dark-gray-color has-text-color wp-block-list\"><li><a rel=\"noreferrer noopener\" href=\"https:\/\/userblogs.fu-berlin.de\/bachelor_ewi\/affiner-bereich\/\" target=\"_blank\">Affiner Bereich<\/a><\/li><li><a rel=\"noreferrer noopener\" href=\"https:\/\/userblogs.fu-berlin.de\/bachelor_ewi\/abv\/\" target=\"_blank\">ABV<\/a><\/li><li>Modul 9: Entwicklung p\u00e4dagogischer Organisation<\/li><li>Modul 10: Ans\u00e4tze p\u00e4dagogischen Handelns &#8211; Vertiefung<\/li><li>Modul 11: Projekt<\/li><li>Bachelorarbeit<\/li><\/ul>\n<\/div>\n<\/div>\n\n\n\n<div class=\"wp-block-columns is-layout-flex wp-container-core-columns-is-layout-9d6595d7 wp-block-columns-is-layout-flex\">\n<div class=\"wp-block-column is-layout-flow wp-block-column-is-layout-flow\">\n<h2 class=\"wp-block-heading\">Modul 9: Entwicklung p\u00e4dagogischer Organisation<\/h2>\n\n\n\n<p>Studierende haben hier die M\u00f6glichkeit in Kleingruppen ein eigenes Projekt zu planen und einen Projektantrag zur F\u00f6rderung nach Grundlagen des Qualit\u00e4ts- und Projektmanagements zu stellen. Hierbei steht das gesamte Spektrum an p\u00e4dagogischen Organisationen von Schulen bis hin zu Beratungsstellen zur Verf\u00fcgung.<\/p>\n\n\n\n<p>Die Projektvorhaben sind zun\u00e4chst fiktiv, k\u00f6nnen aber in Modul 11 in die Praxis umgesetzt werden.<\/p>\n<\/div>\n\n\n\n<div class=\"wp-block-column is-layout-flow wp-block-column-is-layout-flow\">\n<h2 class=\"wp-block-heading\">Modul 10: Ans\u00e4tze p\u00e4dagogischen Handelns &#8211; Vertiefung<\/h2>\n\n\n\n<p>Hier erhalten Studierende einen vertiefenden Einblick in ausgew\u00e4hlte theoretische Ans\u00e4tze, konzeptionelle Aspekte oder Methoden p\u00e4dagogischer Interventionen. In fokussierten Kleingruppen und Diskussionsrunden wird sich hier\u00fcber ausgetauscht. In diesem Modul haben Studierende die M\u00f6glichkeit, aus mehreren Angeboten zwei Vertiefungsseminare auszuw\u00e4hlen.<\/p>\n\n\n\n<p>Hier zwei Beispiele der letzten Jahre:<br>&#8211; P\u00e4dagogische Handlung: Sport und Integration in der Kinder- und Jugendhilfe<br>&#8211; Gewalt in p\u00e4dagogischen Institutionen<br>&#8211; Evaluation fr\u00fchp\u00e4dagogischer Interventionen<br>&#8211; Jugend e.V. Sozialhistorische Verortung, Aktionsformen und Inhalte der Jugend(verbands)arbeit in Deutschland seit 1945<\/p>\n<\/div>\n<\/div>\n\n\n\n<h2 class=\"wp-block-heading\">Modul 11: Projekt<\/h2>\n\n\n\n<p>Im Modul 11 verfolgt ihr in kleinen Gruppen ein Projekt. Das Projektvorhaben wird in diesem Modul von euch definiert, geplant und durchgef\u00fchrt. Ihr wendet dabei eure im Studium erworbenen theoretischen und methodischen Kenntnisse an und reflektiert systematisch den Prozess und das Ergebnis der Durchf\u00fchrung eures Projekts.<\/p>\n\n\n\n<p><strong>Was kann ein Projekt sein? Beispiele:<\/strong><\/p>\n\n\n\n<ul class=\"wp-block-list\"><li>Studierende planen Aktionen \/ Vertiefung und Umsetzung eigener Themen und Ideen<\/li><li>Studierende erheben eigene Daten, geben sie ein und werten aus<\/li><li>Studierende k\u00f6nnen in Projekte anderer einsteigen<\/li><li>Lehrende bieten Einstieg in eigene, laufende Forschungsprojekte an<\/li><li>Weiterentwicklung des Projektantrags aus Modul 9<\/li><li>Weiterentwicklung von Themen aus dem Modul 10<\/li><\/ul>\n\n\n\n<hr class=\"wp-block-separator has-alpha-channel-opacity is-style-wide\" \/>\n\n\n\n<div class=\"wp-block-columns is-layout-flex wp-container-core-columns-is-layout-9d6595d7 wp-block-columns-is-layout-flex\">\n<div class=\"wp-block-column is-layout-flow wp-block-column-is-layout-flow\">\n<p><strong>Beispiel-Projekt (SoSe 2022):<\/strong><\/p>\n\n\n\n<p>&#8211; <strong><a rel=\"noreferrer noopener\" href=\"https:\/\/userblogs.fu-berlin.de\/bachelor_ewi\/files\/2022\/06\/Digitaler-Lernhefter.pdf\" target=\"_blank\">Digitaler Lernhefter<\/a><\/strong> zum Thema Mentale Belastungen von Studierenden und Umgang mit diesen<\/p>\n\n\n\n<p><\/p>\n\n\n\n<p>Dies ist ein tolles Projekt, was drei Studierende des Bachelors Bildungs- und Erziehungswissenschaften an der Freien Universit\u00e4t Berlin im Rahmen des Modul 11 realisiert haben und euch nun hier auf diesem Wege zur Verf\u00fcgung stellen wollen.<\/p>\n\n\n\n<p>Vielen Dank daf\u00fcr =)<\/p>\n<\/div>\n\n\n\n<div class=\"wp-block-column is-layout-flow wp-block-column-is-layout-flow\">\n<figure class=\"wp-block-image size-full\"><a href=\"https:\/\/userblogs.fu-berlin.de\/bachelor_ewi\/files\/2022\/06\/Digitaler-Lernhefter.pdf\" target=\"_blank\" rel=\"noreferrer noopener\"><img decoding=\"async\" src=\"https:\/\/userblogs.fu-berlin.de\/bachelor_ewi\/files\/2022\/06\/Unbenannt.png\" alt=\"\" class=\"wp-image-346\" \/><\/a><\/figure>\n<\/div>\n<\/div>\n\n\n\n<hr class=\"wp-block-separator has-alpha-channel-opacity is-style-wide\" \/>\n\n\n\n<h2 class=\"wp-block-heading\">Bachelorarbeit<\/h2>\n\n\n\n<p>Zusammenfassend k\u00f6nnen diese Vertiefungsm\u00f6glichkeiten auf einen guten Weg zur Bachelorarbeit f\u00fchren. Thematiken, die in den vorangegangenen Modulen behandelt wurden, k\u00f6nnen ausgeweitet werden. Kontakte zu Dozierenden und Arbeitsbereichen bestehen dank der Module bereits und k\u00f6nnen genutzt werden. So liegt ggf. eine gute Gesp\u00e4chsgrundlage f\u00fcr die Betreuung zur Bachelorarbeit vor. Vorangegangenen Projekte der Module 9, 10 und 11 k\u00f6nnen ein Grundger\u00fcst f\u00fcr die Bachelorarbeit bilden, sodass man im Idealfall nicht bei Null startet.<br>Hier aber auch der kleine Hinweis, dass man auch bei der Bachelorarbeit nochmal ein ganz neues Thema nutzen kann und nicht die vorherigen Projekte nutzen muss, wenn man das nicht m\u00f6chte. Es kann aber hilfreich sein.<\/p>\n\n\n\n<p>Es ist au\u00dferdem zu beachten, dass der Titel der Bachelorarbeit die einzige schriftliche Pr\u00fcfungsleistung des Studiums ist, deren Titel auch auf dem Abschlusszeugnis steht. und somit f\u00fcr den weiteren Werdegang (ob Master oder Berufseinstieg) ein Aush\u00e4ngeschild des eigenen Schwerpunktes darstellen kann.<\/p>\n\n\n\n<p>Hier findet ihr einen Beitrag, wie man von einem Modul 11 Projekt auch perfekt zu eine Abschlussarbeit \u00fcbergehen kann:<\/p>\n\n\n\n<figure class=\"wp-block-embed is-type-wp-embed is-provider-ewi-und-biwi-der-blog wp-block-embed-ewi-und-biwi-der-blog\"><div class=\"wp-block-embed__wrapper\">\n<blockquote class=\"wp-embedded-content\" data-secret=\"ZD9Kv7K5kh\"><a href=\"https:\/\/userblogs.fu-berlin.de\/ewi_biwi\/2025\/01\/14\/vom-forschungsprojekt-zur-abschlussarbeit\/\">Vom Forschungsprojekt zur Abschlussarbeit<\/a><\/blockquote><iframe loading=\"lazy\" class=\"wp-embedded-content\" sandbox=\"allow-scripts\" security=\"restricted\" style=\"position: absolute; visibility: hidden;\" title=\"&#8222;Vom Forschungsprojekt zur Abschlussarbeit&#8220; &#8212; Ewi &amp; Biwi: Der Blog\" src=\"https:\/\/userblogs.fu-berlin.de\/ewi_biwi\/2025\/01\/14\/vom-forschungsprojekt-zur-abschlussarbeit\/embed\/#?secret=Q0C5yfkkOu#?secret=ZD9Kv7K5kh\" data-secret=\"ZD9Kv7K5kh\" width=\"600\" height=\"338\" frameborder=\"0\" marginwidth=\"0\" marginheight=\"0\" scrolling=\"no\"><\/iframe>\n<\/div><\/figure>\n\n\n\n<p>Und hier noch ein Blogbeitrag, der in Zusammengang mit einem Modul 11 Projekt entstanden ist:<\/p>\n\n\n\n<figure class=\"wp-block-embed is-type-wp-embed is-provider-ewi-und-biwi-der-blog wp-block-embed-ewi-und-biwi-der-blog\"><div class=\"wp-block-embed__wrapper\">\n<blockquote class=\"wp-embedded-content\" data-secret=\"qbpWlHw4pj\"><a href=\"https:\/\/userblogs.fu-berlin.de\/ewi_biwi\/2025\/01\/14\/modul-11-projekt-schulsozialarbeit\/\">Modul 11: Projekt &#8222;Schulsozialarbeit&#8220;<\/a><\/blockquote><iframe loading=\"lazy\" class=\"wp-embedded-content\" sandbox=\"allow-scripts\" security=\"restricted\" style=\"position: absolute; visibility: hidden;\" title=\"&#8222;Modul 11: Projekt &#8222;Schulsozialarbeit&#8220;&#8220; &#8212; Ewi &amp; Biwi: Der Blog\" src=\"https:\/\/userblogs.fu-berlin.de\/ewi_biwi\/2025\/01\/14\/modul-11-projekt-schulsozialarbeit\/embed\/#?secret=82ByDCEdoX#?secret=qbpWlHw4pj\" data-secret=\"qbpWlHw4pj\" width=\"600\" height=\"338\" frameborder=\"0\" marginwidth=\"0\" marginheight=\"0\" scrolling=\"no\"><\/iframe>\n<\/div><\/figure>\n\n\n\n<hr class=\"wp-block-separator has-alpha-channel-opacity is-style-wide\" \/>\n\n\n\n<p>Hier nochmal die <a href=\"https:\/\/www.ewi-psy.fu-berlin.de\/verwaltung-service\/studienangelegenheiten\/pruefungsbuero\/bachelor_ewi_zukunft\/Dokumente\/StO_PO_BA_Bildungswiss_Ewi_Amtsblatt27_2012.pdf\" target=\"_blank\" rel=\"noreferrer noopener\">Studien- und Pr\u00fcfungsordnung (SPO 2012)<\/a>.<\/p>\n","protected":false},"excerpt":{"rendered":"<p>Studien- und Pr\u00fcfungsordnung 2012 Affiner Bereich ABV Modul 9: Entwicklung p\u00e4dagogischer Organisation Modul 10: Ans\u00e4tze p\u00e4dagogischen Handelns &#8211; Vertiefung Modul 11: Projekt Bachelorarbeit Modul 9: Entwicklung p\u00e4dagogischer Organisation Studierende haben hier die M\u00f6glichkeit in Kleingruppen ein eigenes Projekt zu planen und einen Projektantrag zur F\u00f6rderung nach Grundlagen des Qualit\u00e4ts- und Projektmanagements zu stellen. Hierbei steht &hellip; <a href=\"https:\/\/userblogs.fu-berlin.de\/ewi_biwi\/vertiefungsmoeglichkeiten-nach-der-studien-und-pruefungsordnung-2012\/\" class=\"more-link\"><span class=\"screen-reader-text\">Vertiefungsm\u00f6glichkeiten nach der Studien- und Pr\u00fcfungsordnung 2012<\/span> weiterlesen<\/a><\/p>\n","protected":false},"author":6168,"featured_media":0,"parent":0,"menu_order":0,"comment_status":"closed","ping_status":"closed","template":"","meta":{"footnotes":""},"class_list":["post-104","page","type-page","status-publish","hentry"],"_links":{"self":[{"href":"https:\/\/userblogs.fu-berlin.de\/ewi_biwi\/wp-json\/wp\/v2\/pages\/104","targetHints":{"allow":["GET"]}}],"collection":[{"href":"https:\/\/userblogs.fu-berlin.de\/ewi_biwi\/wp-json\/wp\/v2\/pages"}],"about":[{"href":"https:\/\/userblogs.fu-berlin.de\/ewi_biwi\/wp-json\/wp\/v2\/types\/page"}],"author":[{"embeddable":true,"href":"https:\/\/userblogs.fu-berlin.de\/ewi_biwi\/wp-json\/wp\/v2\/users\/6168"}],"replies":[{"embeddable":true,"href":"https:\/\/userblogs.fu-berlin.de\/ewi_biwi\/wp-json\/wp\/v2\/comments?post=104"}],"version-history":[{"count":5,"href":"https:\/\/userblogs.fu-berlin.de\/ewi_biwi\/wp-json\/wp\/v2\/pages\/104\/revisions"}],"predecessor-version":[{"id":366,"href":"https:\/\/userblogs.fu-berlin.de\/ewi_biwi\/wp-json\/wp\/v2\/pages\/104\/revisions\/366"}],"wp:attachment":[{"href":"https:\/\/userblogs.fu-berlin.de\/ewi_biwi\/wp-json\/wp\/v2\/media?parent=104"}],"curies":[{"name":"wp","href":"https:\/\/api.w.org\/{rel}","templated":true}]}}

Vertiefungsmöglichkeiten nach der Studien- und Prüfungsordnung 2012

<p><a rel="noreferrer noopener" href="https://www.ewi-psy.fu-berlin.de/verwaltung-service/studienangelegenheiten/pruefungsbuero/bachelor_ewi_zukunft/Dokumente/StO_PO_BA_Bildungswiss_Ewi_Amtsblatt27_2012.pdf" target="_blank"><strong>Studien- und Prüfungsordnung 2012</strong></a></p>



<div class="wp-block-columns is-layout-flex wp-container-core-columns-is-layout-9d6595d7 wp-block-columns-is-layout-flex">
<div class="wp-block-column is-layout-flow wp-block-column-is-layout-flow">
<figure class="wp-block-image size-large"><img loading="lazy" decoding="async" width="1024" height="680" src="https://userblogs.fu-berlin.de/ewi_biwi/files/2025/01/pexels-kindelmedia-7054755-scaled-e1736897445923-1024x680.jpg" alt="" class="wp-image-350" srcset="https://userblogs.fu-berlin.de/ewi_biwi/files/2025/01/pexels-kindelmedia-7054755-scaled-e1736897445923-1024x680.jpg 1024w, https://userblogs.fu-berlin.de/ewi_biwi/files/2025/01/pexels-kindelmedia-7054755-scaled-e1736897445923-300x199.jpg 300w, https://userblogs.fu-berlin.de/ewi_biwi/files/2025/01/pexels-kindelmedia-7054755-scaled-e1736897445923-768x510.jpg 768w, https://userblogs.fu-berlin.de/ewi_biwi/files/2025/01/pexels-kindelmedia-7054755-scaled-e1736897445923-1536x1020.jpg 1536w, https://userblogs.fu-berlin.de/ewi_biwi/files/2025/01/pexels-kindelmedia-7054755-scaled-e1736897445923-2048x1360.jpg 2048w" sizes="auto, (max-width: 1024px) 100vw, 1024px" /></figure>
</div>



<div class="wp-block-column is-layout-flow wp-block-column-is-layout-flow">
<ul class="has-dark-gray-color has-text-color wp-block-list"><li><a rel="noreferrer noopener" href="https://userblogs.fu-berlin.de/bachelor_ewi/affiner-bereich/" target="_blank">Affiner Bereich</a></li><li><a rel="noreferrer noopener" href="https://userblogs.fu-berlin.de/bachelor_ewi/abv/" target="_blank">ABV</a></li><li>Modul 9: Entwicklung pädagogischer Organisation</li><li>Modul 10: Ansätze pädagogischen Handelns &#8211; Vertiefung</li><li>Modul 11: Projekt</li><li>Bachelorarbeit</li></ul>
</div>
</div>



<div class="wp-block-columns is-layout-flex wp-container-core-columns-is-layout-9d6595d7 wp-block-columns-is-layout-flex">
<div class="wp-block-column is-layout-flow wp-block-column-is-layout-flow">
<h2 class="wp-block-heading">Modul 9: Entwicklung pädagogischer Organisation</h2>



<p>Studierende haben hier die Möglichkeit in Kleingruppen ein eigenes Projekt zu planen und einen Projektantrag zur Förderung nach Grundlagen des Qualitäts- und Projektmanagements zu stellen. Hierbei steht das gesamte Spektrum an pädagogischen Organisationen von Schulen bis hin zu Beratungsstellen zur Verfügung.</p>



<p>Die Projektvorhaben sind zunächst fiktiv, können aber in Modul 11 in die Praxis umgesetzt werden.</p>
</div>



<div class="wp-block-column is-layout-flow wp-block-column-is-layout-flow">
<h2 class="wp-block-heading">Modul 10: Ansätze pädagogischen Handelns &#8211; Vertiefung</h2>



<p>Hier erhalten Studierende einen vertiefenden Einblick in ausgewählte theoretische Ansätze, konzeptionelle Aspekte oder Methoden pädagogischer Interventionen. In fokussierten Kleingruppen und Diskussionsrunden wird sich hierüber ausgetauscht. In diesem Modul haben Studierende die Möglichkeit, aus mehreren Angeboten zwei Vertiefungsseminare auszuwählen.</p>



<p>Hier zwei Beispiele der letzten Jahre:<br>&#8211; Pädagogische Handlung: Sport und Integration in der Kinder- und Jugendhilfe<br>&#8211; Gewalt in pädagogischen Institutionen<br>&#8211; Evaluation frühpädagogischer Interventionen<br>&#8211; Jugend e.V. Sozialhistorische Verortung, Aktionsformen und Inhalte der Jugend(verbands)arbeit in Deutschland seit 1945</p>
</div>
</div>



<h2 class="wp-block-heading">Modul 11: Projekt</h2>



<p>Im Modul 11 verfolgt ihr in kleinen Gruppen ein Projekt. Das Projektvorhaben wird in diesem Modul von euch definiert, geplant und durchgeführt. Ihr wendet dabei eure im Studium erworbenen theoretischen und methodischen Kenntnisse an und reflektiert systematisch den Prozess und das Ergebnis der Durchführung eures Projekts.</p>



<p><strong>Was kann ein Projekt sein? Beispiele:</strong></p>



<ul class="wp-block-list"><li>Studierende planen Aktionen / Vertiefung und Umsetzung eigener Themen und Ideen</li><li>Studierende erheben eigene Daten, geben sie ein und werten aus</li><li>Studierende können in Projekte anderer einsteigen</li><li>Lehrende bieten Einstieg in eigene, laufende Forschungsprojekte an</li><li>Weiterentwicklung des Projektantrags aus Modul 9</li><li>Weiterentwicklung von Themen aus dem Modul 10</li></ul>



<hr class="wp-block-separator has-alpha-channel-opacity is-style-wide" />



<div class="wp-block-columns is-layout-flex wp-container-core-columns-is-layout-9d6595d7 wp-block-columns-is-layout-flex">
<div class="wp-block-column is-layout-flow wp-block-column-is-layout-flow">
<p><strong>Beispiel-Projekt (SoSe 2022):</strong></p>



<p>&#8211; <strong><a rel="noreferrer noopener" href="https://userblogs.fu-berlin.de/bachelor_ewi/files/2022/06/Digitaler-Lernhefter.pdf" target="_blank">Digitaler Lernhefter</a></strong> zum Thema Mentale Belastungen von Studierenden und Umgang mit diesen</p>



<p></p>



<p>Dies ist ein tolles Projekt, was drei Studierende des Bachelors Bildungs- und Erziehungswissenschaften an der Freien Universität Berlin im Rahmen des Modul 11 realisiert haben und euch nun hier auf diesem Wege zur Verfügung stellen wollen.</p>



<p>Vielen Dank dafür =)</p>
</div>



<div class="wp-block-column is-layout-flow wp-block-column-is-layout-flow">
<figure class="wp-block-image size-full"><a href="https://userblogs.fu-berlin.de/bachelor_ewi/files/2022/06/Digitaler-Lernhefter.pdf" target="_blank" rel="noreferrer noopener"><img decoding="async" src="https://userblogs.fu-berlin.de/bachelor_ewi/files/2022/06/Unbenannt.png" alt="" class="wp-image-346" /></a></figure>
</div>
</div>



<hr class="wp-block-separator has-alpha-channel-opacity is-style-wide" />



<h2 class="wp-block-heading">Bachelorarbeit</h2>



<p>Zusammenfassend können diese Vertiefungsmöglichkeiten auf einen guten Weg zur Bachelorarbeit führen. Thematiken, die in den vorangegangenen Modulen behandelt wurden, können ausgeweitet werden. Kontakte zu Dozierenden und Arbeitsbereichen bestehen dank der Module bereits und können genutzt werden. So liegt ggf. eine gute Gespächsgrundlage für die Betreuung zur Bachelorarbeit vor. Vorangegangenen Projekte der Module 9, 10 und 11 können ein Grundgerüst für die Bachelorarbeit bilden, sodass man im Idealfall nicht bei Null startet.<br>Hier aber auch der kleine Hinweis, dass man auch bei der Bachelorarbeit nochmal ein ganz neues Thema nutzen kann und nicht die vorherigen Projekte nutzen muss, wenn man das nicht möchte. Es kann aber hilfreich sein.</p>



<p>Es ist außerdem zu beachten, dass der Titel der Bachelorarbeit die einzige schriftliche Prüfungsleistung des Studiums ist, deren Titel auch auf dem Abschlusszeugnis steht. und somit für den weiteren Werdegang (ob Master oder Berufseinstieg) ein Aushängeschild des eigenen Schwerpunktes darstellen kann.</p>



<p>Hier findet ihr einen Beitrag, wie man von einem Modul 11 Projekt auch perfekt zu eine Abschlussarbeit übergehen kann:</p>



<figure class="wp-block-embed is-type-wp-embed is-provider-ewi-und-biwi-der-blog wp-block-embed-ewi-und-biwi-der-blog"><div class="wp-block-embed__wrapper">
<blockquote class="wp-embedded-content" data-secret="ZD9Kv7K5kh"><a href="https://userblogs.fu-berlin.de/ewi_biwi/2025/01/14/vom-forschungsprojekt-zur-abschlussarbeit/">Vom Forschungsprojekt zur Abschlussarbeit</a></blockquote><iframe loading="lazy" class="wp-embedded-content" sandbox="allow-scripts" security="restricted" style="position: absolute; visibility: hidden;" title="&#8222;Vom Forschungsprojekt zur Abschlussarbeit&#8220; &#8212; Ewi &amp; Biwi: Der Blog" src="https://userblogs.fu-berlin.de/ewi_biwi/2025/01/14/vom-forschungsprojekt-zur-abschlussarbeit/embed/#?secret=Q0C5yfkkOu#?secret=ZD9Kv7K5kh" data-secret="ZD9Kv7K5kh" width="600" height="338" frameborder="0" marginwidth="0" marginheight="0" scrolling="no"></iframe>
</div></figure>



<p>Und hier noch ein Blogbeitrag, der in Zusammengang mit einem Modul 11 Projekt entstanden ist:</p>



<figure class="wp-block-embed is-type-wp-embed is-provider-ewi-und-biwi-der-blog wp-block-embed-ewi-und-biwi-der-blog"><div class="wp-block-embed__wrapper">
<blockquote class="wp-embedded-content" data-secret="qbpWlHw4pj"><a href="https://userblogs.fu-berlin.de/ewi_biwi/2025/01/14/modul-11-projekt-schulsozialarbeit/">Modul 11: Projekt &#8222;Schulsozialarbeit&#8220;</a></blockquote><iframe loading="lazy" class="wp-embedded-content" sandbox="allow-scripts" security="restricted" style="position: absolute; visibility: hidden;" title="&#8222;Modul 11: Projekt &#8222;Schulsozialarbeit&#8220;&#8220; &#8212; Ewi &amp; Biwi: Der Blog" src="https://userblogs.fu-berlin.de/ewi_biwi/2025/01/14/modul-11-projekt-schulsozialarbeit/embed/#?secret=82ByDCEdoX#?secret=qbpWlHw4pj" data-secret="qbpWlHw4pj" width="600" height="338" frameborder="0" marginwidth="0" marginheight="0" scrolling="no"></iframe>
</div></figure>



<hr class="wp-block-separator has-alpha-channel-opacity is-style-wide" />



<p>Hier nochmal die <a href="https://www.ewi-psy.fu-berlin.de/verwaltung-service/studienangelegenheiten/pruefungsbuero/bachelor_ewi_zukunft/Dokumente/StO_PO_BA_Bildungswiss_Ewi_Amtsblatt27_2012.pdf" target="_blank" rel="noreferrer noopener">Studien- und Prüfungsordnung (SPO 2012)</a>.</p>

<p>Studien- und Prüfungsordnung 2012 Affiner Bereich ABV Modul 9: Entwicklung pädagogischer Organisation Modul 10: Ansätze pädagogischen Handelns &#8211; Vertiefung Modul 11: Projekt Bachelorarbeit Modul 9: Entwicklung pädagogischer Organisation Studierende haben hier die Möglichkeit in Kleingruppen ein eigenes Projekt zu planen und einen Projektantrag zur Förderung nach Grundlagen des Qualitäts- und Projektmanagements zu stellen. Hierbei steht &hellip; <a href="https://userblogs.fu-berlin.de/ewi_biwi/vertiefungsmoeglichkeiten-nach-der-studien-und-pruefungsordnung-2012/" class="more-link"><span class="screen-reader-text">Vertiefungsmöglichkeiten nach der Studien- und Prüfungsordnung 2012</span> weiterlesen</a></p>
