{"id":110,"date":"2025-01-13T13:16:50","date_gmt":"2025-01-13T12:16:50","guid":{"rendered":"https:\/\/userblogs.fu-berlin.de\/ewi_biwi\/?page_id=110"},"modified":"2025-01-16T10:33:48","modified_gmt":"2025-01-16T09:33:48","slug":"allgemeines-ma","status":"publish","type":"page","link":"https:\/\/userblogs.fu-berlin.de\/ewi_biwi\/allgemeines-ma\/","title":{"rendered":"Allgemeines (Master)"},"content":{"rendered":"\n<div class=\"wp-block-columns is-layout-flex wp-container-core-columns-is-layout-9d6595d7 wp-block-columns-is-layout-flex\">\n<div class=\"wp-block-column is-layout-flow wp-block-column-is-layout-flow\">\n<figure class=\"wp-block-image size-large\"><img loading=\"lazy\" decoding=\"async\" width=\"1024\" height=\"683\" src=\"https:\/\/userblogs.fu-berlin.de\/ewi_biwi\/files\/2025\/01\/pexels-ekaterina-bolovtsova-6193089-1024x683.jpg\" alt=\"\" class=\"wp-image-329\" srcset=\"https:\/\/userblogs.fu-berlin.de\/ewi_biwi\/files\/2025\/01\/pexels-ekaterina-bolovtsova-6193089-1024x683.jpg 1024w, https:\/\/userblogs.fu-berlin.de\/ewi_biwi\/files\/2025\/01\/pexels-ekaterina-bolovtsova-6193089-300x200.jpg 300w, https:\/\/userblogs.fu-berlin.de\/ewi_biwi\/files\/2025\/01\/pexels-ekaterina-bolovtsova-6193089-768x512.jpg 768w, https:\/\/userblogs.fu-berlin.de\/ewi_biwi\/files\/2025\/01\/pexels-ekaterina-bolovtsova-6193089-1536x1024.jpg 1536w, https:\/\/userblogs.fu-berlin.de\/ewi_biwi\/files\/2025\/01\/pexels-ekaterina-bolovtsova-6193089-2048x1365.jpg 2048w\" sizes=\"auto, (max-width: 1024px) 100vw, 1024px\" \/><\/figure>\n<\/div>\n\n\n\n<div class=\"wp-block-column is-layout-flow wp-block-column-is-layout-flow\">\n<p>Wie ist das Masterstudium Bildungswissenschaft an der FU \u00fcberhaupt? Welche Erfahrungen haben Studierende gemacht? Was gibt es allgemein wichtiges zu wissen?<\/p>\n<\/div>\n<\/div>\n\n\n\n<p>Hier findest du Berichte von (ehemaligen) Biwi-Studierenden, die euch ein bisschen was zu ihrem Studium erz\u00e4hlen.<\/p>\n\n\n\n<p>Au\u00dferdem gibt es auch einen Beitrag von Frau Prof. Dr. Ursula Kessels, die uns die neue Zugangssatzung f\u00fcr den Master erkl\u00e4rt.<\/p>\n\n\n\n<figure class=\"wp-block-embed is-type-wp-embed is-provider-ewi-und-biwi-der-blog wp-block-embed-ewi-und-biwi-der-blog\"><div class=\"wp-block-embed__wrapper\">\n<blockquote class=\"wp-embedded-content\" data-secret=\"fkJhIDZaYg\"><a href=\"https:\/\/userblogs.fu-berlin.de\/ewi_biwi\/2025\/01\/14\/mein-erstes-mastersemester\/\">Mein erstes Mastersemester<\/a><\/blockquote><iframe loading=\"lazy\" class=\"wp-embedded-content\" sandbox=\"allow-scripts\" security=\"restricted\" style=\"position: absolute; visibility: hidden;\" title=\"&#8222;Mein erstes Mastersemester&#8220; &#8212; Ewi &amp; Biwi: Der Blog\" src=\"https:\/\/userblogs.fu-berlin.de\/ewi_biwi\/2025\/01\/14\/mein-erstes-mastersemester\/embed\/#?secret=DXQhjoaEMk#?secret=fkJhIDZaYg\" data-secret=\"fkJhIDZaYg\" width=\"600\" height=\"338\" frameborder=\"0\" marginwidth=\"0\" marginheight=\"0\" scrolling=\"no\"><\/iframe>\n<\/div><\/figure>\n\n\n\n<figure class=\"wp-block-embed is-type-wp-embed is-provider-ewi-und-biwi-der-blog wp-block-embed-ewi-und-biwi-der-blog\"><div class=\"wp-block-embed__wrapper\">\n<blockquote class=\"wp-embedded-content\" data-secret=\"hJ426weVQy\"><a href=\"https:\/\/userblogs.fu-berlin.de\/ewi_biwi\/2025\/01\/14\/die-master-orientierungstage-2021\/\">Die Master-Orientierungstage 2021<\/a><\/blockquote><iframe loading=\"lazy\" class=\"wp-embedded-content\" sandbox=\"allow-scripts\" security=\"restricted\" style=\"position: absolute; visibility: hidden;\" title=\"&#8222;Die Master-Orientierungstage 2021&#8220; &#8212; Ewi &amp; Biwi: Der Blog\" src=\"https:\/\/userblogs.fu-berlin.de\/ewi_biwi\/2025\/01\/14\/die-master-orientierungstage-2021\/embed\/#?secret=QpZKyZkvMG#?secret=hJ426weVQy\" data-secret=\"hJ426weVQy\" width=\"600\" height=\"338\" frameborder=\"0\" marginwidth=\"0\" marginheight=\"0\" scrolling=\"no\"><\/iframe>\n<\/div><\/figure>\n\n\n\n<figure class=\"wp-block-embed is-type-wp-embed is-provider-ewi-und-biwi-der-blog wp-block-embed-ewi-und-biwi-der-blog\"><div class=\"wp-block-embed__wrapper\">\n<blockquote class=\"wp-embedded-content\" data-secret=\"xIOkc0G9Yq\"><a href=\"https:\/\/userblogs.fu-berlin.de\/ewi_biwi\/2025\/01\/14\/reform-der-zugangssatzung-fuer-den-master-bildungswissenschaft\/\">Reform der Zugangssatzung f\u00fcr den Master Bildungswissenschaft<\/a><\/blockquote><iframe loading=\"lazy\" class=\"wp-embedded-content\" sandbox=\"allow-scripts\" security=\"restricted\" style=\"position: absolute; visibility: hidden;\" title=\"&#8222;Reform der Zugangssatzung f\u00fcr den Master Bildungswissenschaft&#8220; &#8212; Ewi &amp; Biwi: Der Blog\" src=\"https:\/\/userblogs.fu-berlin.de\/ewi_biwi\/2025\/01\/14\/reform-der-zugangssatzung-fuer-den-master-bildungswissenschaft\/embed\/#?secret=fstvMCg07v#?secret=xIOkc0G9Yq\" data-secret=\"xIOkc0G9Yq\" width=\"600\" height=\"338\" frameborder=\"0\" marginwidth=\"0\" marginheight=\"0\" scrolling=\"no\"><\/iframe>\n<\/div><\/figure>\n\n\n\n<p><\/p>\n\n\n\n<p>Wenn du dich gern \u00fcber den Masterstudiengang Bildungswissenschaft informieren m\u00f6chtest, empfehlen wir dir den <a rel=\"noreferrer noopener\" href=\"https:\/\/www.osa.fu-berlin.de\/bildungswissenschaft_ma\/start\/startseite\/index.html\" target=\"_blank\">Online-Studienfachwahl-Assistenten<\/a> (OSA). Hier findest du Studieninhalte, Berufsperspektiven und viele weitere Informationen zum Studium. Vor allem f\u00fcr Studiereninteressierte ist das spannend.<\/p>\n","protected":false},"excerpt":{"rendered":"<p>Wie ist das Masterstudium Bildungswissenschaft an der FU \u00fcberhaupt? Welche Erfahrungen haben Studierende gemacht? Was gibt es allgemein wichtiges zu wissen? Hier findest du Berichte von (ehemaligen) Biwi-Studierenden, die euch ein bisschen was zu ihrem Studium erz\u00e4hlen. Au\u00dferdem gibt es auch einen Beitrag von Frau Prof. Dr. Ursula Kessels, die uns die neue Zugangssatzung f\u00fcr &hellip; <a href=\"https:\/\/userblogs.fu-berlin.de\/ewi_biwi\/allgemeines-ma\/\" class=\"more-link\"><span class=\"screen-reader-text\">Allgemeines (Master)<\/span> weiterlesen<\/a><\/p>\n","protected":false},"author":6168,"featured_media":0,"parent":0,"menu_order":0,"comment_status":"closed","ping_status":"closed","template":"","meta":{"footnotes":""},"class_list":["post-110","page","type-page","status-publish","hentry"],"_links":{"self":[{"href":"https:\/\/userblogs.fu-berlin.de\/ewi_biwi\/wp-json\/wp\/v2\/pages\/110","targetHints":{"allow":["GET"]}}],"collection":[{"href":"https:\/\/userblogs.fu-berlin.de\/ewi_biwi\/wp-json\/wp\/v2\/pages"}],"about":[{"href":"https:\/\/userblogs.fu-berlin.de\/ewi_biwi\/wp-json\/wp\/v2\/types\/page"}],"author":[{"embeddable":true,"href":"https:\/\/userblogs.fu-berlin.de\/ewi_biwi\/wp-json\/wp\/v2\/users\/6168"}],"replies":[{"embeddable":true,"href":"https:\/\/userblogs.fu-berlin.de\/ewi_biwi\/wp-json\/wp\/v2\/comments?post=110"}],"version-history":[{"count":5,"href":"https:\/\/userblogs.fu-berlin.de\/ewi_biwi\/wp-json\/wp\/v2\/pages\/110\/revisions"}],"predecessor-version":[{"id":357,"href":"https:\/\/userblogs.fu-berlin.de\/ewi_biwi\/wp-json\/wp\/v2\/pages\/110\/revisions\/357"}],"wp:attachment":[{"href":"https:\/\/userblogs.fu-berlin.de\/ewi_biwi\/wp-json\/wp\/v2\/media?parent=110"}],"curies":[{"name":"wp","href":"https:\/\/api.w.org\/{rel}","templated":true}]}}