{"id":38,"date":"2025-01-13T12:48:46","date_gmt":"2025-01-13T11:48:46","guid":{"rendered":"https:\/\/userblogs.fu-berlin.de\/ewi_biwi\/?page_id=38"},"modified":"2025-01-17T09:28:28","modified_gmt":"2025-01-17T08:28:28","slug":"herzlich-willkommen","status":"publish","type":"page","link":"https:\/\/userblogs.fu-berlin.de\/ewi_biwi\/","title":{"rendered":"Herzlich Willkommen"},"content":{"rendered":"\n<h2 class=\"wp-block-heading\">auf dem neuen Blog des Faches Ewi der FU Berlin<\/h2>\n\n\n\n<p class=\"has-white-color has-text-color has-background\" style=\"background-color:#4368e2\">Dies ist der neue <strong>kollaborative Blog von Bachelor- und Master-Blog<\/strong> des Fachs Erziehungswissenschaft an der Freien Universit\u00e4t Berlin.<\/p>\n\n\n\n<p>Dieser Blog soll Studierenden und Studieninteressierten des <strong>Bachelorstudienganges Bildungs- und Erziehungswissenschaft und des Masterstudiengangs Bildungswissenschaft an der Freien Universit\u00e4t Berlin<\/strong> einen Einblick in das Studium geben. Gemeinsam mit der Studierendenschaft wollen wir neben der Webseite des Studien- und Pr\u00fcfungsb\u00fcros der Erziehungswissenschaft eine Erg\u00e4nzung mit pers\u00f6nlichen Bez\u00fcgen schaffen.<\/p>\n\n\n\n<p>Dieser Blog ist organisiert von der Studentischen Studienberatung des Faches Erziehungswissenschaft. Dieses Medium soll vor allem einen Fokus auf <strong>Erfahrungen der Studierenden<\/strong> selbst legen und einen <strong>Austausch zwischen den Studierenden<\/strong> f\u00f6rdern.<\/p>\n\n\n\n<p class=\"has-white-color has-text-color has-background\" style=\"background-color:#19694a\">Das hei\u00dft ihr k\u00f6nnt diesen Blog aktiv mitgestalten. <strong>Wenn ihr gern selbst einen Text f\u00fcr diesen Blog schreiben m\u00f6chtet, meldet euch gern bei uns unter r.kumpe@fu-berlin.de und erz\u00e4hlt uns von euren Ideen.<\/strong> Dabei ist es vollkommen egal, ob ihr gern \u00fcber das Mensaessen, die Bibliothek oder euren Auslandsaufenthalt erz\u00e4hlen m\u00f6chtet.<\/p>\n\n\n\n<p>Wir freuen uns auf eure Kreativit\u00e4t, eure Erfahrungen und Erlebnisse und auf viel Austausch untereinander.<\/p>\n\n\n\n<h5 class=\"wp-block-heading\">Wir w\u00fcnschen Euch viel Spa\u00df beim Erkunden!<\/h5>\n","protected":false},"excerpt":{"rendered":"<p>auf dem neuen Blog des Faches Ewi der FU Berlin Dies ist der neue kollaborative Blog von Bachelor- und Master-Blog des Fachs Erziehungswissenschaft an der Freien Universit\u00e4t Berlin. Dieser Blog soll Studierenden und Studieninteressierten des Bachelorstudienganges Bildungs- und Erziehungswissenschaft und des Masterstudiengangs Bildungswissenschaft an der Freien Universit\u00e4t Berlin einen Einblick in das Studium geben. Gemeinsam &hellip; <a href=\"https:\/\/userblogs.fu-berlin.de\/ewi_biwi\/\" class=\"more-link\"><span class=\"screen-reader-text\">Herzlich Willkommen<\/span> weiterlesen<\/a><\/p>\n","protected":false},"author":6168,"featured_media":0,"parent":0,"menu_order":0,"comment_status":"closed","ping_status":"closed","template":"","meta":{"footnotes":""},"class_list":["post-38","page","type-page","status-publish","hentry"],"_links":{"self":[{"href":"https:\/\/userblogs.fu-berlin.de\/ewi_biwi\/wp-json\/wp\/v2\/pages\/38","targetHints":{"allow":["GET"]}}],"collection":[{"href":"https:\/\/userblogs.fu-berlin.de\/ewi_biwi\/wp-json\/wp\/v2\/pages"}],"about":[{"href":"https:\/\/userblogs.fu-berlin.de\/ewi_biwi\/wp-json\/wp\/v2\/types\/page"}],"author":[{"embeddable":true,"href":"https:\/\/userblogs.fu-berlin.de\/ewi_biwi\/wp-json\/wp\/v2\/users\/6168"}],"replies":[{"embeddable":true,"href":"https:\/\/userblogs.fu-berlin.de\/ewi_biwi\/wp-json\/wp\/v2\/comments?post=38"}],"version-history":[{"count":5,"href":"https:\/\/userblogs.fu-berlin.de\/ewi_biwi\/wp-json\/wp\/v2\/pages\/38\/revisions"}],"predecessor-version":[{"id":377,"href":"https:\/\/userblogs.fu-berlin.de\/ewi_biwi\/wp-json\/wp\/v2\/pages\/38\/revisions\/377"}],"wp:attachment":[{"href":"https:\/\/userblogs.fu-berlin.de\/ewi_biwi\/wp-json\/wp\/v2\/media?parent=38"}],"curies":[{"name":"wp","href":"https:\/\/api.w.org\/{rel}","templated":true}]}}