{"id":74,"date":"2025-01-13T13:05:13","date_gmt":"2025-01-13T12:05:13","guid":{"rendered":"https:\/\/userblogs.fu-berlin.de\/ewi_biwi\/?page_id=74"},"modified":"2025-01-14T12:57:24","modified_gmt":"2025-01-14T11:57:24","slug":"forschungsprojekt","status":"publish","type":"page","link":"https:\/\/userblogs.fu-berlin.de\/ewi_biwi\/forschungsprojekt\/","title":{"rendered":"Forschungsprojekt"},"content":{"rendered":"\n<div class=\"wp-block-columns is-layout-flex wp-container-core-columns-is-layout-9d6595d7 wp-block-columns-is-layout-flex\">\n<div class=\"wp-block-column is-layout-flow wp-block-column-is-layout-flow\">\n<p>Das Modul 6 des Masters Bildungswissenschaft sieht ein gr\u00f6\u00dferes Forschungsprojekt vor. Hierbei soll entweder innerhalb eines bestehenden Forschungsprojektes mit geforscht, ein neuen Forschungsprojekt mit aufgebaut oder je nach Angebot auch ein eigenst\u00e4ndiges Forschungsprojekt konzipiert werden.<br>F\u00fcr bestehende oder neue, von der Uni organisierte, Projekte gibt es gegen Ende des 2. Fachsemesters eine Info-Veranstaltung, bei dem alle Projekte vorgestellt werden, um einen Einblick in das Feld zu bekommen.<\/p>\n<\/div>\n\n\n\n<div class=\"wp-block-column is-layout-flow wp-block-column-is-layout-flow\">\n<figure class=\"wp-block-image size-large\"><img decoding=\"async\" src=\"https:\/\/userblogs.fu-berlin.de\/master_biwi\/files\/2021\/08\/pexels-mikael-blomkvist-6476254-1024x683.jpg\" alt=\"\" class=\"wp-image-116\" \/><\/figure>\n<\/div>\n<\/div>\n\n\n\n<p>Wie bewerbe ich mich f\u00fcr ein Forschungsprojekt? Welches Projekt ist \u00fcberhaupt das richtige f\u00fcr mich? Was bedeutet es ein eigenes Forschungsprojekt zu organisieren?<\/p>\n\n\n\n<p>Wie andere Studierende das Forschungsprojekt erlebt haben erf\u00e4hrst du hier.<\/p>\n\n\n\n<figure class=\"wp-block-embed is-type-wp-embed is-provider-ewi-und-biwi-der-blog wp-block-embed-ewi-und-biwi-der-blog is-provider-studium-master-bildungswissenschaft\"><div class=\"wp-block-embed__wrapper\">\n<blockquote class=\"wp-embedded-content\" data-secret=\"WguRYNmEIk\"><a href=\"https:\/\/userblogs.fu-berlin.de\/ewi_biwi\/2025\/01\/14\/eigenorganisiertes-forschungsprojekt\/\">Eigenorganisiertes Forschungsprojekt:<\/a><\/blockquote><iframe loading=\"lazy\" class=\"wp-embedded-content\" sandbox=\"allow-scripts\" security=\"restricted\" style=\"position: absolute; visibility: hidden;\" title=\"&#8222;Eigenorganisiertes Forschungsprojekt:&#8220; &#8212; Ewi &amp; Biwi: Der Blog\" src=\"https:\/\/userblogs.fu-berlin.de\/ewi_biwi\/2025\/01\/14\/eigenorganisiertes-forschungsprojekt\/embed\/#?secret=CiZuwIgArQ#?secret=WguRYNmEIk\" data-secret=\"WguRYNmEIk\" width=\"600\" height=\"338\" frameborder=\"0\" marginwidth=\"0\" marginheight=\"0\" scrolling=\"no\"><\/iframe>\n<\/div><\/figure>\n\n\n\n<figure class=\"wp-block-embed is-type-wp-embed is-provider-ewi-und-biwi-der-blog wp-block-embed-ewi-und-biwi-der-blog\"><div class=\"wp-block-embed__wrapper\">\n<blockquote class=\"wp-embedded-content\" data-secret=\"kXgqOZ9CAk\"><a href=\"https:\/\/userblogs.fu-berlin.de\/ewi_biwi\/2025\/01\/14\/forschung-im-master-studium\/\">Forschung im Master-Studium<\/a><\/blockquote><iframe loading=\"lazy\" class=\"wp-embedded-content\" sandbox=\"allow-scripts\" security=\"restricted\" style=\"position: absolute; visibility: hidden;\" title=\"&#8222;Forschung im Master-Studium&#8220; &#8212; Ewi &amp; Biwi: Der Blog\" src=\"https:\/\/userblogs.fu-berlin.de\/ewi_biwi\/2025\/01\/14\/forschung-im-master-studium\/embed\/#?secret=9ZaBwBwjMw#?secret=kXgqOZ9CAk\" data-secret=\"kXgqOZ9CAk\" width=\"600\" height=\"338\" frameborder=\"0\" marginwidth=\"0\" marginheight=\"0\" scrolling=\"no\"><\/iframe>\n<\/div><\/figure>\n","protected":false},"excerpt":{"rendered":"<p>Das Modul 6 des Masters Bildungswissenschaft sieht ein gr\u00f6\u00dferes Forschungsprojekt vor. Hierbei soll entweder innerhalb eines bestehenden Forschungsprojektes mit geforscht, ein neuen Forschungsprojekt mit aufgebaut oder je nach Angebot auch ein eigenst\u00e4ndiges Forschungsprojekt konzipiert werden.F\u00fcr bestehende oder neue, von der Uni organisierte, Projekte gibt es gegen Ende des 2. Fachsemesters eine Info-Veranstaltung, bei dem alle &hellip; <a href=\"https:\/\/userblogs.fu-berlin.de\/ewi_biwi\/forschungsprojekt\/\" class=\"more-link\"><span class=\"screen-reader-text\">Forschungsprojekt<\/span> weiterlesen<\/a><\/p>\n","protected":false},"author":6168,"featured_media":0,"parent":0,"menu_order":0,"comment_status":"closed","ping_status":"closed","template":"","meta":{"footnotes":""},"class_list":["post-74","page","type-page","status-publish","hentry"],"_links":{"self":[{"href":"https:\/\/userblogs.fu-berlin.de\/ewi_biwi\/wp-json\/wp\/v2\/pages\/74","targetHints":{"allow":["GET"]}}],"collection":[{"href":"https:\/\/userblogs.fu-berlin.de\/ewi_biwi\/wp-json\/wp\/v2\/pages"}],"about":[{"href":"https:\/\/userblogs.fu-berlin.de\/ewi_biwi\/wp-json\/wp\/v2\/types\/page"}],"author":[{"embeddable":true,"href":"https:\/\/userblogs.fu-berlin.de\/ewi_biwi\/wp-json\/wp\/v2\/users\/6168"}],"replies":[{"embeddable":true,"href":"https:\/\/userblogs.fu-berlin.de\/ewi_biwi\/wp-json\/wp\/v2\/comments?post=74"}],"version-history":[{"count":3,"href":"https:\/\/userblogs.fu-berlin.de\/ewi_biwi\/wp-json\/wp\/v2\/pages\/74\/revisions"}],"predecessor-version":[{"id":289,"href":"https:\/\/userblogs.fu-berlin.de\/ewi_biwi\/wp-json\/wp\/v2\/pages\/74\/revisions\/289"}],"wp:attachment":[{"href":"https:\/\/userblogs.fu-berlin.de\/ewi_biwi\/wp-json\/wp\/v2\/media?parent=74"}],"curies":[{"name":"wp","href":"https:\/\/api.w.org\/{rel}","templated":true}]}}

<div class="wp-block-columns is-layout-flex wp-container-core-columns-is-layout-9d6595d7 wp-block-columns-is-layout-flex">
<div class="wp-block-column is-layout-flow wp-block-column-is-layout-flow">
<p>Das Modul 6 des Masters Bildungswissenschaft sieht ein größeres Forschungsprojekt vor. Hierbei soll entweder innerhalb eines bestehenden Forschungsprojektes mit geforscht, ein neuen Forschungsprojekt mit aufgebaut oder je nach Angebot auch ein eigenständiges Forschungsprojekt konzipiert werden.<br>Für bestehende oder neue, von der Uni organisierte, Projekte gibt es gegen Ende des 2. Fachsemesters eine Info-Veranstaltung, bei dem alle Projekte vorgestellt werden, um einen Einblick in das Feld zu bekommen.</p>
</div>



<div class="wp-block-column is-layout-flow wp-block-column-is-layout-flow">
<figure class="wp-block-image size-large"><img decoding="async" src="https://userblogs.fu-berlin.de/master_biwi/files/2021/08/pexels-mikael-blomkvist-6476254-1024x683.jpg" alt="" class="wp-image-116" /></figure>
</div>
</div>



<p>Wie bewerbe ich mich für ein Forschungsprojekt? Welches Projekt ist überhaupt das richtige für mich? Was bedeutet es ein eigenes Forschungsprojekt zu organisieren?</p>



<p>Wie andere Studierende das Forschungsprojekt erlebt haben erfährst du hier.</p>



<figure class="wp-block-embed is-type-wp-embed is-provider-ewi-und-biwi-der-blog wp-block-embed-ewi-und-biwi-der-blog is-provider-studium-master-bildungswissenschaft"><div class="wp-block-embed__wrapper">
<blockquote class="wp-embedded-content" data-secret="WguRYNmEIk"><a href="https://userblogs.fu-berlin.de/ewi_biwi/2025/01/14/eigenorganisiertes-forschungsprojekt/">Eigenorganisiertes Forschungsprojekt:</a></blockquote><iframe loading="lazy" class="wp-embedded-content" sandbox="allow-scripts" security="restricted" style="position: absolute; visibility: hidden;" title="&#8222;Eigenorganisiertes Forschungsprojekt:&#8220; &#8212; Ewi &amp; Biwi: Der Blog" src="https://userblogs.fu-berlin.de/ewi_biwi/2025/01/14/eigenorganisiertes-forschungsprojekt/embed/#?secret=CiZuwIgArQ#?secret=WguRYNmEIk" data-secret="WguRYNmEIk" width="600" height="338" frameborder="0" marginwidth="0" marginheight="0" scrolling="no"></iframe>
</div></figure>



<figure class="wp-block-embed is-type-wp-embed is-provider-ewi-und-biwi-der-blog wp-block-embed-ewi-und-biwi-der-blog"><div class="wp-block-embed__wrapper">
<blockquote class="wp-embedded-content" data-secret="kXgqOZ9CAk"><a href="https://userblogs.fu-berlin.de/ewi_biwi/2025/01/14/forschung-im-master-studium/">Forschung im Master-Studium</a></blockquote><iframe loading="lazy" class="wp-embedded-content" sandbox="allow-scripts" security="restricted" style="position: absolute; visibility: hidden;" title="&#8222;Forschung im Master-Studium&#8220; &#8212; Ewi &amp; Biwi: Der Blog" src="https://userblogs.fu-berlin.de/ewi_biwi/2025/01/14/forschung-im-master-studium/embed/#?secret=9ZaBwBwjMw#?secret=kXgqOZ9CAk" data-secret="kXgqOZ9CAk" width="600" height="338" frameborder="0" marginwidth="0" marginheight="0" scrolling="no"></iframe>
</div></figure>

<p>Das Modul 6 des Masters Bildungswissenschaft sieht ein größeres Forschungsprojekt vor. Hierbei soll entweder innerhalb eines bestehenden Forschungsprojektes mit geforscht, ein neuen Forschungsprojekt mit aufgebaut oder je nach Angebot auch ein eigenständiges Forschungsprojekt konzipiert werden.Für bestehende oder neue, von der Uni organisierte, Projekte gibt es gegen Ende des 2. Fachsemesters eine Info-Veranstaltung, bei dem alle &hellip; <a href="https://userblogs.fu-berlin.de/ewi_biwi/forschungsprojekt/" class="more-link"><span class="screen-reader-text">Forschungsprojekt</span> weiterlesen</a></p>
