{"id":2,"date":"2011-03-31T13:21:47","date_gmt":"2011-03-31T13:21:47","guid":{"rendered":""},"modified":"2011-03-31T14:33:33","modified_gmt":"2011-03-31T14:33:33","slug":"ueber-mich","status":"publish","type":"page","link":"https:\/\/userblogs.fu-berlin.de\/exkursiongrunewald\/ueber-mich\/","title":{"rendered":"Willkommen Biologen!"},"content":{"rendered":"<p><span style=\"color: #339966\"><em><strong>Liebe FU-Biologen<\/strong>,<\/em><\/span><\/p>\n<p><span style=\"color: #008000\"><em>willkommen im Blog <span style=\"text-decoration: underline\">&#8222;Exkursion Grunewald&#8220;<\/span>!<br \/>\nIn diesem Fr\u00fchjahr wird eine sorgf\u00e4ltig geplante Exkursion in die gr\u00fcne Lunge Berlins stattfinden. Um alle Teilnehmer zusammen zu bringen, wurde dieser Blog eingerichtet. Hier werden Ergebnisse, Fotos und Impressionen der Exkursion ver\u00f6ffentlicht und besprochen. Schildert eure Ergebnisse einfach auf den entsprechenden Seiten. <\/em><\/span><\/p>\n<p><span style=\"color: #008000\"><em>Ziel dieses Blogs soll es sein, m\u00f6glichst alle Daten zusammen zu tragen, damit am Ende ein \u00dcberblick \u00fcber das \u00d6kosystem Grunewald m\u00f6glich ist.<br \/>\n<\/em><\/span><\/p>\n<p><span style=\"color: #008000\"><em>Viel Spa\u00df dabei und auf eine gute Zusammenarbeit!<\/em><\/span><\/p>\n<p><span style=\"color: #008000\"><em>Administrator Julia \u2665<br \/>\n<\/em><\/span><\/p>\n","protected":false},"excerpt":{"rendered":"<p>Liebe FU-Biologen, willkommen im Blog &#8222;Exkursion Grunewald&#8220;! In diesem Fr\u00fchjahr wird eine sorgf\u00e4ltig geplante Exkursion in die gr\u00fcne Lunge Berlins stattfinden. Um alle Teilnehmer zusammen zu bringen, wurde dieser Blog eingerichtet. Hier werden Ergebnisse, Fotos und Impressionen der Exkursion ver\u00f6ffentlicht und besprochen. Schildert eure Ergebnisse einfach auf den entsprechenden Seiten. Ziel dieses Blogs soll es &hellip; <a href=\"https:\/\/userblogs.fu-berlin.de\/exkursiongrunewald\/ueber-mich\/\" class=\"more-link\"><span class=\"screen-reader-text\">\u201eWillkommen Biologen!\u201c<\/span> weiterlesen<\/a><\/p>\n","protected":false},"author":866,"featured_media":0,"parent":0,"menu_order":0,"comment_status":"open","ping_status":"open","template":"","meta":{"footnotes":""},"class_list":["post-2","page","type-page","status-publish","hentry"],"_links":{"self":[{"href":"https:\/\/userblogs.fu-berlin.de\/exkursiongrunewald\/wp-json\/wp\/v2\/pages\/2","targetHints":{"allow":["GET"]}}],"collection":[{"href":"https:\/\/userblogs.fu-berlin.de\/exkursiongrunewald\/wp-json\/wp\/v2\/pages"}],"about":[{"href":"https:\/\/userblogs.fu-berlin.de\/exkursiongrunewald\/wp-json\/wp\/v2\/types\/page"}],"author":[{"embeddable":true,"href":"https:\/\/userblogs.fu-berlin.de\/exkursiongrunewald\/wp-json\/wp\/v2\/users\/866"}],"replies":[{"embeddable":true,"href":"https:\/\/userblogs.fu-berlin.de\/exkursiongrunewald\/wp-json\/wp\/v2\/comments?post=2"}],"version-history":[{"count":4,"href":"https:\/\/userblogs.fu-berlin.de\/exkursiongrunewald\/wp-json\/wp\/v2\/pages\/2\/revisions"}],"predecessor-version":[{"id":24,"href":"https:\/\/userblogs.fu-berlin.de\/exkursiongrunewald\/wp-json\/wp\/v2\/pages\/2\/revisions\/24"}],"wp:attachment":[{"href":"https:\/\/userblogs.fu-berlin.de\/exkursiongrunewald\/wp-json\/wp\/v2\/media?parent=2"}],"curies":[{"name":"wp","href":"https:\/\/api.w.org\/{rel}","templated":true}]}}

<p><span style="color: #339966"><em><strong>Liebe FU-Biologen</strong>,</em></span></p>
<p><span style="color: #008000"><em>willkommen im Blog <span style="text-decoration: underline">&#8222;Exkursion Grunewald&#8220;</span>!<br />
In diesem Frühjahr wird eine sorgfältig geplante Exkursion in die grüne Lunge Berlins stattfinden. Um alle Teilnehmer zusammen zu bringen, wurde dieser Blog eingerichtet. Hier werden Ergebnisse, Fotos und Impressionen der Exkursion veröffentlicht und besprochen. Schildert eure Ergebnisse einfach auf den entsprechenden Seiten. </em></span></p>
<p><span style="color: #008000"><em>Ziel dieses Blogs soll es sein, möglichst alle Daten zusammen zu tragen, damit am Ende ein Überblick über das Ökosystem Grunewald möglich ist.<br />
</em></span></p>
<p><span style="color: #008000"><em>Viel Spaß dabei und auf eine gute Zusammenarbeit!</em></span></p>
<p><span style="color: #008000"><em>Administrator Julia ♥<br />
</em></span></p>

<p>Liebe FU-Biologen, willkommen im Blog &#8222;Exkursion Grunewald&#8220;! In diesem Frühjahr wird eine sorgfältig geplante Exkursion in die grüne Lunge Berlins stattfinden. Um alle Teilnehmer zusammen zu bringen, wurde dieser Blog eingerichtet. Hier werden Ergebnisse, Fotos und Impressionen der Exkursion veröffentlicht und besprochen. Schildert eure Ergebnisse einfach auf den entsprechenden Seiten. Ziel dieses Blogs soll es &hellip; <a href="https://userblogs.fu-berlin.de/exkursiongrunewald/ueber-mich/" class="more-link"><span class="screen-reader-text">„Willkommen Biologen!“</span> weiterlesen</a></p>
