{"id":415,"date":"2019-04-15T10:11:08","date_gmt":"2019-04-15T08:11:08","guid":{"rendered":"https:\/\/userblogs.fu-berlin.de\/fu-bar\/?page_id=415"},"modified":"2019-07-16T13:32:20","modified_gmt":"2019-07-16T11:32:20","slug":"3-fu-bar","status":"publish","type":"page","link":"https:\/\/userblogs.fu-berlin.de\/fu-bar\/3-fu-bar\/","title":{"rendered":"3. FU bar"},"content":{"rendered":"<h2 style=\"text-align: center\"><span style=\"color: #003366\"><strong>What we do is what we get <\/strong><\/span><\/h2>\n<h2 style=\"text-align: center\"><span style=\"color: #003366\"><strong>&#8211; Mehr Qualit\u00e4t in Personalauswahl und -entwicklung<\/strong><\/span><\/h2>\n<h3 style=\"text-align: center\"><span style=\"color: #99cc00\"><strong>03. Juli 2019 &#8211; 17 Uhr<\/strong><\/span><\/h3>\n<p>Das war die 3. FU bar und das war unser <a href=\"https:\/\/userblogs.fu-berlin.de\/fu-bar\/3-fu-bar\/programm\/\">Programm<\/a>.<\/p>\n<p>Insgesamt war es eine gelungene Veranstaltung mit interessierten G\u00e4sten, spannenden Vortr\u00e4gen und k\u00fchlen Getr\u00e4nken in jazziger Atmosph\u00e4re. Wir sagen DANKE!<\/p>\n<figure id=\"attachment_537\" aria-describedby=\"caption-attachment-537\" style=\"width: 6000px\" class=\"wp-caption aligncenter\"><a href=\"https:\/\/userblogs.fu-berlin.de\/fu-bar\/files\/2019\/07\/IMG_1512.jpg\"><img loading=\"lazy\" decoding=\"async\" class=\"size-full wp-image-537\" src=\"https:\/\/userblogs.fu-berlin.de\/fu-bar\/files\/2019\/07\/IMG_1512.jpg\" alt=\"\" width=\"6000\" height=\"4000\" srcset=\"https:\/\/userblogs.fu-berlin.de\/fu-bar\/files\/2019\/07\/IMG_1512.jpg 6000w, https:\/\/userblogs.fu-berlin.de\/fu-bar\/files\/2019\/07\/IMG_1512-300x200.jpg 300w, https:\/\/userblogs.fu-berlin.de\/fu-bar\/files\/2019\/07\/IMG_1512-768x512.jpg 768w, https:\/\/userblogs.fu-berlin.de\/fu-bar\/files\/2019\/07\/IMG_1512-1024x683.jpg 1024w\" sizes=\"auto, (max-width: 767px) 89vw, (max-width: 1000px) 54vw, (max-width: 1071px) 543px, 580px\" \/><\/a><figcaption id=\"caption-attachment-537\" class=\"wp-caption-text\">Begr\u00fc\u00dfung der G\u00e4ste durch Prof. Dr. Stefan Krumm (rechts), Dr. Sibylle Detel (links) und Hendrik de Lede<\/figcaption><\/figure>\n<p style=\"text-align: right\"><a href=\"https:\/\/userblogs.fu-berlin.de\/fu-bar\/files\/2019\/07\/IMG_1501-1.jpg\"><img loading=\"lazy\" decoding=\"async\" class=\"aligncenter size-full wp-image-557\" src=\"https:\/\/userblogs.fu-berlin.de\/fu-bar\/files\/2019\/07\/IMG_1501-1.jpg\" alt=\"\" width=\"6000\" height=\"4000\" srcset=\"https:\/\/userblogs.fu-berlin.de\/fu-bar\/files\/2019\/07\/IMG_1501-1.jpg 6000w, https:\/\/userblogs.fu-berlin.de\/fu-bar\/files\/2019\/07\/IMG_1501-1-300x200.jpg 300w, https:\/\/userblogs.fu-berlin.de\/fu-bar\/files\/2019\/07\/IMG_1501-1-768x512.jpg 768w, https:\/\/userblogs.fu-berlin.de\/fu-bar\/files\/2019\/07\/IMG_1501-1-1024x683.jpg 1024w\" sizes=\"auto, (max-width: 767px) 89vw, (max-width: 1000px) 54vw, (max-width: 1071px) 543px, 580px\" \/><\/a>\u00a9 FU Diagnostik<\/p>\n<p style=\"text-align: right\"><a href=\"https:\/\/userblogs.fu-berlin.de\/fu-bar\/files\/2019\/07\/IMG_1518-1.jpg\"><img loading=\"lazy\" decoding=\"async\" class=\"aligncenter size-full wp-image-559\" src=\"https:\/\/userblogs.fu-berlin.de\/fu-bar\/files\/2019\/07\/IMG_1518-1.jpg\" alt=\"\" width=\"6000\" height=\"4000\" srcset=\"https:\/\/userblogs.fu-berlin.de\/fu-bar\/files\/2019\/07\/IMG_1518-1.jpg 6000w, https:\/\/userblogs.fu-berlin.de\/fu-bar\/files\/2019\/07\/IMG_1518-1-300x200.jpg 300w, https:\/\/userblogs.fu-berlin.de\/fu-bar\/files\/2019\/07\/IMG_1518-1-768x512.jpg 768w, https:\/\/userblogs.fu-berlin.de\/fu-bar\/files\/2019\/07\/IMG_1518-1-1024x683.jpg 1024w\" sizes=\"auto, (max-width: 767px) 89vw, (max-width: 1000px) 54vw, (max-width: 1071px) 543px, 580px\" \/><\/a>\u00a9 FU Diagnostik<\/p>\n<p style=\"text-align: right\"><a href=\"https:\/\/userblogs.fu-berlin.de\/fu-bar\/files\/2019\/07\/IMG_1558.jpg\"><img loading=\"lazy\" decoding=\"async\" class=\"aligncenter size-full wp-image-542\" src=\"https:\/\/userblogs.fu-berlin.de\/fu-bar\/files\/2019\/07\/IMG_1558.jpg\" alt=\"\" width=\"6000\" height=\"4000\" srcset=\"https:\/\/userblogs.fu-berlin.de\/fu-bar\/files\/2019\/07\/IMG_1558.jpg 6000w, https:\/\/userblogs.fu-berlin.de\/fu-bar\/files\/2019\/07\/IMG_1558-300x200.jpg 300w, https:\/\/userblogs.fu-berlin.de\/fu-bar\/files\/2019\/07\/IMG_1558-768x512.jpg 768w, https:\/\/userblogs.fu-berlin.de\/fu-bar\/files\/2019\/07\/IMG_1558-1024x683.jpg 1024w\" sizes=\"auto, (max-width: 767px) 89vw, (max-width: 1000px) 54vw, (max-width: 1071px) 543px, 580px\" \/><\/a>\u00a9 FU Diagnostik<\/p>\n<p>Weitere Eindr\u00fccke: <!--more--><\/p>\n<p><a href=\"https:\/\/userblogs.fu-berlin.de\/fu-bar\/files\/2019\/07\/IMG_1572.jpg\"><img loading=\"lazy\" decoding=\"async\" class=\"size-thumbnail wp-image-543 alignnone\" src=\"https:\/\/userblogs.fu-berlin.de\/fu-bar\/files\/2019\/07\/IMG_1572-150x150.jpg\" alt=\"\" width=\"150\" height=\"150\" srcset=\"https:\/\/userblogs.fu-berlin.de\/fu-bar\/files\/2019\/07\/IMG_1572-150x150.jpg 150w, https:\/\/userblogs.fu-berlin.de\/fu-bar\/files\/2019\/07\/IMG_1572-100x100.jpg 100w\" sizes=\"auto, (max-width: 150px) 100vw, 150px\" \/><\/a>\u00a0\u00a0\u00a0<a href=\"https:\/\/userblogs.fu-berlin.de\/fu-bar\/files\/2019\/07\/IMG_1587.jpg\"><img loading=\"lazy\" decoding=\"async\" class=\"alignnone size-thumbnail wp-image-545\" src=\"https:\/\/userblogs.fu-berlin.de\/fu-bar\/files\/2019\/07\/IMG_1587-150x150.jpg\" alt=\"\" width=\"150\" height=\"150\" srcset=\"https:\/\/userblogs.fu-berlin.de\/fu-bar\/files\/2019\/07\/IMG_1587-150x150.jpg 150w, https:\/\/userblogs.fu-berlin.de\/fu-bar\/files\/2019\/07\/IMG_1587-100x100.jpg 100w\" sizes=\"auto, (max-width: 150px) 100vw, 150px\" \/><\/a>\u00a0\u00a0<a href=\"https:\/\/userblogs.fu-berlin.de\/fu-bar\/files\/2019\/07\/IMG_1592.jpg\"><img loading=\"lazy\" decoding=\"async\" class=\"alignnone size-thumbnail wp-image-546\" src=\"https:\/\/userblogs.fu-berlin.de\/fu-bar\/files\/2019\/07\/IMG_1592-150x150.jpg\" alt=\"\" width=\"150\" height=\"150\" srcset=\"https:\/\/userblogs.fu-berlin.de\/fu-bar\/files\/2019\/07\/IMG_1592-150x150.jpg 150w, https:\/\/userblogs.fu-berlin.de\/fu-bar\/files\/2019\/07\/IMG_1592-100x100.jpg 100w\" sizes=\"auto, (max-width: 150px) 100vw, 150px\" \/><\/a><a href=\"https:\/\/userblogs.fu-berlin.de\/fu-bar\/files\/2019\/07\/IMG_1627.jpg\"><img loading=\"lazy\" decoding=\"async\" class=\"alignnone size-thumbnail wp-image-551\" src=\"https:\/\/userblogs.fu-berlin.de\/fu-bar\/files\/2019\/07\/IMG_1627-150x150.jpg\" alt=\"\" width=\"150\" height=\"150\" srcset=\"https:\/\/userblogs.fu-berlin.de\/fu-bar\/files\/2019\/07\/IMG_1627-150x150.jpg 150w, https:\/\/userblogs.fu-berlin.de\/fu-bar\/files\/2019\/07\/IMG_1627-100x100.jpg 100w\" sizes=\"auto, (max-width: 150px) 100vw, 150px\" \/><\/a><a href=\"https:\/\/userblogs.fu-berlin.de\/fu-bar\/files\/2019\/07\/IMG_1638.jpg\"><img loading=\"lazy\" decoding=\"async\" class=\"alignnone size-thumbnail wp-image-554\" src=\"https:\/\/userblogs.fu-berlin.de\/fu-bar\/files\/2019\/07\/IMG_1638-150x150.jpg\" alt=\"\" width=\"150\" height=\"150\" srcset=\"https:\/\/userblogs.fu-berlin.de\/fu-bar\/files\/2019\/07\/IMG_1638-150x150.jpg 150w, https:\/\/userblogs.fu-berlin.de\/fu-bar\/files\/2019\/07\/IMG_1638-100x100.jpg 100w\" sizes=\"auto, (max-width: 150px) 100vw, 150px\" \/><\/a><a href=\"https:\/\/userblogs.fu-berlin.de\/fu-bar\/files\/2019\/07\/IMG_1633.jpg\"><img loading=\"lazy\" decoding=\"async\" class=\"alignnone size-thumbnail wp-image-553\" src=\"https:\/\/userblogs.fu-berlin.de\/fu-bar\/files\/2019\/07\/IMG_1633-150x150.jpg\" alt=\"\" width=\"150\" height=\"150\" srcset=\"https:\/\/userblogs.fu-berlin.de\/fu-bar\/files\/2019\/07\/IMG_1633-150x150.jpg 150w, https:\/\/userblogs.fu-berlin.de\/fu-bar\/files\/2019\/07\/IMG_1633-100x100.jpg 100w\" sizes=\"auto, (max-width: 150px) 100vw, 150px\" \/><\/a><a href=\"https:\/\/userblogs.fu-berlin.de\/fu-bar\/files\/2019\/07\/IMG_1496-1.jpg\"><img loading=\"lazy\" decoding=\"async\" class=\"alignnone size-thumbnail wp-image-556\" src=\"https:\/\/userblogs.fu-berlin.de\/fu-bar\/files\/2019\/07\/IMG_1496-1-150x150.jpg\" alt=\"\" width=\"150\" height=\"150\" srcset=\"https:\/\/userblogs.fu-berlin.de\/fu-bar\/files\/2019\/07\/IMG_1496-1-150x150.jpg 150w, https:\/\/userblogs.fu-berlin.de\/fu-bar\/files\/2019\/07\/IMG_1496-1-100x100.jpg 100w\" sizes=\"auto, (max-width: 150px) 100vw, 150px\" \/><\/a><a href=\"https:\/\/userblogs.fu-berlin.de\/fu-bar\/files\/2019\/07\/IMG_1527-1.jpg\"><img loading=\"lazy\" decoding=\"async\" class=\"alignnone size-thumbnail wp-image-560\" src=\"https:\/\/userblogs.fu-berlin.de\/fu-bar\/files\/2019\/07\/IMG_1527-1-150x150.jpg\" alt=\"\" width=\"150\" height=\"150\" srcset=\"https:\/\/userblogs.fu-berlin.de\/fu-bar\/files\/2019\/07\/IMG_1527-1-150x150.jpg 150w, https:\/\/userblogs.fu-berlin.de\/fu-bar\/files\/2019\/07\/IMG_1527-1-100x100.jpg 100w\" sizes=\"auto, (max-width: 150px) 100vw, 150px\" \/><\/a><\/p>\n<p>Alle Bilder \u00a9 FU Diagnostik<\/p>\n","protected":false},"excerpt":{"rendered":"<p>What we do is what we get &#8211; Mehr Qualit\u00e4t in Personalauswahl und -entwicklung 03. Juli 2019 &#8211; 17 Uhr Das war die 3. FU bar und das war unser Programm. Insgesamt war es eine gelungene Veranstaltung mit interessierten G\u00e4sten, spannenden Vortr\u00e4gen und k\u00fchlen Getr\u00e4nken in jazziger Atmosph\u00e4re. Wir sagen DANKE! \u00a9 FU Diagnostik \u00a9 &hellip; <\/p>\n<p class=\"link-more\"><a href=\"https:\/\/userblogs.fu-berlin.de\/fu-bar\/3-fu-bar\/\" class=\"more-link\"><span class=\"screen-reader-text\">\u201e3. FU bar\u201c<\/span> weiterlesen<\/a><\/p>\n","protected":false},"author":2531,"featured_media":0,"parent":0,"menu_order":2,"comment_status":"closed","ping_status":"closed","template":"","meta":{"footnotes":""},"class_list":["post-415","page","type-page","status-publish","hentry"],"_links":{"self":[{"href":"https:\/\/userblogs.fu-berlin.de\/fu-bar\/wp-json\/wp\/v2\/pages\/415","targetHints":{"allow":["GET"]}}],"collection":[{"href":"https:\/\/userblogs.fu-berlin.de\/fu-bar\/wp-json\/wp\/v2\/pages"}],"about":[{"href":"https:\/\/userblogs.fu-berlin.de\/fu-bar\/wp-json\/wp\/v2\/types\/page"}],"author":[{"embeddable":true,"href":"https:\/\/userblogs.fu-berlin.de\/fu-bar\/wp-json\/wp\/v2\/users\/2531"}],"replies":[{"embeddable":true,"href":"https:\/\/userblogs.fu-berlin.de\/fu-bar\/wp-json\/wp\/v2\/comments?post=415"}],"version-history":[{"count":22,"href":"https:\/\/userblogs.fu-berlin.de\/fu-bar\/wp-json\/wp\/v2\/pages\/415\/revisions"}],"predecessor-version":[{"id":577,"href":"https:\/\/userblogs.fu-berlin.de\/fu-bar\/wp-json\/wp\/v2\/pages\/415\/revisions\/577"}],"wp:attachment":[{"href":"https:\/\/userblogs.fu-berlin.de\/fu-bar\/wp-json\/wp\/v2\/media?parent=415"}],"curies":[{"name":"wp","href":"https:\/\/api.w.org\/{rel}","templated":true}]}}

<h2 style="text-align: center"><span style="color: #003366"><strong>What we do is what we get </strong></span></h2>
<h2 style="text-align: center"><span style="color: #003366"><strong>&#8211; Mehr Qualität in Personalauswahl und -entwicklung</strong></span></h2>
<h3 style="text-align: center"><span style="color: #99cc00"><strong>03. Juli 2019 &#8211; 17 Uhr</strong></span></h3>
<p>Das war die 3. FU bar und das war unser <a href="https://userblogs.fu-berlin.de/fu-bar/3-fu-bar/programm/">Programm</a>.</p>
<p>Insgesamt war es eine gelungene Veranstaltung mit interessierten Gästen, spannenden Vorträgen und kühlen Getränken in jazziger Atmosphäre. Wir sagen DANKE!</p>
<figure id="attachment_537" aria-describedby="caption-attachment-537" style="width: 6000px" class="wp-caption aligncenter"><a href="https://userblogs.fu-berlin.de/fu-bar/files/2019/07/IMG_1512.jpg"><img loading="lazy" decoding="async" class="size-full wp-image-537" src="https://userblogs.fu-berlin.de/fu-bar/files/2019/07/IMG_1512.jpg" alt="" width="6000" height="4000" srcset="https://userblogs.fu-berlin.de/fu-bar/files/2019/07/IMG_1512.jpg 6000w, https://userblogs.fu-berlin.de/fu-bar/files/2019/07/IMG_1512-300x200.jpg 300w, https://userblogs.fu-berlin.de/fu-bar/files/2019/07/IMG_1512-768x512.jpg 768w, https://userblogs.fu-berlin.de/fu-bar/files/2019/07/IMG_1512-1024x683.jpg 1024w" sizes="auto, (max-width: 767px) 89vw, (max-width: 1000px) 54vw, (max-width: 1071px) 543px, 580px" /></a><figcaption id="caption-attachment-537" class="wp-caption-text">Begrüßung der Gäste durch Prof. Dr. Stefan Krumm (rechts), Dr. Sibylle Detel (links) und Hendrik de Lede</figcaption></figure>
<p style="text-align: right"><a href="https://userblogs.fu-berlin.de/fu-bar/files/2019/07/IMG_1501-1.jpg"><img loading="lazy" decoding="async" class="aligncenter size-full wp-image-557" src="https://userblogs.fu-berlin.de/fu-bar/files/2019/07/IMG_1501-1.jpg" alt="" width="6000" height="4000" srcset="https://userblogs.fu-berlin.de/fu-bar/files/2019/07/IMG_1501-1.jpg 6000w, https://userblogs.fu-berlin.de/fu-bar/files/2019/07/IMG_1501-1-300x200.jpg 300w, https://userblogs.fu-berlin.de/fu-bar/files/2019/07/IMG_1501-1-768x512.jpg 768w, https://userblogs.fu-berlin.de/fu-bar/files/2019/07/IMG_1501-1-1024x683.jpg 1024w" sizes="auto, (max-width: 767px) 89vw, (max-width: 1000px) 54vw, (max-width: 1071px) 543px, 580px" /></a>© FU Diagnostik</p>
<p style="text-align: right"><a href="https://userblogs.fu-berlin.de/fu-bar/files/2019/07/IMG_1518-1.jpg"><img loading="lazy" decoding="async" class="aligncenter size-full wp-image-559" src="https://userblogs.fu-berlin.de/fu-bar/files/2019/07/IMG_1518-1.jpg" alt="" width="6000" height="4000" srcset="https://userblogs.fu-berlin.de/fu-bar/files/2019/07/IMG_1518-1.jpg 6000w, https://userblogs.fu-berlin.de/fu-bar/files/2019/07/IMG_1518-1-300x200.jpg 300w, https://userblogs.fu-berlin.de/fu-bar/files/2019/07/IMG_1518-1-768x512.jpg 768w, https://userblogs.fu-berlin.de/fu-bar/files/2019/07/IMG_1518-1-1024x683.jpg 1024w" sizes="auto, (max-width: 767px) 89vw, (max-width: 1000px) 54vw, (max-width: 1071px) 543px, 580px" /></a>© FU Diagnostik</p>
<p style="text-align: right"><a href="https://userblogs.fu-berlin.de/fu-bar/files/2019/07/IMG_1558.jpg"><img loading="lazy" decoding="async" class="aligncenter size-full wp-image-542" src="https://userblogs.fu-berlin.de/fu-bar/files/2019/07/IMG_1558.jpg" alt="" width="6000" height="4000" srcset="https://userblogs.fu-berlin.de/fu-bar/files/2019/07/IMG_1558.jpg 6000w, https://userblogs.fu-berlin.de/fu-bar/files/2019/07/IMG_1558-300x200.jpg 300w, https://userblogs.fu-berlin.de/fu-bar/files/2019/07/IMG_1558-768x512.jpg 768w, https://userblogs.fu-berlin.de/fu-bar/files/2019/07/IMG_1558-1024x683.jpg 1024w" sizes="auto, (max-width: 767px) 89vw, (max-width: 1000px) 54vw, (max-width: 1071px) 543px, 580px" /></a>© FU Diagnostik</p>
<p>Weitere Eindrücke: <!--more--></p>
<p><a href="https://userblogs.fu-berlin.de/fu-bar/files/2019/07/IMG_1572.jpg"><img loading="lazy" decoding="async" class="size-thumbnail wp-image-543 alignnone" src="https://userblogs.fu-berlin.de/fu-bar/files/2019/07/IMG_1572-150x150.jpg" alt="" width="150" height="150" srcset="https://userblogs.fu-berlin.de/fu-bar/files/2019/07/IMG_1572-150x150.jpg 150w, https://userblogs.fu-berlin.de/fu-bar/files/2019/07/IMG_1572-100x100.jpg 100w" sizes="auto, (max-width: 150px) 100vw, 150px" /></a>   <a href="https://userblogs.fu-berlin.de/fu-bar/files/2019/07/IMG_1587.jpg"><img loading="lazy" decoding="async" class="alignnone size-thumbnail wp-image-545" src="https://userblogs.fu-berlin.de/fu-bar/files/2019/07/IMG_1587-150x150.jpg" alt="" width="150" height="150" srcset="https://userblogs.fu-berlin.de/fu-bar/files/2019/07/IMG_1587-150x150.jpg 150w, https://userblogs.fu-berlin.de/fu-bar/files/2019/07/IMG_1587-100x100.jpg 100w" sizes="auto, (max-width: 150px) 100vw, 150px" /></a>  <a href="https://userblogs.fu-berlin.de/fu-bar/files/2019/07/IMG_1592.jpg"><img loading="lazy" decoding="async" class="alignnone size-thumbnail wp-image-546" src="https://userblogs.fu-berlin.de/fu-bar/files/2019/07/IMG_1592-150x150.jpg" alt="" width="150" height="150" srcset="https://userblogs.fu-berlin.de/fu-bar/files/2019/07/IMG_1592-150x150.jpg 150w, https://userblogs.fu-berlin.de/fu-bar/files/2019/07/IMG_1592-100x100.jpg 100w" sizes="auto, (max-width: 150px) 100vw, 150px" /></a><a href="https://userblogs.fu-berlin.de/fu-bar/files/2019/07/IMG_1627.jpg"><img loading="lazy" decoding="async" class="alignnone size-thumbnail wp-image-551" src="https://userblogs.fu-berlin.de/fu-bar/files/2019/07/IMG_1627-150x150.jpg" alt="" width="150" height="150" srcset="https://userblogs.fu-berlin.de/fu-bar/files/2019/07/IMG_1627-150x150.jpg 150w, https://userblogs.fu-berlin.de/fu-bar/files/2019/07/IMG_1627-100x100.jpg 100w" sizes="auto, (max-width: 150px) 100vw, 150px" /></a><a href="https://userblogs.fu-berlin.de/fu-bar/files/2019/07/IMG_1638.jpg"><img loading="lazy" decoding="async" class="alignnone size-thumbnail wp-image-554" src="https://userblogs.fu-berlin.de/fu-bar/files/2019/07/IMG_1638-150x150.jpg" alt="" width="150" height="150" srcset="https://userblogs.fu-berlin.de/fu-bar/files/2019/07/IMG_1638-150x150.jpg 150w, https://userblogs.fu-berlin.de/fu-bar/files/2019/07/IMG_1638-100x100.jpg 100w" sizes="auto, (max-width: 150px) 100vw, 150px" /></a><a href="https://userblogs.fu-berlin.de/fu-bar/files/2019/07/IMG_1633.jpg"><img loading="lazy" decoding="async" class="alignnone size-thumbnail wp-image-553" src="https://userblogs.fu-berlin.de/fu-bar/files/2019/07/IMG_1633-150x150.jpg" alt="" width="150" height="150" srcset="https://userblogs.fu-berlin.de/fu-bar/files/2019/07/IMG_1633-150x150.jpg 150w, https://userblogs.fu-berlin.de/fu-bar/files/2019/07/IMG_1633-100x100.jpg 100w" sizes="auto, (max-width: 150px) 100vw, 150px" /></a><a href="https://userblogs.fu-berlin.de/fu-bar/files/2019/07/IMG_1496-1.jpg"><img loading="lazy" decoding="async" class="alignnone size-thumbnail wp-image-556" src="https://userblogs.fu-berlin.de/fu-bar/files/2019/07/IMG_1496-1-150x150.jpg" alt="" width="150" height="150" srcset="https://userblogs.fu-berlin.de/fu-bar/files/2019/07/IMG_1496-1-150x150.jpg 150w, https://userblogs.fu-berlin.de/fu-bar/files/2019/07/IMG_1496-1-100x100.jpg 100w" sizes="auto, (max-width: 150px) 100vw, 150px" /></a><a href="https://userblogs.fu-berlin.de/fu-bar/files/2019/07/IMG_1527-1.jpg"><img loading="lazy" decoding="async" class="alignnone size-thumbnail wp-image-560" src="https://userblogs.fu-berlin.de/fu-bar/files/2019/07/IMG_1527-1-150x150.jpg" alt="" width="150" height="150" srcset="https://userblogs.fu-berlin.de/fu-bar/files/2019/07/IMG_1527-1-150x150.jpg 150w, https://userblogs.fu-berlin.de/fu-bar/files/2019/07/IMG_1527-1-100x100.jpg 100w" sizes="auto, (max-width: 150px) 100vw, 150px" /></a></p>
<p>Alle Bilder © FU Diagnostik</p>

<p>What we do is what we get &#8211; Mehr Qualität in Personalauswahl und -entwicklung 03. Juli 2019 &#8211; 17 Uhr Das war die 3. FU bar und das war unser Programm. Insgesamt war es eine gelungene Veranstaltung mit interessierten Gästen, spannenden Vorträgen und kühlen Getränken in jazziger Atmosphäre. Wir sagen DANKE! © FU Diagnostik © &hellip; </p>
<p class="link-more"><a href="https://userblogs.fu-berlin.de/fu-bar/3-fu-bar/" class="more-link"><span class="screen-reader-text">„3. FU bar“</span> weiterlesen</a></p>
