{"id":291,"date":"2022-08-07T12:53:22","date_gmt":"2022-08-07T10:53:22","guid":{"rendered":"https:\/\/userblogs.fu-berlin.de\/furad\/?page_id=291"},"modified":"2022-08-07T12:53:23","modified_gmt":"2022-08-07T10:53:23","slug":"allblogposts","status":"publish","type":"page","link":"https:\/\/userblogs.fu-berlin.de\/furad\/allblogposts\/","title":{"rendered":"alle Beitr\u00e4ge \u00a0\u2022 all blogposts"},"content":{"rendered":"<ul class=\"wp-block-latest-posts__list has-dates wp-block-latest-posts\"><li><a class=\"wp-block-latest-posts__post-title\" href=\"https:\/\/userblogs.fu-berlin.de\/furad\/2025\/06\/17\/offene-reparatur-workshops-bei-furad\/\">Offene Reparatur-Workshops bei FUrad!<\/a><time datetime=\"2025-06-17T13:51:40+02:00\" class=\"wp-block-latest-posts__post-date\">17. Juni 2025<\/time><div class=\"wp-block-latest-posts__post-excerpt\">Im Rahmen der Sustainability Days an der FU bieten wir am 03. Juli zwei Workshops f\u00fcr Einsteiger:innen an. Die Teilnahme ist kostenlos. Anmeldung erforderlich unter: Janet.Wagner@fu-berlin.de Workshop 1: Flicken eines platten Schlauches. 10 Uhr @FUrad in der Fabeckstr. 30 Workshop 2: Einstellen von mechanischen Bremsen und Schaltungen. 14 Uhr @FUrad in der Fabeckstr. 30(Hier k\u00f6nnen gerne eigene Fahrr\u00e4der zum \u00fcben mitgebracht werden!)<\/div><\/li>\n<li><a class=\"wp-block-latest-posts__post-title\" href=\"https:\/\/userblogs.fu-berlin.de\/furad\/2025\/06\/11\/die-campus-leben-redaktion-besucht-furad\/\">Die Campus.Leben-Redaktion besucht FUrad<\/a><time datetime=\"2025-06-11T22:52:27+02:00\" class=\"wp-block-latest-posts__post-date\">11. Juni 2025<\/time><div class=\"wp-block-latest-posts__post-excerpt\">Das Online-Magazin der FU hat uns im Juni 2025 in der Werkstatt besucht. Im Artikel berichtet Otto von der neuen Flinta*-Schicht, dem Aufbau des Fahrrad-Fundus und unserem dringenden Platzbedarf.<\/div><\/li>\n<li><a class=\"wp-block-latest-posts__post-title\" href=\"https:\/\/userblogs.fu-berlin.de\/furad\/2025\/05\/21\/neu-bei-uns-flinta-schrauben\/\">Neu bei uns: Flinta*-Schrauben<\/a><time datetime=\"2025-05-21T17:12:23+02:00\" class=\"wp-block-latest-posts__post-date\">21. Mai 2025<\/time><div class=\"wp-block-latest-posts__post-excerpt\">Ab n\u00e4chster Woche m\u00f6chten wir zus\u00e4tzlich zu unseren regul\u00e4ren \u00d6ffnungszeiten einmal im Monat zum Flinta*-Schrauben einladen: Immer am letzten Dienstag des Monats von 15 bis 19 Uhr. (Der erste Termin ist schon n\u00e4chste Woche!) An diesen Nachmittagen sind alle Personen herzlich willkommen, die sich als Flinta* (Frauen, Lesben, inter, non-bin\u00e4re, trans und agender Personen) identifizieren. Zu den Flinta*-Schichten sind Flinta*-Schrauberinnen unseres FUrad-Teams da. Unser Ziel ist es, FUrad langfristig zug\u00e4nglich &#8230; <a title=\"Neu bei uns: Flinta*-Schrauben\" class=\"read-more\" href=\"https:\/\/userblogs.fu-berlin.de\/furad\/2025\/05\/21\/neu-bei-uns-flinta-schrauben\/\" aria-label=\"Mehr Informationen \u00fcber Neu bei uns: Flinta*-Schrauben\">Weiterlesen<\/a><\/div><\/li>\n<li><a class=\"wp-block-latest-posts__post-title\" href=\"https:\/\/userblogs.fu-berlin.de\/furad\/2025\/03\/09\/wir-sind-futuristinnen\/\">Wir sind FUturist:innen!<\/a><time datetime=\"2025-03-09T11:36:50+01:00\" class=\"wp-block-latest-posts__post-date\">9. M\u00e4rz 2025<\/time><div class=\"wp-block-latest-posts__post-excerpt\">Wir haben 5.000\u20ac gewonnen! Bei der &#8222;FUturist&#8220;-Preisausschreibung der Freien Universit\u00e4t\u00a0haben wir f\u00fcr die Idee eines erweiterten &#8222;Fahrrad Fundus f\u00fcr Reparatur und Wiederverwertung&#8220; als eine von 5 Initiativen eine finanzielle F\u00f6rderung f\u00fcr das Jahr 2025 zugesagt bekommen. Mehr dazu k\u00f6nnt ihr auf den Projektwebsites lesen. Mit den Mitteln wollen wir unter anderem ein gro\u00dfes Lager an gebrauchten Ersatzteilen in speziellen Regalen aufbauen und noch mehr Arbeitspl\u00e4tze f\u00fcr unsere Werkstatt schaffen. Dazu &#8230; <a title=\"Wir sind FUturist:innen!\" class=\"read-more\" href=\"https:\/\/userblogs.fu-berlin.de\/furad\/2025\/03\/09\/wir-sind-futuristinnen\/\" aria-label=\"Mehr Informationen \u00fcber Wir sind FUturist:innen!\">Weiterlesen<\/a><\/div><\/li>\n<li><a class=\"wp-block-latest-posts__post-title\" href=\"https:\/\/userblogs.fu-berlin.de\/furad\/2025\/01\/22\/furad-sucht-neue-schrauberinnen-2\/\">FUrad sucht neue Schrauber:innen!<\/a><time datetime=\"2025-01-22T22:08:18+01:00\" class=\"wp-block-latest-posts__post-date\">22. Januar 2025<\/time><div class=\"wp-block-latest-posts__post-excerpt\">Du hast Lust, mit anderen am Rad zu drehen? Komm zum offenen Plenum oder dem Onboarding und lerne uns bei Kaltgetr\u00e4nken &amp; Keksen kennen! Vorwissen Egal, DIY-Abenteuer, Spa\u00df und Ehrenamt sind garantiert\u00a0\ud83d\ude42 Beim Plenum besprechen wir die neue Semesterplanung und alles m\u00f6gliche zur Werkstatt. Beim Onboarding kannst jederzeit vorbei kommen und dir anschauen, wie eine Schicht bei FUrad abl\u00e4uft. Wir freuen uns auf dich!(Falls du nur zu einem Termine kommen &#8230; <a title=\"FUrad sucht neue Schrauber:innen!\" class=\"read-more\" href=\"https:\/\/userblogs.fu-berlin.de\/furad\/2025\/01\/22\/furad-sucht-neue-schrauberinnen-2\/\" aria-label=\"Mehr Informationen \u00fcber FUrad sucht neue Schrauber:innen!\">Weiterlesen<\/a><\/div><\/li>\n<li><a class=\"wp-block-latest-posts__post-title\" href=\"https:\/\/userblogs.fu-berlin.de\/furad\/2024\/10\/18\/furad-sucht-neue-schrauberinnen\/\">FUrad sucht neue Schrauber:innen!<\/a><time datetime=\"2024-10-18T11:22:51+02:00\" class=\"wp-block-latest-posts__post-date\">18. Oktober 2024<\/time><div class=\"wp-block-latest-posts__post-excerpt\">Du hast Lust, mit anderen am Rad zu drehen? Komm zum offenen Plenum oder dem Onboarding und lerne uns bei Kaltgetr\u00e4nken &amp; Keksen kennen! Vorwissen Egal, DIY-Abenteuer, Spa\u00df und Ehrenamt sind garantiert \ud83d\ude42 Beim Plenum besprechen wir die neue Semesterplanung und alles m\u00f6gliche zur Werkstatt. Beim Onboarding kannst jederzeit vorbei kommen und dir anschauen, wie eine Schicht bei FUrad abl\u00e4uft. Wir freuen uns auf dich! 21.10.24 Offenes Plenum (16Uhr in &#8230; <a title=\"FUrad sucht neue Schrauber:innen!\" class=\"read-more\" href=\"https:\/\/userblogs.fu-berlin.de\/furad\/2024\/10\/18\/furad-sucht-neue-schrauberinnen\/\" aria-label=\"Mehr Informationen \u00fcber FUrad sucht neue Schrauber:innen!\">Weiterlesen<\/a><\/div><\/li>\n<li><a class=\"wp-block-latest-posts__post-title\" href=\"https:\/\/userblogs.fu-berlin.de\/furad\/2022\/10\/01\/onboarding\/\">Onboarding: Kennenlern-Veranstaltung! \u00a0\u2022 get to know us event!<\/a><time datetime=\"2022-10-01T07:00:00+02:00\" class=\"wp-block-latest-posts__post-date\">1. Oktober 2022<\/time><div class=\"wp-block-latest-posts__post-excerpt\">-English see below- \ud83c\udde9\ud83c\uddea Es ist soweit: Das neue Wintersemester geht los und wir laden dich ein! M\u00f6chtest du bei uns mitmachen oder mal schauen, wie wir so drauf sind? Komm&#8216; vorbei und lerne uns und die Werkstatt kennen. Wir suchen viele neue Menschen, die sich ehrenamtlich engagieren m\u00f6chten. Wann und Wo? Am 17.10.2022 von 14 &#8211; 19 Uhr in der Werkstatt, hier findest du mit Google Maps zu uns: &#8230; <a title=\"Onboarding: Kennenlern-Veranstaltung! \u00a0\u2022 get to know us event!\" class=\"read-more\" href=\"https:\/\/userblogs.fu-berlin.de\/furad\/2022\/10\/01\/onboarding\/\" aria-label=\"Mehr Informationen \u00fcber Onboarding: Kennenlern-Veranstaltung! \u00a0\u2022 get to know us event!\">Weiterlesen<\/a><\/div><\/li>\n<li><a class=\"wp-block-latest-posts__post-title\" href=\"https:\/\/userblogs.fu-berlin.de\/furad\/2022\/09\/19\/wettbewerb\/\">Wir sind jetzt Jury \u00a0\u2022  we are now jury<\/a><time datetime=\"2022-09-19T00:00:00+02:00\" class=\"wp-block-latest-posts__post-date\">19. September 2022<\/time><div class=\"wp-block-latest-posts__post-excerpt\">\ud83c\udde9\ud83c\uddea Die Freie Universit\u00e4t veranstaltet einen Ideenwettbewerb! Alle Studierenden au\u00dfer Erstis (Erst-Semester) k\u00f6nnen und sollten an dem Ideenwettbewerb f\u00fcr einen besseren, einen lebenswerteren Campus teilnehmen! Dabei geht es um alle Campus der FU, also Dahlem, D\u00fcppel und Lankwitz. Mit dem Wettbewerb k\u00f6nnt ihr an der Uni etwas ver\u00e4ndern, Bewegung in die Debatte um Klimawandel, Bioklima, Gesundheit und Wohlbefinden bringen! FUrad ist in der Jury, weil wir darum gebeten wurden. Die &#8230; <a title=\"Wir sind jetzt Jury \u00a0\u2022  we are now jury\" class=\"read-more\" href=\"https:\/\/userblogs.fu-berlin.de\/furad\/2022\/09\/19\/wettbewerb\/\" aria-label=\"Mehr Informationen \u00fcber Wir sind jetzt Jury \u00a0\u2022  we are now jury\">Weiterlesen<\/a><\/div><\/li>\n<li><a class=\"wp-block-latest-posts__post-title\" href=\"https:\/\/userblogs.fu-berlin.de\/furad\/2022\/07\/06\/exam-phase\/\">Pr\u00fcfungsphase \u2022 exam phase<\/a><time datetime=\"2022-07-06T16:50:27+02:00\" class=\"wp-block-latest-posts__post-date\">6. Juli 2022<\/time><div class=\"wp-block-latest-posts__post-excerpt\">Hi an Alle! Die Pr\u00fcfungs- und Hausarbeitphasen haben f\u00fcr uns genauso begonnen, wie f\u00fcr alle Studierenden in Berlin und Brandenburg.Da wir immer noch nicht besonders stark unsere Schichten besetzen konnten, hei\u00dft dass konkret:In n\u00e4chster Zeit fallen vermehrt Schichten aus! Bitte erkundigt euch kurz vor eurem Besuch auf Google Maps oder in der Google Suche, ob wir auch wirklich offen haben! Wir aktualisieren das dort immer.Herzlichen Dank f\u00fcr euer Verst\u00e4ndnis, und &#8230; <a title=\"Pr\u00fcfungsphase \u2022 exam phase\" class=\"read-more\" href=\"https:\/\/userblogs.fu-berlin.de\/furad\/2022\/07\/06\/exam-phase\/\" aria-label=\"Mehr Informationen \u00fcber Pr\u00fcfungsphase \u2022 exam phase\">Weiterlesen<\/a><\/div><\/li>\n<li><a class=\"wp-block-latest-posts__post-title\" href=\"https:\/\/userblogs.fu-berlin.de\/furad\/2022\/05\/09\/newmembers\/\">Wir suchen dringend Mitglieder \u2022 We&#8217;re urgently looking for members<\/a><time datetime=\"2022-05-09T07:00:00+02:00\" class=\"wp-block-latest-posts__post-date\">9. Mai 2022<\/time><div class=\"wp-block-latest-posts__post-excerpt\">Wir m\u00f6chten weiterhin gerne FUrad betreiben und hoffen sogar f\u00fcr das gerade neu gestartete Sommersemester 2022 auf noch mehr Besucher! Gerade jetzt, wo die Klimadebatte vielen zeigt, dass das Rad auch eine Alternative sein kann, ben\u00f6tigen wir noch ein paar Mitglieder, damit wir den Betrieb und die Organisation st\u00e4mmen k\u00f6nnen! Was hei\u00dft &#8222;Mitglied? Wir quatschen Miteinander Als Mitglied bist du bei uns in der internen Kommunikation eingebunden. Das Plenum Wir &#8230; <a title=\"Wir suchen dringend Mitglieder \u2022 We&#8217;re urgently looking for members\" class=\"read-more\" href=\"https:\/\/userblogs.fu-berlin.de\/furad\/2022\/05\/09\/newmembers\/\" aria-label=\"Mehr Informationen \u00fcber Wir suchen dringend Mitglieder \u2022 We&#8217;re urgently looking for members\">Weiterlesen<\/a><\/div><\/li>\n<li><a class=\"wp-block-latest-posts__post-title\" href=\"https:\/\/userblogs.fu-berlin.de\/furad\/2022\/04\/05\/neue-offizielle-website-%e2%80%a2-new-official-website\/\">Neue offizielle Website \u2022 new official website<\/a><time datetime=\"2022-04-05T09:52:07+02:00\" class=\"wp-block-latest-posts__post-date\">5. April 2022<\/time><div class=\"wp-block-latest-posts__post-excerpt\">Liebe Alle, herzlich willkommen auf der neuen offiziellen Website von FUrad! Wir haben unser System aus verschiedenen Gr\u00fcnden umgestellt, ein entscheidender Grund war die Erreichbarkeit unserer Website. Wie ihr vielleicht bereits bemerkt habt, lautet unsere offizielle Domain immer noch furad.de , jedoch werdet ihr automatisch auf unsere FU-Blog-Adresse weitergeleitet (userblogs.fu-berlin.de\/furad). Da wir nicht genau wissen, ob sich diese Blog-Adresse noch einmal \u00e4ndert, m\u00fcsst ihr euch eigentlich nichts anderes merken au\u00dfer &#8230; <a title=\"Neue offizielle Website \u2022 new official website\" class=\"read-more\" href=\"https:\/\/userblogs.fu-berlin.de\/furad\/2022\/04\/05\/neue-offizielle-website-%e2%80%a2-new-official-website\/\" aria-label=\"Mehr Informationen \u00fcber Neue offizielle Website \u2022 new official website\">Weiterlesen<\/a><\/div><\/li>\n<\/ul>","protected":false},"excerpt":{"rendered":"","protected":false},"author":6410,"featured_media":0,"parent":0,"menu_order":0,"comment_status":"closed","ping_status":"closed","template":"","meta":{"footnotes":""},"class_list":["post-291","page","type-page","status-publish"],"_links":{"self":[{"href":"https:\/\/userblogs.fu-berlin.de\/furad\/wp-json\/wp\/v2\/pages\/291","targetHints":{"allow":["GET"]}}],"collection":[{"href":"https:\/\/userblogs.fu-berlin.de\/furad\/wp-json\/wp\/v2\/pages"}],"about":[{"href":"https:\/\/userblogs.fu-berlin.de\/furad\/wp-json\/wp\/v2\/types\/page"}],"author":[{"embeddable":true,"href":"https:\/\/userblogs.fu-berlin.de\/furad\/wp-json\/wp\/v2\/users\/6410"}],"replies":[{"embeddable":true,"href":"https:\/\/userblogs.fu-berlin.de\/furad\/wp-json\/wp\/v2\/comments?post=291"}],"version-history":[{"count":8,"href":"https:\/\/userblogs.fu-berlin.de\/furad\/wp-json\/wp\/v2\/pages\/291\/revisions"}],"predecessor-version":[{"id":299,"href":"https:\/\/userblogs.fu-berlin.de\/furad\/wp-json\/wp\/v2\/pages\/291\/revisions\/299"}],"wp:attachment":[{"href":"https:\/\/userblogs.fu-berlin.de\/furad\/wp-json\/wp\/v2\/media?parent=291"}],"curies":[{"name":"wp","href":"https:\/\/api.w.org\/{rel}","templated":true}]}}