{"id":1402,"date":"2020-07-07T12:55:11","date_gmt":"2020-07-07T10:55:11","guid":{"rendered":"https:\/\/userblogs.fu-berlin.de\/genome-editing\/?page_id=1402"},"modified":"2022-06-27T13:49:54","modified_gmt":"2022-06-27T11:49:54","slug":"was-sind-eigentlich-argumente","status":"publish","type":"page","link":"https:\/\/userblogs.fu-berlin.de\/genome-editing\/lernen\/argumentieren\/stuetze-deine-meinung-mit-einem-argument\/was-sind-eigentlich-argumente\/","title":{"rendered":"Bau dir ein Argument"},"content":{"rendered":"\n<div style=\"height:20px\" aria-hidden=\"true\" class=\"wp-block-spacer\"><\/div>\n\n\n\n<div class=\"wp-block-cover is-light\" style=\"min-height:229px;aspect-ratio:unset;\"><span aria-hidden=\"true\" class=\"wp-block-cover__background has-very-light-gray-background-color has-background-dim-10 has-background-dim\"><\/span><img loading=\"lazy\" decoding=\"async\" width=\"1000\" height=\"667\" class=\"wp-block-cover__image-background wp-image-269\" alt=\"\" src=\"https:\/\/userblogs.fu-berlin.de\/genome-editing\/files\/2020\/03\/bill-oxford-fGqsewtsJY-unsplash-e1596009512395.jpg\" data-object-fit=\"cover\" \/><div class=\"wp-block-cover__inner-container is-layout-flow wp-block-cover-is-layout-flow\">\n<h1 class=\"has-text-align-center has-text-color wp-block-heading\" style=\"color:#ffffff\"><strong>Baue dir ein Argument<\/strong><\/h1>\n<\/div><\/div>\n\n\n\n<div style=\"height:20px\" aria-hidden=\"true\" class=\"wp-block-spacer\"><\/div>\n\n\n\n<div style=\"height:20px\" aria-hidden=\"true\" class=\"wp-block-spacer\"><\/div>\n\n\n\n<p><em>Ein Beitrag von Annett Wienmeister<\/em><\/p>\n\n\n<h4 style=\"text-align: center\">Was sind Argumente?<\/h4>\n\n\n<p>Wenn wir argumentieren, wollen wir andere davon \u00fcberzeugen, dass unsere Meinung wahr ist. Daf\u00fcr brauchen wir gute Argumente, die \u00fcber ein blo\u00dfes intuitives Bauchgef\u00fchl hinausgehen, damit andere die Gr\u00fcnde f\u00fcr unsere \u00dcberzeugung nachvollziehen und dazu Stellung nehmen k\u00f6nnen. Wie kommen wir aber jetzt von einer Meinung zu einem Argument? Wir m\u00fcssen unsere Meinung begr\u00fcnden und das hei\u00dft, dass wir sie durch andere Aussagen &#8211; die Pr\u00e4missen &#8211; st\u00fctzen. Aus unserer Meinung wird dadurch eine begr\u00fcndete Aussage &#8211; die Konklusion. Ein Argument ist also eine Aneinanderreihung von Aussagen, von denen die Pr\u00e4missen eine begr\u00fcndende Funktion f\u00fcr die Konklusion haben. Wenn wir ein Argument vorbringen, behaupten wir, dass die Aussage der Konklusion wahr ist, weil die Aussagen in den Pr\u00e4missen wahr sind.<\/p>\n\n\n\n<div class=\"wp-block-columns is-layout-flex wp-container-core-columns-is-layout-28f84493 wp-block-columns-is-layout-flex\">\n<div class=\"wp-block-column is-layout-flow wp-block-column-is-layout-flow\" style=\"flex-basis:25%\"><\/div>\n\n\n\n<div class=\"wp-block-column is-layout-flow wp-block-column-is-layout-flow\" style=\"flex-basis:50%\">\n<div class=\"wp-block-group has-background is-layout-flow wp-block-group-is-layout-flow\" style=\"background-color:#d5e5f2\">\n<div style=\"height:20px\" aria-hidden=\"true\" class=\"wp-block-spacer\"><\/div>\n\n\n\n<p>Ein <strong>Argument<\/strong> ist eine Aneinanderreihung von Aussagen, von denen die begr\u00fcndenden Aussagen (die Pr\u00e4missen) eine andere Aussage (die Konklusion) begr\u00fcnden. <\/p>\n\n\n\n<div style=\"height:20px\" aria-hidden=\"true\" class=\"wp-block-spacer\"><\/div>\n<\/div>\n<\/div>\n\n\n\n<div class=\"wp-block-column is-layout-flow wp-block-column-is-layout-flow\" style=\"flex-basis:25%\"><\/div>\n<\/div>\n\n\n\n<p>Pr\u00e4missen und Konklusionen lassen sich in einem Text oder in einem Gespr\u00e4ch nicht immer auf den ersten Blick auseinanderhalten. Manchmal finden sich aber kleine W\u00f6rter, die eine Pr\u00e4misse oder eine Konklusion ank\u00fcndigen. Beispiele f\u00fcr W\u00f6rter, die eine Pr\u00e4misse ank\u00fcndigen sind z. B. die W\u00f6rter \u201eweil\u201c, \u201eda\u201c und \u201eaufgrund\u201c. Konklusionen werden in einem Satz oftmals durch die W\u00f6rter \u201ealso\u201c, \u201edeshalb\u201c, \u201efolglich\u201c oder \u201edemnach\u201c angezeigt.<\/p>\n\n\n\n<p>In der folgenden \u00dcbung sind einige \u00dcberzeugungen aufgef\u00fchrt, die jeweils durch eine Pr\u00e4misse begr\u00fcndet werden. Kannst du herausfinden, welcher Teilsatz die Konklusion ist und welcher die Pr\u00e4misse?<\/p>\n\n\n\n<div style=\"height:20px\" aria-hidden=\"true\" class=\"wp-block-spacer\"><\/div>\n\n\n<div class=\"h5p-iframe-wrapper\"><iframe id=\"h5p-iframe-53\" class=\"h5p-iframe\" data-content-id=\"53\" style=\"height:1px\" src=\"about:blank\" frameBorder=\"0\" scrolling=\"no\" title=\"Pr\u00e4misse oder Konklusion?\"><\/iframe><\/div>\n\n\n\n<div style=\"height:20px\" aria-hidden=\"true\" class=\"wp-block-spacer\"><\/div>\n\n\n\n<p>Man unterscheidet deskriptive und normative Aussagen, folglich auch deskriptive und normative Pr\u00e4missen und Konklusionen. Deskriptive Aussagen sind beschreibende Aussagen, mit denen behauptet wird, dass etwas der Fall ist, so z. B. &#8222;Die Stra\u00dfe ist nass&#8220;. Normative Aussagen sind wertende Aussagen, mit denen behauptet wird, dass etwas der Fall sein soll oder auch nicht der Fall sein soll.  Wertende Aussagen sind beispielsweise Behauptungen dar\u00fcber, was gut oder schlecht ist oder was geboten oder verboten ist. Ein Beispiel w\u00e4re &#8222;Versprechen soll man halten.&#8220;  <\/p>\n\n\n\n<p>Mithilfe der Unterscheidung zwischen deskriptiven und normativen Aussagen kann man auch eine weitere wichtige Unterscheidung deutlich machen: die Unterscheidung zwischen deskriptiven und normativen Argumenten. Deskriptive Argumente enthalten ausschlie\u00dflich beschreibende Aussagen. Ein beliebtes, einfaches Beispiel ist Folgendes: Wenn es regnet, wird die Stra\u00dfe nass (Pr\u00e4misse 1). Es regnet (Pr\u00e4misse 2). Also wird die Stra\u00dfe nass (Konklusion).&nbsp; Moralische Argumente enthalten im Unterschied zu deskriptiven Argumenten mindestens eine normative Pr\u00e4misse und eine normative Konklusion. Eine sehr g\u00e4ngige Form eines moralischen Arguments ist der sogenannte Praktische Syllogismus. Dieser besteht aus einer normativen Pr\u00e4misse (dem sogenannten allgemeinen Obersatz), einer deskriptiven Pr\u00e4misse (dem sogenannten Untersatz) und einer normativen Konklusion. Der Praktische Syllogismus sagt uns demzufolge, was wir tun sollen oder was gut f\u00fcr uns ist. Bei einem bekannten Philosophen aus der Antike mit dem Namen Aristoteles findet sich folgendes Beispiel &#8211; es ist in der sogenannten Standardform f\u00fcr die Rekonstruktion eines Arguments aufgef\u00fchrt:<\/p>\n\n\n\n<div class=\"wp-block-columns is-layout-flex wp-container-core-columns-is-layout-28f84493 wp-block-columns-is-layout-flex\">\n<div class=\"wp-block-column is-layout-flow wp-block-column-is-layout-flow\"><\/div>\n\n\n\n<div class=\"wp-block-column is-layout-flow wp-block-column-is-layout-flow\">\n<div class=\"wp-block-group has-background is-layout-flow wp-block-group-is-layout-flow\" style=\"background-color:#d5e5f2\">\n<p style=\"text-align: center\">Beispiel f\u00fcr einen <strong>Praktischen Syllogismus<\/strong>&nbsp;<\/p>\n<ol>\n<li>Alles S\u00fc\u00dfe soll man genie\u00dfen. (Pr\u00e4misse 1, normativer, allgemeiner Obersatz)<\/li>\n<li>Dies hier ist s\u00fc\u00df. (Pr\u00e4misse 2, deskriptiver Untersatz)<\/li>\n<li>Also soll man dieses S\u00fc\u00dfe hier genie\u00dfen. (Normative Konklusion)<\/li>\n<\/ol>\n<\/div>\n<\/div>\n\n\n\n<div class=\"wp-block-column is-layout-flow wp-block-column-is-layout-flow\"><\/div>\n<\/div>\n\n\n\n<p>Wichtig beim Praktischen Syllogismus ist, dass die normative Verbindlichkeit in der Konklusion nur folgt, wenn bereits der Obersatz einen normativen Gehalt hat. Ist dies nicht der Fall, wird nicht ersichtlich woher der normative Gehalt der Konklusion kommen soll. In diesem Fall l\u00e4ge ein Sein-Sollen-Fehlschluss vor (N\u00e4heres dazu findest du unter <a href=\"https:\/\/userblogs.fu-berlin.de\/genome-editing\/kritik-an-der-begruendungsbeziehung\/\">&#8222;Kritik an der Begr\u00fcndungsbeziehung&#8220;<\/a>). Dar\u00fcber hinaus l\u00e4sst sich nat\u00fcrlich streiten, ob wir die Pr\u00e4missen f\u00fcr wahr halten &#8211; ist es wirklich so, dass man alles S\u00fc\u00dfe genie\u00dfen soll? Ist das hier vor mir Liegende wirklich s\u00fc\u00df? Sollten die Pr\u00e4missen nicht wahr sein, w\u00fcrde auch die normative Konklusion nicht folgen (schau dir dazu gerne den Beitrag <a href=\"https:\/\/userblogs.fu-berlin.de\/genome-editing\/inhaltliche-kritik\/\">&#8222;Kritik am Inhalt der Pr\u00e4missen&#8220; <\/a>an).<\/p>\n\n\n\n<div style=\"height:20px\" aria-hidden=\"true\" class=\"wp-block-spacer\"><\/div>\n\n\n<h4 style=\"text-align: center\">Jetzt bist du dran &#8211; baue dein Bauchgef\u00fchl zu einem vollst\u00e4ndigen Argument aus!<\/h4>\n<h4 style=\"text-align: center\"><span style=\"color: #339966\">Bef\u00fcrwortung<\/span> &#8211; <span style=\"color: #0000ff\">Zur\u00fcckhaltung<\/span> &#8211; <span style=\"color: #ff0000\">Ablehnung<\/span><\/h4>\n\n\n<p>Erinnere dich, f\u00fcr welche Ausgangsmeinung du dich auf der Seite <a href=\"https:\/\/userblogs.fu-berlin.de\/genome-editing\/hoere-auf-dein-bauchgefuehl\/\">&#8222;H\u00f6re auf dein Bauchgef\u00fchl&#8220;<\/a> entschieden hast. Wenn du noch nicht auf dieser Seite warst, schau zun\u00e4chst dorthin. Vervollst\u00e4ndige im Anschluss das Argument, welches zu deiner gew\u00e4hlten Meinung geh\u00f6rt, also<span style=\"color:#000000\" class=\"has-inline-color\"> &#8222;Das Argument zur bef\u00fcrwortenden Meinung&#8220;, &#8222;Das Argument zur zur\u00fcckhaltenden Meinung&#8220; oder &#8222;Das Argument zur ablehnenden Meinung&#8220;.  Du kannst nat\u00fcrlich gerne auch alle drei Argumente vervollst\u00e4ndigen.<\/span><\/p>\n\n\n<div class=\"h5p-iframe-wrapper\"><iframe id=\"h5p-iframe-55\" class=\"h5p-iframe\" data-content-id=\"55\" style=\"height:1px\" src=\"about:blank\" frameBorder=\"0\" scrolling=\"no\" title=\"Vom Bauchgef\u00fchl zum Argument: 1. Die bef\u00fcrwortende Meinung\"><\/iframe><\/div>\n\n\n\n<div style=\"height:20px\" aria-hidden=\"true\" class=\"wp-block-spacer\"><\/div>\n\n\n<div class=\"h5p-iframe-wrapper\"><iframe id=\"h5p-iframe-56\" class=\"h5p-iframe\" data-content-id=\"56\" style=\"height:1px\" src=\"about:blank\" frameBorder=\"0\" scrolling=\"no\" title=\"Vom Bauchgef\u00fchl zum Argument: 2: Die zur\u00fcckhaltende Meinung\"><\/iframe><\/div>\n\n\n\n<div style=\"height:20px\" aria-hidden=\"true\" class=\"wp-block-spacer\"><\/div>\n\n\n<div class=\"h5p-iframe-wrapper\"><iframe id=\"h5p-iframe-57\" class=\"h5p-iframe\" data-content-id=\"57\" style=\"height:1px\" src=\"about:blank\" frameBorder=\"0\" scrolling=\"no\" title=\"Vom Bauchgef\u00fchl zum Argument: 3. Die ablehnende Meinung\"><\/iframe><\/div>\n\n\n\n<div style=\"height:20px\" aria-hidden=\"true\" class=\"wp-block-spacer\"><\/div>\n\n\n\n<p>Wunderbar &#8211; du hast deine Ausgangsmeinung zu einem vollst\u00e4ndigen Argument ausgebaut! Jetzt kannst du dazu \u00fcbergehen, das Argument kritisch zu pr\u00fcfen. Ist es wirklich wahr, was in den Pr\u00e4missen steht? Folgt die Konklusion tats\u00e4chlich? Auf der Seite <a href=\"https:\/\/userblogs.fu-berlin.de\/genome-editing\/lernen\/argumentieren\/hinterfrage-dein-argument\/\">&#8222;Hinterfrage dein Argument&#8220;<\/a> zeigen wir dir, wie das geht. <\/p>\n\n\n\n<div style=\"height:20px\" aria-hidden=\"true\" class=\"wp-block-spacer\"><\/div>\n\n\n\n<p>   <\/p>\n","protected":false},"excerpt":{"rendered":"<p>Ein Beitrag von Annett Wienmeister Was sind Argumente? Wenn wir [&hellip;]<\/p>\n","protected":false},"author":4281,"featured_media":0,"parent":1055,"menu_order":1,"comment_status":"closed","ping_status":"closed","template":"page-templates\/page_front-page.php","meta":{"footnotes":""},"class_list":["post-1402","page","type-page","status-publish","hentry"],"_links":{"self":[{"href":"https:\/\/userblogs.fu-berlin.de\/genome-editing\/wp-json\/wp\/v2\/pages\/1402","targetHints":{"allow":["GET"]}}],"collection":[{"href":"https:\/\/userblogs.fu-berlin.de\/genome-editing\/wp-json\/wp\/v2\/pages"}],"about":[{"href":"https:\/\/userblogs.fu-berlin.de\/genome-editing\/wp-json\/wp\/v2\/types\/page"}],"author":[{"embeddable":true,"href":"https:\/\/userblogs.fu-berlin.de\/genome-editing\/wp-json\/wp\/v2\/users\/4281"}],"replies":[{"embeddable":true,"href":"https:\/\/userblogs.fu-berlin.de\/genome-editing\/wp-json\/wp\/v2\/comments?post=1402"}],"version-history":[{"count":95,"href":"https:\/\/userblogs.fu-berlin.de\/genome-editing\/wp-json\/wp\/v2\/pages\/1402\/revisions"}],"predecessor-version":[{"id":8923,"href":"https:\/\/userblogs.fu-berlin.de\/genome-editing\/wp-json\/wp\/v2\/pages\/1402\/revisions\/8923"}],"up":[{"embeddable":true,"href":"https:\/\/userblogs.fu-berlin.de\/genome-editing\/wp-json\/wp\/v2\/pages\/1055"}],"wp:attachment":[{"href":"https:\/\/userblogs.fu-berlin.de\/genome-editing\/wp-json\/wp\/v2\/media?parent=1402"}],"curies":[{"name":"wp","href":"https:\/\/api.w.org\/{rel}","templated":true}]}}