{"id":1521,"date":"2020-07-08T15:51:25","date_gmt":"2020-07-08T13:51:25","guid":{"rendered":"https:\/\/userblogs.fu-berlin.de\/genome-editing\/?page_id=1521"},"modified":"2022-03-23T12:03:47","modified_gmt":"2022-03-23T11:03:47","slug":"materialien-lehre","status":"publish","type":"page","link":"https:\/\/userblogs.fu-berlin.de\/genome-editing\/ethik-vermitteln\/materialien-lehre\/","title":{"rendered":"Materialien: Wie haben andere es gemacht?"},"content":{"rendered":"\n<div style=\"height:20px\" aria-hidden=\"true\" class=\"wp-block-spacer\"><\/div>\n\n\n\n<p class=\"has-small-font-size\"><a href=\"https:\/\/userblogs.fu-berlin.de\/genome-editing\/\"><span style=\"color:#2c89a0\" class=\"has-inline-color\">Startseite<\/span><\/a> &gt; <strong>Materialien<\/strong><\/p>\n\n\n\n<div class=\"wp-block-cover has-background-dim\" style=\"background-color:#a02c5a;min-height:200px;aspect-ratio:unset;\"><div class=\"wp-block-cover__inner-container is-layout-flow wp-block-cover-is-layout-flow\">\n<h1 class=\"has-text-align-center wp-block-heading\">Materialien<\/h1>\n\n\n\n<h2 class=\"has-text-align-center wp-block-heading\">Wie haben es andere gemacht?<\/h2>\n\n\n\n<p><\/p>\n<\/div><\/div>\n\n\n\n<div style=\"height:20px\" aria-hidden=\"true\" class=\"wp-block-spacer\"><\/div>\n\n\n\n<div class=\"wp-block-columns is-layout-flex wp-container-core-columns-is-layout-28f84493 wp-block-columns-is-layout-flex\">\n<div class=\"wp-block-column is-layout-flow wp-block-column-is-layout-flow\">\n<figure class=\"wp-block-image size-full\"><a href=\"https:\/\/userblogs.fu-berlin.de\/genome-editing\/ethik-vermitteln\/materialien-lehre\/sophia-gerber-genome-editing-am-menschen\/\"><img loading=\"lazy\" decoding=\"async\" width=\"1280\" height=\"853\" src=\"https:\/\/userblogs.fu-berlin.de\/genome-editing\/files\/2021\/01\/subjectiveobjective.jpg\" alt=\"\" class=\"wp-image-8251\" srcset=\"https:\/\/userblogs.fu-berlin.de\/genome-editing\/files\/2021\/01\/subjectiveobjective.jpg 1280w, https:\/\/userblogs.fu-berlin.de\/genome-editing\/files\/2021\/01\/subjectiveobjective-300x200.jpg 300w, https:\/\/userblogs.fu-berlin.de\/genome-editing\/files\/2021\/01\/subjectiveobjective-1024x682.jpg 1024w, https:\/\/userblogs.fu-berlin.de\/genome-editing\/files\/2021\/01\/subjectiveobjective-768x512.jpg 768w, https:\/\/userblogs.fu-berlin.de\/genome-editing\/files\/2021\/01\/subjectiveobjective-830x553.jpg 830w, https:\/\/userblogs.fu-berlin.de\/genome-editing\/files\/2021\/01\/subjectiveobjective-230x153.jpg 230w, https:\/\/userblogs.fu-berlin.de\/genome-editing\/files\/2021\/01\/subjectiveobjective-350x233.jpg 350w, https:\/\/userblogs.fu-berlin.de\/genome-editing\/files\/2021\/01\/subjectiveobjective-480x320.jpg 480w, https:\/\/userblogs.fu-berlin.de\/genome-editing\/files\/2021\/01\/subjectiveobjective-250x167.jpg 250w, https:\/\/userblogs.fu-berlin.de\/genome-editing\/files\/2021\/01\/subjectiveobjective-550x367.jpg 550w, https:\/\/userblogs.fu-berlin.de\/genome-editing\/files\/2021\/01\/subjectiveobjective-800x533.jpg 800w, https:\/\/userblogs.fu-berlin.de\/genome-editing\/files\/2021\/01\/subjectiveobjective-270x180.jpg 270w, https:\/\/userblogs.fu-berlin.de\/genome-editing\/files\/2021\/01\/subjectiveobjective-450x300.jpg 450w, https:\/\/userblogs.fu-berlin.de\/genome-editing\/files\/2021\/01\/subjectiveobjective-750x500.jpg 750w\" sizes=\"auto, (max-width: 1280px) 100vw, 1280px\" \/><\/a><\/figure>\n\n\n\n<h4 class=\"has-text-align-center wp-block-heading\"><a href=\"https:\/\/userblogs.fu-berlin.de\/genome-editing\/ethik-vermitteln\/materialien-lehre\/sophia-gerber-genome-editing-am-menschen\/\">Unterrichtsreihe: Genome Editing am Menschen<\/a><\/h4>\n\n\n\n<p><em>Ein Beitrag von Sophia Gerber<\/em><br><\/p>\n\n\n\n<p>M\u00f6chtest du genau verstehen, was Genome Editing ist und dir eine Meinung dar\u00fcber bilden? Ein Gedankenexperiment ist zum Beispiel eine super M\u00f6glichkeit verschiedene Perspektiven einzunehmen. So kannst du lernen deine Wertvorstellungen zu reflektieren und auch Argumentationen von anderen nachzuvollziehen.  Die Unterrichtsreihe hilft dir dein Urteil zum Genome Editing zu bilden, zu reflektieren und zu begr\u00fcnden. <a href=\"https:\/\/userblogs.fu-berlin.de\/genome-editing\/ethik-vermitteln\/materialien-lehre\/sophia-gerber-genome-editing-am-menschen\/\">Klicke hier<\/a>!<\/p>\n<\/div>\n\n\n\n<div class=\"wp-block-column is-layout-flow wp-block-column-is-layout-flow\">\n<figure class=\"wp-block-image size-large\"><a href=\"https:\/\/userblogs.fu-berlin.de\/genome-editing\/ethik-vermitteln\/materialien-lehre\/tom-wellmann-wie-weit-darf-der-mensch-fuer-seine-zwecke-in-die-natur-eingreifen\/\"><img loading=\"lazy\" decoding=\"async\" width=\"1000\" height=\"662\" src=\"https:\/\/userblogs.fu-berlin.de\/genome-editing\/files\/2021\/01\/Eingriff_in_die_Natur.jpg\" alt=\"\" class=\"wp-image-6049\" srcset=\"https:\/\/userblogs.fu-berlin.de\/genome-editing\/files\/2021\/01\/Eingriff_in_die_Natur.jpg 1000w, https:\/\/userblogs.fu-berlin.de\/genome-editing\/files\/2021\/01\/Eingriff_in_die_Natur-300x199.jpg 300w, https:\/\/userblogs.fu-berlin.de\/genome-editing\/files\/2021\/01\/Eingriff_in_die_Natur-768x508.jpg 768w, https:\/\/userblogs.fu-berlin.de\/genome-editing\/files\/2021\/01\/Eingriff_in_die_Natur-830x549.jpg 830w, https:\/\/userblogs.fu-berlin.de\/genome-editing\/files\/2021\/01\/Eingriff_in_die_Natur-230x152.jpg 230w, https:\/\/userblogs.fu-berlin.de\/genome-editing\/files\/2021\/01\/Eingriff_in_die_Natur-350x232.jpg 350w, https:\/\/userblogs.fu-berlin.de\/genome-editing\/files\/2021\/01\/Eingriff_in_die_Natur-480x318.jpg 480w, https:\/\/userblogs.fu-berlin.de\/genome-editing\/files\/2021\/01\/Eingriff_in_die_Natur-250x166.jpg 250w, https:\/\/userblogs.fu-berlin.de\/genome-editing\/files\/2021\/01\/Eingriff_in_die_Natur-550x364.jpg 550w, https:\/\/userblogs.fu-berlin.de\/genome-editing\/files\/2021\/01\/Eingriff_in_die_Natur-800x530.jpg 800w, https:\/\/userblogs.fu-berlin.de\/genome-editing\/files\/2021\/01\/Eingriff_in_die_Natur-272x180.jpg 272w, https:\/\/userblogs.fu-berlin.de\/genome-editing\/files\/2021\/01\/Eingriff_in_die_Natur-453x300.jpg 453w, https:\/\/userblogs.fu-berlin.de\/genome-editing\/files\/2021\/01\/Eingriff_in_die_Natur-755x500.jpg 755w\" sizes=\"auto, (max-width: 1000px) 100vw, 1000px\" \/><\/a><\/figure>\n\n\n\n<h4 class=\"has-text-align-center wp-block-heading\"><a data-jzz-gui-player=\"true\" href=\"https:\/\/userblogs.fu-berlin.de\/genome-editing\/ethik-vermitteln\/materialien-lehre\/tom-wellmann-wie-weit-darf-der-mensch-fuer-seine-zwecke-in-die-natur-eingreifen\/\">Arbeitsblatt: Wie weit darf der Mensch in die Natur eingreifen?<\/a><\/h4>\n\n\n\n<p><em>Ein Beitrag von Tom Wellmann<\/em> <\/p>\n\n\n\n<p>Genome Editing wirft ein neues Licht auf unser Verst\u00e4ndnis von Nat\u00fcrlichkeit \u2013 ist es nat\u00fcrlich oder unnat\u00fcrlich ins menschliche Genom einzugreifen. Mache dir selbst ein Bild mit diesem <a href=\"https:\/\/userblogs.fu-berlin.de\/genome-editing\/ethik-vermitteln\/materialien-lehre\/tom-wellmann-wie-weit-darf-der-mensch-fuer-seine-zwecke-in-die-natur-eingreifen\/\">Arbeitsblatt<\/a>!<\/p>\n<\/div>\n\n\n\n<div class=\"wp-block-column is-layout-flow wp-block-column-is-layout-flow\">\n<figure class=\"wp-block-image size-large\"><a href=\"https:\/\/userblogs.fu-berlin.de\/genome-editing\/ethik-vermitteln\/materialien-lehre\/unterrichtsreihe-designer-babys\/\"><img loading=\"lazy\" decoding=\"async\" width=\"1024\" height=\"682\" src=\"https:\/\/userblogs.fu-berlin.de\/genome-editing\/files\/2021\/01\/people-3120717_1920-1024x682.jpg\" alt=\"\" class=\"wp-image-6772\" srcset=\"https:\/\/userblogs.fu-berlin.de\/genome-editing\/files\/2021\/01\/people-3120717_1920-1024x682.jpg 1024w, https:\/\/userblogs.fu-berlin.de\/genome-editing\/files\/2021\/01\/people-3120717_1920-300x200.jpg 300w, https:\/\/userblogs.fu-berlin.de\/genome-editing\/files\/2021\/01\/people-3120717_1920-768x512.jpg 768w, https:\/\/userblogs.fu-berlin.de\/genome-editing\/files\/2021\/01\/people-3120717_1920-1536x1023.jpg 1536w, https:\/\/userblogs.fu-berlin.de\/genome-editing\/files\/2021\/01\/people-3120717_1920-830x553.jpg 830w, https:\/\/userblogs.fu-berlin.de\/genome-editing\/files\/2021\/01\/people-3120717_1920-230x153.jpg 230w, https:\/\/userblogs.fu-berlin.de\/genome-editing\/files\/2021\/01\/people-3120717_1920-350x233.jpg 350w, https:\/\/userblogs.fu-berlin.de\/genome-editing\/files\/2021\/01\/people-3120717_1920-480x320.jpg 480w, https:\/\/userblogs.fu-berlin.de\/genome-editing\/files\/2021\/01\/people-3120717_1920-250x167.jpg 250w, https:\/\/userblogs.fu-berlin.de\/genome-editing\/files\/2021\/01\/people-3120717_1920-550x366.jpg 550w, https:\/\/userblogs.fu-berlin.de\/genome-editing\/files\/2021\/01\/people-3120717_1920-800x533.jpg 800w, https:\/\/userblogs.fu-berlin.de\/genome-editing\/files\/2021\/01\/people-3120717_1920-270x180.jpg 270w, https:\/\/userblogs.fu-berlin.de\/genome-editing\/files\/2021\/01\/people-3120717_1920-450x300.jpg 450w, https:\/\/userblogs.fu-berlin.de\/genome-editing\/files\/2021\/01\/people-3120717_1920-751x500.jpg 751w, https:\/\/userblogs.fu-berlin.de\/genome-editing\/files\/2021\/01\/people-3120717_1920.jpg 1920w\" sizes=\"auto, (max-width: 1024px) 100vw, 1024px\" \/><\/a><\/figure>\n\n\n\n<h4 class=\"has-text-align-center wp-block-heading\"><a href=\"https:\/\/userblogs.fu-berlin.de\/genome-editing\/ethik-vermitteln\/materialien-lehre\/unterrichtsreihe-designer-babys\/\">Unterrichtsreihe: Designerbabys<\/a><\/h4>\n\n\n\n<p class=\"has-text-align-left\"><em>Ein Beitrag von Margret Iversen<\/em><\/p>\n\n\n\n<p>D\u00fcrfen Eltern ihre Kinder nun mit Hilfe von Genome Editing nach Belieben gestalten und welche Auswirkungen h\u00e4tte eine solche Entwicklung auf unsere Gesellschaft? Eine Unterrichtsreihe, die sich mit dieser Frage besch\u00e4ftigt findest du <a href=\"https:\/\/userblogs.fu-berlin.de\/genome-editing\/ethik-vermitteln\/materialien-lehre\/unterrichtsreihe-designer-babys\/\">hier!<\/a><\/p>\n<\/div>\n<\/div>\n\n\n\n<div class=\"wp-block-columns is-layout-flex wp-container-core-columns-is-layout-28f84493 wp-block-columns-is-layout-flex\">\n<div class=\"wp-block-column is-layout-flow wp-block-column-is-layout-flow\">\n<p><\/p>\n<\/div>\n\n\n\n<div class=\"wp-block-column is-layout-flow wp-block-column-is-layout-flow\">\n<p><\/p>\n<\/div>\n\n\n\n<div class=\"wp-block-column is-layout-flow wp-block-column-is-layout-flow\">\n<p><\/p>\n<\/div>\n<\/div>\n\n\n\n<div class=\"wp-block-columns is-layout-flex wp-container-core-columns-is-layout-28f84493 wp-block-columns-is-layout-flex\">\n<div class=\"wp-block-column is-layout-flow wp-block-column-is-layout-flow\">\n<figure class=\"wp-block-image size-large\"><a href=\"https:\/\/userblogs.fu-berlin.de\/genome-editing\/ethik-vermitteln\/materialien-lehre\/beispiel-abiturpruefung-zur-genomeditierung\/\"><img loading=\"lazy\" decoding=\"async\" width=\"1024\" height=\"683\" src=\"https:\/\/userblogs.fu-berlin.de\/genome-editing\/files\/2021\/01\/pexels-emily-ranquist-1205651-1-1024x683.jpg\" alt=\"\" class=\"wp-image-7997\" srcset=\"https:\/\/userblogs.fu-berlin.de\/genome-editing\/files\/2021\/01\/pexels-emily-ranquist-1205651-1-1024x683.jpg 1024w, https:\/\/userblogs.fu-berlin.de\/genome-editing\/files\/2021\/01\/pexels-emily-ranquist-1205651-1-300x200.jpg 300w, https:\/\/userblogs.fu-berlin.de\/genome-editing\/files\/2021\/01\/pexels-emily-ranquist-1205651-1-768x512.jpg 768w, https:\/\/userblogs.fu-berlin.de\/genome-editing\/files\/2021\/01\/pexels-emily-ranquist-1205651-1-1536x1024.jpg 1536w, https:\/\/userblogs.fu-berlin.de\/genome-editing\/files\/2021\/01\/pexels-emily-ranquist-1205651-1-2048x1365.jpg 2048w, https:\/\/userblogs.fu-berlin.de\/genome-editing\/files\/2021\/01\/pexels-emily-ranquist-1205651-1-830x553.jpg 830w, https:\/\/userblogs.fu-berlin.de\/genome-editing\/files\/2021\/01\/pexels-emily-ranquist-1205651-1-230x153.jpg 230w, https:\/\/userblogs.fu-berlin.de\/genome-editing\/files\/2021\/01\/pexels-emily-ranquist-1205651-1-350x233.jpg 350w, https:\/\/userblogs.fu-berlin.de\/genome-editing\/files\/2021\/01\/pexels-emily-ranquist-1205651-1-480x320.jpg 480w, https:\/\/userblogs.fu-berlin.de\/genome-editing\/files\/2021\/01\/pexels-emily-ranquist-1205651-1-250x167.jpg 250w, https:\/\/userblogs.fu-berlin.de\/genome-editing\/files\/2021\/01\/pexels-emily-ranquist-1205651-1-550x367.jpg 550w, https:\/\/userblogs.fu-berlin.de\/genome-editing\/files\/2021\/01\/pexels-emily-ranquist-1205651-1-800x533.jpg 800w, https:\/\/userblogs.fu-berlin.de\/genome-editing\/files\/2021\/01\/pexels-emily-ranquist-1205651-1-270x180.jpg 270w, https:\/\/userblogs.fu-berlin.de\/genome-editing\/files\/2021\/01\/pexels-emily-ranquist-1205651-1-450x300.jpg 450w, https:\/\/userblogs.fu-berlin.de\/genome-editing\/files\/2021\/01\/pexels-emily-ranquist-1205651-1-750x500.jpg 750w\" sizes=\"auto, (max-width: 1024px) 100vw, 1024px\" \/><\/a><\/figure>\n\n\n\n<h4 class=\"has-text-align-center wp-block-heading\"><a data-jzz-gui-player=\"true\" href=\"https:\/\/userblogs.fu-berlin.de\/genome-editing\/ethik-vermitteln\/materialien-lehre\/beispiel-abiturpruefung-zur-genomeditierung\/\">Abiturpr\u00fcfung: Genome Editing<\/a><\/h4>\n\n\n\n<p><em>Ein Beitrag von Edgar Caspari<\/em><\/p>\n\n\n\n<p>Die Frage nach der ethischen Vertretbarkeit und der gesellschaftlichen Relevanz von Genome Editing eignet sich f\u00fcr Pr\u00fcfungsleistungen an der Schnittstelle von Philosophie\/Ethik und Biologie. Hier ein Beispiel einer m\u00fcndlichen <a href=\"https:\/\/userblogs.fu-berlin.de\/genome-editing\/ethik-vermitteln\/materialien-lehre\/beispiel-abiturpruefung-zur-genomeditierung\/\">Abiturpr\u00fcfung<\/a>.<\/p>\n<\/div>\n\n\n\n<div class=\"wp-block-column is-layout-flow wp-block-column-is-layout-flow\">\n<figure class=\"wp-block-image size-full\"><a href=\"https:\/\/userblogs.fu-berlin.de\/genome-editing\/ethik-vermitteln\/materialien-lehre\/poster\/\"><img loading=\"lazy\" decoding=\"async\" width=\"1293\" height=\"862\" src=\"https:\/\/userblogs.fu-berlin.de\/genome-editing\/files\/2021\/01\/Poster-e1610624236615.png\" alt=\"\" class=\"wp-image-7360\" srcset=\"https:\/\/userblogs.fu-berlin.de\/genome-editing\/files\/2021\/01\/Poster-e1610624236615.png 1293w, https:\/\/userblogs.fu-berlin.de\/genome-editing\/files\/2021\/01\/Poster-e1610624236615-300x200.png 300w, https:\/\/userblogs.fu-berlin.de\/genome-editing\/files\/2021\/01\/Poster-e1610624236615-1024x683.png 1024w, https:\/\/userblogs.fu-berlin.de\/genome-editing\/files\/2021\/01\/Poster-e1610624236615-768x512.png 768w, https:\/\/userblogs.fu-berlin.de\/genome-editing\/files\/2021\/01\/Poster-e1610624236615-830x553.png 830w, https:\/\/userblogs.fu-berlin.de\/genome-editing\/files\/2021\/01\/Poster-e1610624236615-230x153.png 230w, https:\/\/userblogs.fu-berlin.de\/genome-editing\/files\/2021\/01\/Poster-e1610624236615-350x233.png 350w, https:\/\/userblogs.fu-berlin.de\/genome-editing\/files\/2021\/01\/Poster-e1610624236615-480x320.png 480w, https:\/\/userblogs.fu-berlin.de\/genome-editing\/files\/2021\/01\/Poster-e1610624236615-250x167.png 250w, https:\/\/userblogs.fu-berlin.de\/genome-editing\/files\/2021\/01\/Poster-e1610624236615-550x367.png 550w, https:\/\/userblogs.fu-berlin.de\/genome-editing\/files\/2021\/01\/Poster-e1610624236615-800x533.png 800w, https:\/\/userblogs.fu-berlin.de\/genome-editing\/files\/2021\/01\/Poster-e1610624236615-270x180.png 270w, https:\/\/userblogs.fu-berlin.de\/genome-editing\/files\/2021\/01\/Poster-e1610624236615-450x300.png 450w, https:\/\/userblogs.fu-berlin.de\/genome-editing\/files\/2021\/01\/Poster-e1610624236615-750x500.png 750w\" sizes=\"auto, (max-width: 1293px) 100vw, 1293px\" \/><\/a><\/figure>\n\n\n\n<h4 class=\"has-text-align-center wp-block-heading\"><a href=\"https:\/\/userblogs.fu-berlin.de\/genome-editing\/ethik-vermitteln\/materialien-lehre\/poster\/\">Kritisches Poster<\/a><\/h4>\n\n\n\n<p><em>Ein Beitrag von Sebastian Brodkorb, Julia Dietrich und Annett Wienmeister<\/em><\/p>\n\n\n\n<p>In Unterrichtsmaterialien zur Angewandten Ethik gibt es manchmal heimliche Botschaften zum Verh\u00e4ltnis von Naturwissenschaft und Ethik . Wir haben sie einmal auf einem <a href=\"https:\/\/userblogs.fu-berlin.de\/genome-editing\/ethik-vermitteln\/materialien-lehre\/poster\/\">Poster<\/a> zur Diskussion gestellt.<\/p>\n<\/div>\n\n\n\n<div class=\"wp-block-column is-layout-flow wp-block-column-is-layout-flow\">\n<figure class=\"wp-block-image size-large\"><a href=\"https:\/\/userblogs.fu-berlin.de\/genome-editing\/ethik-vermitteln\/materialien-lehre\/poster\/\"><img loading=\"lazy\" decoding=\"async\" width=\"1024\" height=\"683\" src=\"https:\/\/userblogs.fu-berlin.de\/genome-editing\/files\/2022\/02\/desktop-3207338_1920-1024x683.jpg\" alt=\"\" class=\"wp-image-8842\" srcset=\"https:\/\/userblogs.fu-berlin.de\/genome-editing\/files\/2022\/02\/desktop-3207338_1920-1024x683.jpg 1024w, https:\/\/userblogs.fu-berlin.de\/genome-editing\/files\/2022\/02\/desktop-3207338_1920-300x200.jpg 300w, https:\/\/userblogs.fu-berlin.de\/genome-editing\/files\/2022\/02\/desktop-3207338_1920-768x512.jpg 768w, https:\/\/userblogs.fu-berlin.de\/genome-editing\/files\/2022\/02\/desktop-3207338_1920-1536x1024.jpg 1536w, https:\/\/userblogs.fu-berlin.de\/genome-editing\/files\/2022\/02\/desktop-3207338_1920-830x553.jpg 830w, https:\/\/userblogs.fu-berlin.de\/genome-editing\/files\/2022\/02\/desktop-3207338_1920-230x153.jpg 230w, https:\/\/userblogs.fu-berlin.de\/genome-editing\/files\/2022\/02\/desktop-3207338_1920-350x233.jpg 350w, https:\/\/userblogs.fu-berlin.de\/genome-editing\/files\/2022\/02\/desktop-3207338_1920-480x320.jpg 480w, https:\/\/userblogs.fu-berlin.de\/genome-editing\/files\/2022\/02\/desktop-3207338_1920-250x167.jpg 250w, https:\/\/userblogs.fu-berlin.de\/genome-editing\/files\/2022\/02\/desktop-3207338_1920-550x367.jpg 550w, https:\/\/userblogs.fu-berlin.de\/genome-editing\/files\/2022\/02\/desktop-3207338_1920-800x533.jpg 800w, https:\/\/userblogs.fu-berlin.de\/genome-editing\/files\/2022\/02\/desktop-3207338_1920-270x180.jpg 270w, https:\/\/userblogs.fu-berlin.de\/genome-editing\/files\/2022\/02\/desktop-3207338_1920-450x300.jpg 450w, https:\/\/userblogs.fu-berlin.de\/genome-editing\/files\/2022\/02\/desktop-3207338_1920-750x500.jpg 750w, https:\/\/userblogs.fu-berlin.de\/genome-editing\/files\/2022\/02\/desktop-3207338_1920.jpg 1920w\" sizes=\"auto, (max-width: 1024px) 100vw, 1024px\" \/><\/a><\/figure>\n\n\n\n<h4 class=\"has-text-align-center wp-block-heading\"><a href=\"https:\/\/userblogs.fu-berlin.de\/genome-editing\/?page_id=8573\">Hochschulseminar: Die Plattform in Aktion<\/a><\/h4>\n\n\n\n<p><em>Ein Beitrag von Julia Dietrich und Henrik H\u00f6rmann<\/em><\/p>\n\n\n\n<p>Mit interdisziplin\u00e4ren Fallstudien lassen sich ethische Fragen der Lebenswissenschaften in der Hochschullehre reflektieren. Die Seminarkonzeption folgt den 6 Fragen der Plattform und setzt verschiedene Bausteine der Plattform zur Vermittlung der ethischen Grundlagen ein. <a href=\"https:\/\/userblogs.fu-berlin.de\/genome-editing\/?page_id=8573\">Klicke hier!<\/a><\/p>\n<\/div>\n<\/div>\n\n\n\n<p><\/p>\n\n\n\n<p><\/p>\n\n\n\n<hr class=\"wp-block-separator is-style-wide\" \/>\n\n\n\n<p><strong>Was auch interessant sein k\u00f6nnte:<\/strong><\/p>\n\n\n\n<div class=\"wp-block-columns are-vertically-aligned-center is-layout-flex wp-container-core-columns-is-layout-28f84493 wp-block-columns-is-layout-flex\">\n<div class=\"wp-block-column is-vertically-aligned-center is-layout-flow wp-block-column-is-layout-flow\">\n<p><a href=\"https:\/\/userblogs.fu-berlin.de\/genome-editing\/ethik-vermitteln\/konzepte-die-ethik-des-genome-editing-im-fachdidaktischen-kontext\/\"><span style=\"color:#2c89a0\" class=\"has-inline-color\">Fachdidaktische Konzepte<\/span><\/a><\/p>\n<\/div>\n\n\n\n<div class=\"wp-block-column is-vertically-aligned-center is-layout-flow wp-block-column-is-layout-flow\">\n<p class=\"has-text-align-right\"><a href=\"https:\/\/userblogs.fu-berlin.de\/genome-editing\/ethik-vermitteln\/informationen\/\"><span style=\"color:#2c89a0\" class=\"has-inline-color\">Informationen<\/span><\/a><\/p>\n<\/div>\n<\/div>\n","protected":false},"excerpt":{"rendered":"<p>Startseite &gt; Materialien Unterrichtsreihe: Genome Editing am Menschen Ein Beitrag [&hellip;]<\/p>\n","protected":false},"author":4241,"featured_media":0,"parent":183,"menu_order":1,"comment_status":"closed","ping_status":"closed","template":"page-templates\/page_front-page.php","meta":{"footnotes":""},"class_list":["post-1521","page","type-page","status-publish","hentry"],"_links":{"self":[{"href":"https:\/\/userblogs.fu-berlin.de\/genome-editing\/wp-json\/wp\/v2\/pages\/1521","targetHints":{"allow":["GET"]}}],"collection":[{"href":"https:\/\/userblogs.fu-berlin.de\/genome-editing\/wp-json\/wp\/v2\/pages"}],"about":[{"href":"https:\/\/userblogs.fu-berlin.de\/genome-editing\/wp-json\/wp\/v2\/types\/page"}],"author":[{"embeddable":true,"href":"https:\/\/userblogs.fu-berlin.de\/genome-editing\/wp-json\/wp\/v2\/users\/4241"}],"replies":[{"embeddable":true,"href":"https:\/\/userblogs.fu-berlin.de\/genome-editing\/wp-json\/wp\/v2\/comments?post=1521"}],"version-history":[{"count":65,"href":"https:\/\/userblogs.fu-berlin.de\/genome-editing\/wp-json\/wp\/v2\/pages\/1521\/revisions"}],"predecessor-version":[{"id":8954,"href":"https:\/\/userblogs.fu-berlin.de\/genome-editing\/wp-json\/wp\/v2\/pages\/1521\/revisions\/8954"}],"up":[{"embeddable":true,"href":"https:\/\/userblogs.fu-berlin.de\/genome-editing\/wp-json\/wp\/v2\/pages\/183"}],"wp:attachment":[{"href":"https:\/\/userblogs.fu-berlin.de\/genome-editing\/wp-json\/wp\/v2\/media?parent=1521"}],"curies":[{"name":"wp","href":"https:\/\/api.w.org\/{rel}","templated":true}]}}