{"id":3917,"date":"2020-11-27T13:51:23","date_gmt":"2020-11-27T12:51:23","guid":{"rendered":"https:\/\/userblogs.fu-berlin.de\/genome-editing\/?page_id=3917"},"modified":"2021-01-11T13:29:38","modified_gmt":"2021-01-11T12:29:38","slug":"wir-haben-post","status":"publish","type":"page","link":"https:\/\/userblogs.fu-berlin.de\/genome-editing\/lernen\/argumentieren\/erste-meinung\/wir-haben-post\/","title":{"rendered":"Wir haben Post"},"content":{"rendered":"\n<p><em>Ein Beitrag von Julia Diek\u00e4mper<\/em><\/p>\n\n\n\n<p>Als He Jiankui im November 2018 in einem YouTube-Video bekannt gab, er verantworte die Geburt zweier M\u00e4dchen, deren Genom im embryonalen Zustand ver\u00e4ndert worden sei, endete seine Botschaft mit einer Einladung: Der Einladung, ihm, He Jiankui, oder den Zwillingen Lulu und Nana zu schreiben. <\/p>\n\n\n\n<p>Diese Idee der Interaktion haben wir in einem Kooperationsprojekt zwischen Universit\u00e4t T\u00fcbingen und Museum f\u00fcr Naturkunde Berlin mit dem Titel \u201e<a data-jzz-gui-player=\"true\" href=\"https:\/\/www.zukunftmensch.com\"><span style=\"color:#2c89a0\" class=\"has-inline-color\">ZukunftMensch<\/span><\/a>\u201c aufgegriffen: <\/p>\n\n\n\n<p>Auf ihrem Rundgang durch das Museum f\u00fcr Naturkunde begegneten Besuchende in der Zeit vom 15. Oktober bis zum 17. November 2019 He Jiankui in st\u00e4ndiger Wiederholung: Die Aufnahmen aus dem Labor, in dem sich He pr\u00e4sentiert, waren in einem kurzen Film arrangiert, mit der Berichterstattung \u00fcber seine Experimente sowie einer Stellungnahme des Deutschen Ethikrates zu derartigen Keimbahneingriffen. <\/p>\n\n\n\n<p>Geleitet war der Versuchsaufbau durch die Vorstellung, dass die bewegten Bilder zun\u00e4chst Interesse stiften sollten. Unser Video endete mit dem Aufruf, wahlweise He Jiankui, Lulu und Nana oder Peter Dabrock (Vorsitzender des Deutschen Ethikrates 2016-2020) zu schreiben. Ein Postkasten sammelte die Antworten, die fortan \u00fcber den Instagram-Account des Projektes geteilt wurden. <\/p>\n\n\n\n<p>Indem die Besuchenden ihr Wort direkt in einer fiktiven Situation an die jeweiligen AdressatInnen richteten, er\u00f6ffnete sich durch Empathie im Akt des Schreibens Ausdrucks- und Reflexionsm\u00f6glichkeiten. Insgesamt nahmen 162 Menschen an der Aktion teil und dokumentierten eindr\u00fccklich die Vielfalt verschiedener Intuitionen, Positionen und Urteile.<\/p>\n\n\n\n<p>Schaue dir doch einmal an, was andere Personen geschrieben haben. <\/p>\n\n\n\n<p class=\"has-medium-font-size\"><strong>Was w\u00fcrdest du schreiben?<\/strong><\/p>\n\n\n<p><div class=\"wc-gallery\"><div class='wcflexslider-container wc-gallery-bottomspace-default wc-gallery-clear'><div id='gallery-1' class='gallery wc-gallery-captions-onhover gallery-link-none wcflexslider wcslider' data-gutter-width='5' data-columns='3' data-hide-controls='false'><ul class='slides'>\n\t\t\t\t<li class='gallery-item gallery-item-position-1 gallery-item-attachment-3930 wcflex-slide-item'>\n\t\t\t\t\t<div class='gallery-icon landscape'>\n\t\t\t\t\t\t<img src='https:\/\/userblogs.fu-berlin.de\/genome-editing\/files\/2020\/11\/Gesundheit3-e1606482413516.jpg' width='1748' height='1240' alt='' \/>\n\t\t\t\t\t<\/div><\/li>\n\t\t\t\t<li class='gallery-item gallery-item-position-2 gallery-item-attachment-3933 wcflex-slide-item'>\n\t\t\t\t\t<div class='gallery-icon landscape'>\n\t\t\t\t\t\t<img src='https:\/\/userblogs.fu-berlin.de\/genome-editing\/files\/2020\/11\/Gesundheit8-e1606482667266.jpg' width='1748' height='1240' alt='' \/>\n\t\t\t\t\t<\/div><\/li>\n\t\t\t\t<li class='gallery-item gallery-item-position-3 gallery-item-attachment-3920 wcflex-slide-item'>\n\t\t\t\t\t<div class='gallery-icon landscape'>\n\t\t\t\t\t\t<img src='https:\/\/userblogs.fu-berlin.de\/genome-editing\/files\/2020\/11\/Autonomie7-e1606482379738.jpg' width='1748' height='1240' alt='' \/>\n\t\t\t\t\t<\/div><\/li>\n\t\t\t\t<li class='gallery-item gallery-item-position-4 gallery-item-attachment-3922 wcflex-slide-item'>\n\t\t\t\t\t<div class='gallery-icon landscape'>\n\t\t\t\t\t\t<img src='https:\/\/userblogs.fu-berlin.de\/genome-editing\/files\/2020\/11\/Forschungsfreiheit-e1606482331173.jpg' width='1748' height='1240' alt='' \/>\n\t\t\t\t\t<\/div><\/li>\n\t\t\t\t<li class='gallery-item gallery-item-position-5 gallery-item-attachment-3929 wcflex-slide-item'>\n\t\t\t\t\t<div class='gallery-icon landscape'>\n\t\t\t\t\t\t<img src='https:\/\/userblogs.fu-berlin.de\/genome-editing\/files\/2020\/11\/Gerechtigkeit5-e1606481973441.jpg' width='1748' height='1240' alt='' \/>\n\t\t\t\t\t<\/div><\/li>\n\t\t\t\t<li class='gallery-item gallery-item-position-6 gallery-item-attachment-3936 wcflex-slide-item'>\n\t\t\t\t\t<div class='gallery-icon landscape'>\n\t\t\t\t\t\t<img src='https:\/\/userblogs.fu-berlin.de\/genome-editing\/files\/2020\/11\/MfN-Visualisierungen-Postkartenformat.jpg' width='1748' height='1240' alt='' \/>\n\t\t\t\t\t<\/div><\/li>\n\t\t\t\t<li class='gallery-item gallery-item-position-7 gallery-item-attachment-3924 wcflex-slide-item'>\n\t\t\t\t\t<div class='gallery-icon landscape'>\n\t\t\t\t\t\t<img src='https:\/\/userblogs.fu-berlin.de\/genome-editing\/files\/2020\/11\/Forschungsfreiheit3-e1606482004592.jpg' width='1748' height='1240' alt='' \/>\n\t\t\t\t\t<\/div><\/li>\n\t\t\t\t<li class='gallery-item gallery-item-position-8 gallery-item-attachment-3923 wcflex-slide-item'>\n\t\t\t\t\t<div class='gallery-icon landscape'>\n\t\t\t\t\t\t<img src='https:\/\/userblogs.fu-berlin.de\/genome-editing\/files\/2020\/11\/Forschungsfreiheit2-e1606482323415.jpg' width='1748' height='1240' alt='' \/>\n\t\t\t\t\t<\/div><\/li>\n\t\t\t\t<li class='gallery-item gallery-item-position-9 gallery-item-attachment-3926 wcflex-slide-item'>\n\t\t\t\t\t<div class='gallery-icon landscape'>\n\t\t\t\t\t\t<img src='https:\/\/userblogs.fu-berlin.de\/genome-editing\/files\/2020\/11\/Forschungsfreiheit7-e1606481996462.jpg' width='1748' height='1240' alt='' \/>\n\t\t\t\t\t<\/div><\/li>\n\t\t\t\t<li class='gallery-item gallery-item-position-10 gallery-item-attachment-3931 wcflex-slide-item'>\n\t\t\t\t\t<div class='gallery-icon landscape'>\n\t\t\t\t\t\t<img src='https:\/\/userblogs.fu-berlin.de\/genome-editing\/files\/2020\/11\/Gesundheit4-e1606482520717.jpg' width='1748' height='1240' alt='' \/>\n\t\t\t\t\t<\/div><\/li>\n\t\t\t\t<li class='gallery-item gallery-item-position-11 gallery-item-attachment-3947 wcflex-slide-item'>\n\t\t\t\t\t<div class='gallery-icon landscape'>\n\t\t\t\t\t\t<img src='https:\/\/userblogs.fu-berlin.de\/genome-editing\/files\/2020\/11\/Verantwortung8.jpg' width='1748' height='1240' alt='' \/>\n\t\t\t\t\t<\/div><\/li>\n\t\t\t\t<li class='gallery-item gallery-item-position-12 gallery-item-attachment-3938 wcflex-slide-item'>\n\t\t\t\t\t<div class='gallery-icon landscape'>\n\t\t\t\t\t\t<img src='https:\/\/userblogs.fu-berlin.de\/genome-editing\/files\/2020\/11\/Nat\u00fcrlichkeit5-e1606483339988.jpg' width='1748' height='1240' alt='' \/>\n\t\t\t\t\t<\/div><\/li>\n\t\t\t\t<li class='gallery-item gallery-item-position-13 gallery-item-attachment-3921 wcflex-slide-item'>\n\t\t\t\t\t<div class='gallery-icon landscape'>\n\t\t\t\t\t\t<img src='https:\/\/userblogs.fu-berlin.de\/genome-editing\/files\/2020\/11\/Autonomie8-e1606482371821.jpg' width='1748' height='1240' alt='' \/>\n\t\t\t\t\t<\/div><\/li>\n\t\t\t\t<li class='gallery-item gallery-item-position-14 gallery-item-attachment-3941 wcflex-slide-item'>\n\t\t\t\t\t<div class='gallery-icon landscape'>\n\t\t\t\t\t\t<img src='https:\/\/userblogs.fu-berlin.de\/genome-editing\/files\/2020\/11\/Nat\u00fcrlichkeit13.jpg' width='1748' height='1240' alt='' \/>\n\t\t\t\t\t<\/div><\/li>\n\t\t\t\t<li class='gallery-item gallery-item-position-15 gallery-item-attachment-3945 wcflex-slide-item'>\n\t\t\t\t\t<div class='gallery-icon landscape'>\n\t\t\t\t\t\t<img src='https:\/\/userblogs.fu-berlin.de\/genome-editing\/files\/2020\/11\/Verantwortung.jpg' width='1748' height='1240' alt='' \/>\n\t\t\t\t\t<\/div><\/li>\n\t\t\t\t<li class='gallery-item gallery-item-position-16 gallery-item-attachment-3934 wcflex-slide-item'>\n\t\t\t\t\t<div class='gallery-icon landscape'>\n\t\t\t\t\t\t<img src='https:\/\/userblogs.fu-berlin.de\/genome-editing\/files\/2020\/11\/Gesundheit9-e1606482702523.jpg' width='1748' height='1240' alt='' \/>\n\t\t\t\t\t<\/div><\/li><\/ul><\/div>\n<\/div>\n<\/div><\/p>\n\n\n<p>Illustrationen von Sheree Domingo<\/p>\n","protected":false},"excerpt":{"rendered":"<p>Ein Beitrag von Julia Diek\u00e4mper Als He Jiankui im November [&hellip;]<\/p>\n","protected":false},"author":4241,"featured_media":0,"parent":1242,"menu_order":2,"comment_status":"closed","ping_status":"closed","template":"page-templates\/page_fullwidth.php","meta":{"footnotes":""},"class_list":["post-3917","page","type-page","status-publish","hentry"],"_links":{"self":[{"href":"https:\/\/userblogs.fu-berlin.de\/genome-editing\/wp-json\/wp\/v2\/pages\/3917","targetHints":{"allow":["GET"]}}],"collection":[{"href":"https:\/\/userblogs.fu-berlin.de\/genome-editing\/wp-json\/wp\/v2\/pages"}],"about":[{"href":"https:\/\/userblogs.fu-berlin.de\/genome-editing\/wp-json\/wp\/v2\/types\/page"}],"author":[{"embeddable":true,"href":"https:\/\/userblogs.fu-berlin.de\/genome-editing\/wp-json\/wp\/v2\/users\/4241"}],"replies":[{"embeddable":true,"href":"https:\/\/userblogs.fu-berlin.de\/genome-editing\/wp-json\/wp\/v2\/comments?post=3917"}],"version-history":[{"count":30,"href":"https:\/\/userblogs.fu-berlin.de\/genome-editing\/wp-json\/wp\/v2\/pages\/3917\/revisions"}],"predecessor-version":[{"id":6591,"href":"https:\/\/userblogs.fu-berlin.de\/genome-editing\/wp-json\/wp\/v2\/pages\/3917\/revisions\/6591"}],"up":[{"embeddable":true,"href":"https:\/\/userblogs.fu-berlin.de\/genome-editing\/wp-json\/wp\/v2\/pages\/1242"}],"wp:attachment":[{"href":"https:\/\/userblogs.fu-berlin.de\/genome-editing\/wp-json\/wp\/v2\/media?parent=3917"}],"curies":[{"name":"wp","href":"https:\/\/api.w.org\/{rel}","templated":true}]}}