{"id":4594,"date":"2020-12-14T16:20:10","date_gmt":"2020-12-14T15:20:10","guid":{"rendered":"https:\/\/userblogs.fu-berlin.de\/genome-editing\/?page_id=4594"},"modified":"2021-01-11T10:08:12","modified_gmt":"2021-01-11T09:08:12","slug":"werden-alle-stimmen-gehort","status":"publish","type":"page","link":"https:\/\/userblogs.fu-berlin.de\/genome-editing\/werden-alle-stimmen-gehort\/","title":{"rendered":"Werden alle Stimmen geh\u00f6rt?"},"content":{"rendered":"\n<h2 class=\"wp-block-heading\">Werden alle Stimmen geh\u00f6rt?<\/h2>\n\n\n\n<p>Ein Beitrag von Isabelle Bartram<\/p>\n\n\n\n<p>In den meisten Gremien und Kommissionen, in denen die Pro- und Kontra-Argumente eines zuk\u00fcnftigen Einsatzes des Genome Editing am Menschen diskutiert werden, sind potentiell Betroffene nicht oder kaum beteiligt. <a href=\"https:\/\/userblogs.fu-berlin.de\/genome-editing\/werden-alle-stimmen-gehort?\/#quellen\">[1]<\/a> Auch in Medienbeitr\u00e4gen zum Thema wird oft nicht <em>mit <\/em>erheblich beeintr\u00e4chtigten oder erkrankten Menschen gesprochen, sondern lediglich <em>\u00fcber<\/em> deren angenommene Bed\u00fcrfnisse diskutiert. K\u00f6rperliche und kognitive Beeintr\u00e4chtigungen werden dabei als etwas Vermeidenswertes dargestellt und mit Sorgen, Leid, Belastung und Schmerzen assoziiert, wie z.B. die scharfe Kritik einer Journalistin mit Handicap am Radio-Feature \u201ePflege lebensl\u00e4nglich\u201c des Deutschland Funks verdeutlicht.<a href=\"https:\/\/userblogs.fu-berlin.de\/genome-editing\/werden-alle-stimmen-gehort?\/#quellen\">[2]<\/a> Daraus wird dann oft sogar eine Verpflichtung zur Erforschung und Anwendung der neuen Techniken zur Beseitigung dieser (vermeintlichen) Leiden abgeleitet.<a href=\"https:\/\/userblogs.fu-berlin.de\/genome-editing\/werden-alle-stimmen-gehort?\/#quellen\">[3]<\/a><\/p>\n\n\n\n<p>Dies entspricht auch dem gesellschaftlich weit verbreiteten medizinischen Modell von Behinderung, nach dem soziale Nachteile das Ergebnis einer k\u00f6rperlichen Beeintr\u00e4chtigung sind, die in der betroffenen Person begr\u00fcndet ist. Menschen in der Behindertenbewegung und den Disability Studies arbeiten stattdessen mit dem sozialen Modell, das die k\u00f6rperlichen und geistigen Besonderheiten nicht au\u00dfer Acht l\u00e4sst, die Behinderung jedoch in der Umwelt und Gesellschaft verortet. Nach der Logik des sozialen Modells sagt eine Beeintr\u00e4chtigungsdiagnose nichts oder wenig dar\u00fcber aus, ob der Mensch ein gutes Leben hat \u2013 bauliche oder gesellschaftliche Barrieren oder ein schlecht funktionierender Sozialstaat dagegen viel. Menschen werden nicht als behindert, sondern als durch ihre Umgebung behindert betrachtet. Kurz gesagt: <strong>Man ist nicht behindert, man wird es.<\/strong><\/p>\n\n\n\n<p>Problematisch kann es auch sein, wenn Angeh\u00f6rige von Menschen mit Erkrankungen und Behinderungen oder Paare mit Kinderwunsch in der Debatte zu Stellvertreter*innen der potentiell mit Genome Editing behandelten Menschen werden. Zum einen erfahren sie, verglichen mit dem behandelten Menschen, ein geringes Risiko \u2013 es sind nicht ihr eigener K\u00f6rper und nicht ihr eigenes Vererbungspotential, das nachhaltig ver\u00e4ndert wird. Zum anderen k\u00f6nnen sie das Stigma kaum nachvollziehen, das eine Person mit Beeintr\u00e4chtigung erf\u00e4hrt, die in einer Gesellschaft leben muss, in der potentielle Personen mit eben dieser Beeintr\u00e4chtigung bevorzugt korrigiert oder ganz vermieden werden. Die Botschaft, die die Gesellschaft damit sendet, ist kaum mit der Botschaft der Integration und Inklusion vereinbar. Selbstverst\u00e4ndlich variieren auch zwischen Menschen mit Behinderungen und Erkrankungen die Einsch\u00e4tzungen und Meinungen zu Genome Editing und dessen Potential \u2013 f\u00fcr eine gesamtgesellschaftliche Auseinandersetzung mit Genome Editing reicht es daher auch nicht, wenn nur wenige von ihnen angeh\u00f6rt werden. Denn w\u00e4hrend einige die Ziele von vererbbarem Genome Editing bef\u00fcrworten, teilen andere diese Meinung nicht.<a href=\"https:\/\/userblogs.fu-berlin.de\/genome-editing\/werden-alle-stimmen-gehort?\/#quellen\">[4]<\/a> Beispielsweise werden sowohl angeborene Taubheit als auch Kleinwuchs des \u00d6fteren als durch CRISPR-Cas9 verhinderbare Behinderungen angef\u00fchrt. Viele Betroffene sehen sich jedoch nicht als Gesch\u00e4digte und lehnen diesen defizitorientierten Blick auf ihr Leben ab. Es sind auch F\u00e4lle bekannt, in denen Menschen mit diesen Behinderungen Reproduktionstechnologien nutzen, um gezielt Kinder mit der gleichen Behinderung zu bekommen.<a href=\"https:\/\/userblogs.fu-berlin.de\/genome-editing\/werden-alle-stimmen-gehort?\/#quellen\">[5]<\/a><\/p>\n\n\n\n<p>Die US-amerikanische Behindertenvertreterin Rebecca Cokley gibt zur Frage von Genome Editing zu bedenken: \u201eIch bin die, die ich bin, weil ich Kleinwuchs habe. Kleinw\u00fcchsige besitzen eine reichhaltige Kultur, so wie viele Behindertengruppen\u201c und fragt \u201ewo ist die Grenze zwischen dem was die Gesellschaft als furchtbare, genetische Mutation wahrnimmt und der Kultur von jemandem?\u201c.<a href=\"https:\/\/userblogs.fu-berlin.de\/genome-editing\/werden-alle-stimmen-gehort?\/#quellen\">[6]<\/a> \u00c4hnlich beschreibt Jeff Johnson, der seit seiner Geburt mit H\u00e4mophilie lebt, die genetische Bluterkrankung als untrennbarer Teil seiner Identit\u00e4t \u201eIch bin H\u00e4mophilie. Ich habe es nicht. Ich bin H\u00e4mophilie.\u201c<a href=\"https:\/\/userblogs.fu-berlin.de\/genome-editing\/werden-alle-stimmen-gehort?\/#quellen\">[7]<\/a> Eine Heilung wolle er daher nicht.<\/p>\n\n\n\n<hr class=\"wp-block-separator\" \/>\n\n\n\n<h4 class=\"wp-block-heading\" id=\"quellen\">Fu\u00dfnoten und Quellen <\/h4>\n\n\n\n<p>[1] Nur 1 von 26 Mitgliedern des deutschen Ethikrates und kein beteiligtes Mitglied der AG Gentechnologiebericht oder der Leopoldina war zum Zeitpunkt der aufgef\u00fchrten Stellungnahmen Interessenvertreter*in von Menschen mit Erkrankungen, die potenziell von einem Genome Editing-Einsatz betroffen sein k\u00f6nnten.<\/p>\n\n\n\n<p>Diskussionspapier der Leopoldina: Ethische und rechtliche Beurteilung des genome editing in der Forschung an humanen Zellen, M\u00e4rz 2017, online unter: <a rel=\"noreferrer noopener\" href=\"https:\/\/www.leopoldina.org\/uploads\/tx_leopublication\/2017_Diskussionspapier_GenomeEditing.pdf\" target=\"_blank\">https:\/\/www.leopoldina.org\/uploads\/tx_leopublication\/2017_Diskussionspapier_GenomeEditing.pdf<\/a><\/p>\n\n\n\n<p>Brosch\u00fcre der Arbeitsgruppe Gentechnologiebericht der Berlin-Brandenburgischen Akademie der Wissenschaften: Genomchirurgie beim Menschen, 2015, online unter: <a rel=\"noreferrer noopener\" href=\"https:\/\/www.gentechnologiebericht.de\/publikationen\/genomchirurgie-beim-menschen-2015\/\" target=\"_blank\">https:\/\/www.gentechnologiebericht.de\/publikationen\/genomchirurgie-beim-menschen-2015\/<\/a><\/p>\n\n\n\n<p>Stellungnahme des deutschen Ethikrates: Eingriffe in die menschliche Keimbahn, Mai 2019; online unter: <a rel=\"noreferrer noopener\" href=\"https:\/\/www.ethikrat.org\/fileadmin\/Publikationen\/Stellungnahmen\/deutsch\/stellungnahme-eingriffe-in-die-menschliche-keimbahn.pdf\" target=\"_blank\">https:\/\/www.ethikrat.org\/fileadmin\/Publikationen\/Stellungnahmen\/deutsch\/stellungnahme-eingriffe-in-die-menschliche-keimbahn.pdf<\/a> <\/p>\n\n\n\n<p>[2]<a href=\"https:\/\/uebermedien.de\/53083\/die-berichterstattung-ueber-behinderte-menschen-braucht-perspektivwechsel\/\" target=\"_blank\" rel=\"noreferrer noopener\"> https:\/\/uebermedien.de\/53083\/die-berichterstattung-ueber-behinderte-menschen-braucht-perspektivwechsel\/<\/a><\/p>\n\n\n\n<p>[3] Peter Wehling, Beatrice Perera und Sabrina Sch\u00fcssler, Von reproduktiver Autonomie zur Pr\u00e4ventionspflicht, Gen-ethischer Informationsdienst 252, S. 32-34, online unter<\/p>\n\n\n\n<p><a rel=\"noreferrer noopener\" href=\"https:\/\/www.gen-ethisches-netzwerk.de\/praenataldiagnostik\/252\/von-reproduktiver-autonomie-zur-praeventionspflicht\" target=\"_blank\">https:\/\/www.gen-ethisches-netzwerk.de\/praenataldiagnostik\/252\/von-reproduktiver-autonomie-zur-praeventionspflicht<\/a><\/p>\n\n\n\n<p>[4] Z.B. eine Befragung von Blinden<a rel=\"noreferrer noopener\" href=\"https:\/\/onlinelibrary.wiley.com\/doi\/full\/10.1002\/mgg3.803\" target=\"_blank\"> https:\/\/onlinelibrary.wiley.com\/doi\/full\/10.1002\/mgg3.803<\/a><\/p>\n\n\n\n<p>[5] <a href=\"https:\/\/www.nytimes.com\/2006\/12\/05\/health\/05essa.html\" target=\"_blank\" rel=\"noreferrer noopener\">https:\/\/www.nytimes.com\/2006\/12\/05\/health\/05essa.html<\/a><\/p>\n\n\n\n<p>[6] <a rel=\"noreferrer noopener\" href=\"https:\/\/www.washingtonpost.com\/opinions\/if-we-start-editing-genes-people-like-me-might-not-exist\/2017\/08\/10\/e9adf206-7d27-11e7-a669-b400c5c7e1cc_story.html\" target=\"_blank\">https:\/\/www.washingtonpost.com\/opinions\/if-we-start-editing-genes-people-like-me-might-not-exist\/2017\/08\/10\/e9adf206-7d27-11e7-a669-b400c5c7e1cc_story.html<\/a><\/p>\n\n\n\n<p>[7] <a href=\"https:\/\/www.theatlantic.com\/science\/archive\/2018\/08\/hemophilia-gene-therapy-cure-identity\/540987\/\">https:\/\/www.theatlantic.com\/science\/archive\/2018\/08\/hemophilia-gene-therapy-cure-identity\/540987\/<\/a><\/p>\n","protected":false},"excerpt":{"rendered":"<p>Werden alle Stimmen geh\u00f6rt? Ein Beitrag von Isabelle Bartram In [&hellip;]<\/p>\n","protected":false},"author":4281,"featured_media":0,"parent":0,"menu_order":0,"comment_status":"closed","ping_status":"closed","template":"page-templates\/page_front-page.php","meta":{"footnotes":""},"class_list":["post-4594","page","type-page","status-publish","hentry"],"_links":{"self":[{"href":"https:\/\/userblogs.fu-berlin.de\/genome-editing\/wp-json\/wp\/v2\/pages\/4594","targetHints":{"allow":["GET"]}}],"collection":[{"href":"https:\/\/userblogs.fu-berlin.de\/genome-editing\/wp-json\/wp\/v2\/pages"}],"about":[{"href":"https:\/\/userblogs.fu-berlin.de\/genome-editing\/wp-json\/wp\/v2\/types\/page"}],"author":[{"embeddable":true,"href":"https:\/\/userblogs.fu-berlin.de\/genome-editing\/wp-json\/wp\/v2\/users\/4281"}],"replies":[{"embeddable":true,"href":"https:\/\/userblogs.fu-berlin.de\/genome-editing\/wp-json\/wp\/v2\/comments?post=4594"}],"version-history":[{"count":8,"href":"https:\/\/userblogs.fu-berlin.de\/genome-editing\/wp-json\/wp\/v2\/pages\/4594\/revisions"}],"predecessor-version":[{"id":6530,"href":"https:\/\/userblogs.fu-berlin.de\/genome-editing\/wp-json\/wp\/v2\/pages\/4594\/revisions\/6530"}],"wp:attachment":[{"href":"https:\/\/userblogs.fu-berlin.de\/genome-editing\/wp-json\/wp\/v2\/media?parent=4594"}],"curies":[{"name":"wp","href":"https:\/\/api.w.org\/{rel}","templated":true}]}}

Werden alle Stimmen gehört?

<h2 class="wp-block-heading">Werden alle Stimmen gehört?</h2>



<p>Ein Beitrag von Isabelle Bartram</p>



<p>In den meisten Gremien und Kommissionen, in denen die Pro- und Kontra-Argumente eines zukünftigen Einsatzes des Genome Editing am Menschen diskutiert werden, sind potentiell Betroffene nicht oder kaum beteiligt. <a href="https://userblogs.fu-berlin.de/genome-editing/werden-alle-stimmen-gehort?/#quellen">[1]</a> Auch in Medienbeiträgen zum Thema wird oft nicht <em>mit </em>erheblich beeinträchtigten oder erkrankten Menschen gesprochen, sondern lediglich <em>über</em> deren angenommene Bedürfnisse diskutiert. Körperliche und kognitive Beeinträchtigungen werden dabei als etwas Vermeidenswertes dargestellt und mit Sorgen, Leid, Belastung und Schmerzen assoziiert, wie z.B. die scharfe Kritik einer Journalistin mit Handicap am Radio-Feature „Pflege lebenslänglich“ des Deutschland Funks verdeutlicht.<a href="https://userblogs.fu-berlin.de/genome-editing/werden-alle-stimmen-gehort?/#quellen">[2]</a> Daraus wird dann oft sogar eine Verpflichtung zur Erforschung und Anwendung der neuen Techniken zur Beseitigung dieser (vermeintlichen) Leiden abgeleitet.<a href="https://userblogs.fu-berlin.de/genome-editing/werden-alle-stimmen-gehort?/#quellen">[3]</a></p>



<p>Dies entspricht auch dem gesellschaftlich weit verbreiteten medizinischen Modell von Behinderung, nach dem soziale Nachteile das Ergebnis einer körperlichen Beeinträchtigung sind, die in der betroffenen Person begründet ist. Menschen in der Behindertenbewegung und den Disability Studies arbeiten stattdessen mit dem sozialen Modell, das die körperlichen und geistigen Besonderheiten nicht außer Acht lässt, die Behinderung jedoch in der Umwelt und Gesellschaft verortet. Nach der Logik des sozialen Modells sagt eine Beeinträchtigungsdiagnose nichts oder wenig darüber aus, ob der Mensch ein gutes Leben hat – bauliche oder gesellschaftliche Barrieren oder ein schlecht funktionierender Sozialstaat dagegen viel. Menschen werden nicht als behindert, sondern als durch ihre Umgebung behindert betrachtet. Kurz gesagt: <strong>Man ist nicht behindert, man wird es.</strong></p>



<p>Problematisch kann es auch sein, wenn Angehörige von Menschen mit Erkrankungen und Behinderungen oder Paare mit Kinderwunsch in der Debatte zu Stellvertreter*innen der potentiell mit Genome Editing behandelten Menschen werden. Zum einen erfahren sie, verglichen mit dem behandelten Menschen, ein geringes Risiko – es sind nicht ihr eigener Körper und nicht ihr eigenes Vererbungspotential, das nachhaltig verändert wird. Zum anderen können sie das Stigma kaum nachvollziehen, das eine Person mit Beeinträchtigung erfährt, die in einer Gesellschaft leben muss, in der potentielle Personen mit eben dieser Beeinträchtigung bevorzugt korrigiert oder ganz vermieden werden. Die Botschaft, die die Gesellschaft damit sendet, ist kaum mit der Botschaft der Integration und Inklusion vereinbar. Selbstverständlich variieren auch zwischen Menschen mit Behinderungen und Erkrankungen die Einschätzungen und Meinungen zu Genome Editing und dessen Potential – für eine gesamtgesellschaftliche Auseinandersetzung mit Genome Editing reicht es daher auch nicht, wenn nur wenige von ihnen angehört werden. Denn während einige die Ziele von vererbbarem Genome Editing befürworten, teilen andere diese Meinung nicht.<a href="https://userblogs.fu-berlin.de/genome-editing/werden-alle-stimmen-gehort?/#quellen">[4]</a> Beispielsweise werden sowohl angeborene Taubheit als auch Kleinwuchs des Öfteren als durch CRISPR-Cas9 verhinderbare Behinderungen angeführt. Viele Betroffene sehen sich jedoch nicht als Geschädigte und lehnen diesen defizitorientierten Blick auf ihr Leben ab. Es sind auch Fälle bekannt, in denen Menschen mit diesen Behinderungen Reproduktionstechnologien nutzen, um gezielt Kinder mit der gleichen Behinderung zu bekommen.<a href="https://userblogs.fu-berlin.de/genome-editing/werden-alle-stimmen-gehort?/#quellen">[5]</a></p>



<p>Die US-amerikanische Behindertenvertreterin Rebecca Cokley gibt zur Frage von Genome Editing zu bedenken: „Ich bin die, die ich bin, weil ich Kleinwuchs habe. Kleinwüchsige besitzen eine reichhaltige Kultur, so wie viele Behindertengruppen“ und fragt „wo ist die Grenze zwischen dem was die Gesellschaft als furchtbare, genetische Mutation wahrnimmt und der Kultur von jemandem?“.<a href="https://userblogs.fu-berlin.de/genome-editing/werden-alle-stimmen-gehort?/#quellen">[6]</a> Ähnlich beschreibt Jeff Johnson, der seit seiner Geburt mit Hämophilie lebt, die genetische Bluterkrankung als untrennbarer Teil seiner Identität „Ich bin Hämophilie. Ich habe es nicht. Ich bin Hämophilie.“<a href="https://userblogs.fu-berlin.de/genome-editing/werden-alle-stimmen-gehort?/#quellen">[7]</a> Eine Heilung wolle er daher nicht.</p>



<hr class="wp-block-separator" />



<h4 class="wp-block-heading" id="quellen">Fußnoten und Quellen </h4>



<p>[1] Nur 1 von 26 Mitgliedern des deutschen Ethikrates und kein beteiligtes Mitglied der AG Gentechnologiebericht oder der Leopoldina war zum Zeitpunkt der aufgeführten Stellungnahmen Interessenvertreter*in von Menschen mit Erkrankungen, die potenziell von einem Genome Editing-Einsatz betroffen sein könnten.</p>



<p>Diskussionspapier der Leopoldina: Ethische und rechtliche Beurteilung des genome editing in der Forschung an humanen Zellen, März 2017, online unter: <a rel="noreferrer noopener" href="https://www.leopoldina.org/uploads/tx_leopublication/2017_Diskussionspapier_GenomeEditing.pdf" target="_blank">https://www.leopoldina.org/uploads/tx_leopublication/2017_Diskussionspapier_GenomeEditing.pdf</a></p>



<p>Broschüre der Arbeitsgruppe Gentechnologiebericht der Berlin-Brandenburgischen Akademie der Wissenschaften: Genomchirurgie beim Menschen, 2015, online unter: <a rel="noreferrer noopener" href="https://www.gentechnologiebericht.de/publikationen/genomchirurgie-beim-menschen-2015/" target="_blank">https://www.gentechnologiebericht.de/publikationen/genomchirurgie-beim-menschen-2015/</a></p>



<p>Stellungnahme des deutschen Ethikrates: Eingriffe in die menschliche Keimbahn, Mai 2019; online unter: <a rel="noreferrer noopener" href="https://www.ethikrat.org/fileadmin/Publikationen/Stellungnahmen/deutsch/stellungnahme-eingriffe-in-die-menschliche-keimbahn.pdf" target="_blank">https://www.ethikrat.org/fileadmin/Publikationen/Stellungnahmen/deutsch/stellungnahme-eingriffe-in-die-menschliche-keimbahn.pdf</a> </p>



<p>[2]<a href="https://uebermedien.de/53083/die-berichterstattung-ueber-behinderte-menschen-braucht-perspektivwechsel/" target="_blank" rel="noreferrer noopener"> https://uebermedien.de/53083/die-berichterstattung-ueber-behinderte-menschen-braucht-perspektivwechsel/</a></p>



<p>[3] Peter Wehling, Beatrice Perera und Sabrina Schüssler, Von reproduktiver Autonomie zur Präventionspflicht, Gen-ethischer Informationsdienst 252, S. 32-34, online unter</p>



<p><a rel="noreferrer noopener" href="https://www.gen-ethisches-netzwerk.de/praenataldiagnostik/252/von-reproduktiver-autonomie-zur-praeventionspflicht" target="_blank">https://www.gen-ethisches-netzwerk.de/praenataldiagnostik/252/von-reproduktiver-autonomie-zur-praeventionspflicht</a></p>



<p>[4] Z.B. eine Befragung von Blinden<a rel="noreferrer noopener" href="https://onlinelibrary.wiley.com/doi/full/10.1002/mgg3.803" target="_blank"> https://onlinelibrary.wiley.com/doi/full/10.1002/mgg3.803</a></p>



<p>[5] <a href="https://www.nytimes.com/2006/12/05/health/05essa.html" target="_blank" rel="noreferrer noopener">https://www.nytimes.com/2006/12/05/health/05essa.html</a></p>



<p>[6] <a rel="noreferrer noopener" href="https://www.washingtonpost.com/opinions/if-we-start-editing-genes-people-like-me-might-not-exist/2017/08/10/e9adf206-7d27-11e7-a669-b400c5c7e1cc_story.html" target="_blank">https://www.washingtonpost.com/opinions/if-we-start-editing-genes-people-like-me-might-not-exist/2017/08/10/e9adf206-7d27-11e7-a669-b400c5c7e1cc_story.html</a></p>



<p>[7] <a href="https://www.theatlantic.com/science/archive/2018/08/hemophilia-gene-therapy-cure-identity/540987/">https://www.theatlantic.com/science/archive/2018/08/hemophilia-gene-therapy-cure-identity/540987/</a></p>

<p>Werden alle Stimmen gehört? Ein Beitrag von Isabelle Bartram In [&hellip;]</p>
