{"id":5136,"date":"2021-01-04T16:55:02","date_gmt":"2021-01-04T15:55:02","guid":{"rendered":"https:\/\/userblogs.fu-berlin.de\/genome-editing\/?page_id=5136"},"modified":"2021-01-13T20:35:58","modified_gmt":"2021-01-13T19:35:58","slug":"beispiel-einer-muendlichen-abiturpruefung-zum-thema-genomeditierung","status":"publish","type":"page","link":"https:\/\/userblogs.fu-berlin.de\/genome-editing\/ethik-vermitteln\/materialien-lehre\/beispiel-abiturpruefung-zur-genomeditierung\/beispiel-einer-muendlichen-abiturpruefung-zum-thema-genomeditierung\/","title":{"rendered":"Beispiel einer m\u00fcndlichen Abiturpr\u00fcfung zum Thema Genomeditierung"},"content":{"rendered":"\n<p>Wie kann eine schulische Pr\u00fcfungsleistung zum Thema Genomeditierung aussehen? Es folgt als Anregung der grobe Ablauf einer exemplarischen m\u00fcndlichen Abiturpr\u00fcfung (zwei Pr\u00fcflinge, mit Powerpointpr\u00e4sentation) mit den von den Lehrenden im Anschluss an die Pr\u00e4sentation gestellten Nachfragen.<\/p>\n\n\n\n<p><strong><em>Leitfrage: \u201eWarum geht uns die Frage, ob Genomeditierung an der Keimbahn bei Embryonen ethisch vertretbar ist oder nicht, als Gesellschaft etwas an?\u201c<\/em><\/strong><\/p>\n\n\n\n<h3 class=\"wp-block-heading\">Erster Teil: Powerpoint-Pr\u00e4sentation der zwei Sch\u00fcler<\/h3>\n\n\n\n<p>Im ersten Teil stellten die Pr\u00fcflinge das Thema und die Leitfrage vor und boten eine Einf\u00fchrung in die Technik der Genomeditierung und ihre m\u00f6glichen Anwendungsbereiche.<\/p>\n\n\n\n<p>Im zweiten Teil der Pr\u00e4sentation, die zur Beantwortung der Leitfrage f\u00fchren soll, wurde zuerst die gegenw\u00e4rtige rechtliche Situation skizziert und dann auf die ethischen Aspekte eingegangen. (Dabei lag der Fokus der Pr\u00fcflinge auf den Konzepten der Menschen- und Gattungsw\u00fcrde und der Autonomie, inkl. der reproduktiven Autonomie.)<\/p>\n\n\n\n<h3 class=\"wp-block-heading\">Zweiter Teil: Nachfragen der Pr\u00fcfer:innen<\/h3>\n\n\n\n<p>Der zweite Block der Pr\u00fcfung bestand aus einer Fragerunde der anwesenden Lehrkr\u00e4fte, die jeweils unterschiedliche thematische Schwerpunkte zwischen Philosophie\/Ethik und Biologie setzten.<\/p>\n\n\n\n<h4 class=\"wp-block-heading\">Fragen zum Utilitarismus (bzw. zu Nutzenabw\u00e4gungen)<\/h4>\n\n\n\n<ul class=\"wp-block-list\"><li>Wie tauglich ist Ihrer Meinung nach der Utilitarismus zur Beurteilung der Ausgangsfrage? Gibt es andere Faktoren, die einzubeziehen sind und die von einer utilitaristischen Herangehensweise nicht eingefangen werden?<\/li><li>Wie w\u00fcrde eine Utilitaristin gem\u00e4\u00df dem Nutzenprinzip die genetische Modifizierung von Tieren zur Ertragssteigerung bewerten? <em>[Die Pr\u00fcflinge hatten als Beispiel den Fall eines genetisch modifizierten Huhns ohne Federn vorgestellt, das deshalb einfacher zu verarbeiten ist.]<\/em> Was halten Sie in diesem Fall von der utilitaristischen Beurteilung anhand des Nutzenprinzips?<\/li><li>Was wird hier \u00fcberhaupt gesteigert? Wenn das Ziel ist, mehr hungrige Menschen mit Essen zu versorgen, wird das durch die genetische Modifizierung <em>direkt <\/em>erreicht?<\/li><li>Wem nutzt eine Steigerung der Gehirnkapazit\u00e4t des Menschen (im Unterschied zu einer Optimierung von Tieren oder Pflanzen)?<\/li><\/ul>\n\n\n\n<h4 class=\"wp-block-heading\">Fragen zu Gefahren des Eingriffs in biologische Systeme<\/h4>\n\n\n\n<ul class=\"wp-block-list\"><li>Darf man Menschen optimieren? Was ist mit der Bedeutung der Variabilit\u00e4t innerhalb einer Art?<\/li><li>K\u00f6nnen Sie die Rolle der Individualit\u00e4t, insbesondere der genetischen Individualit\u00e4t innerhalb einer Art in die Bewertung miteinbeziehen?<\/li><li>Inwiefern darf die Gesellschaft in den Vorgang der nat\u00fcrlichen Selektion eingreifen?<ul><li>Wir k\u00f6nnten z.B. Unfruchtbarkeit, die durch Genomeditierung beseitigt werden k\u00f6nnte <em>[ein von den Pr\u00fcflingen genannter Anwendungsbereich der Genomeditierung]<\/em>, im Kontext der nat\u00fcrlichen Selektion als pr\u00e4zygotische Verhinderung der Fortpflanzung ansehen. Dann w\u00e4re die Beseitigung dieser Unfruchtbarkeit ein Eingriff in die nat\u00fcrliche Selektion. Ist dies erlaubt?<\/li><\/ul><\/li><\/ul>\n\n\n\n<h4 class=\"wp-block-heading\">Fragen zur Missbrauchsgefahr<\/h4>\n\n\n\n<ul class=\"wp-block-list\"><li>Wir haben in unserer Gesellschaft sehr starke Erfahrungen gemacht mit dem Missbrauch von Technik. Wie ist in dieser Hinsicht die Genomeditierungstechnik zu beurteilen?<\/li><li>Kann es vertretbar sein, die Forschungsfreiheit \u00fcber die Unantastbarkeit der Menschenw\u00fcrde zu stellen?<\/li><\/ul>\n\n\n\n<h4 class=\"wp-block-heading\">Diskursausblick<\/h4>\n\n\n\n<ul class=\"wp-block-list\"><li>Wenn wir bejahen, dass die Frage nach der ethischen Vertretbarkeit der Genomeditierung f\u00fcr die Gesellschaft wichtig ist: Wie k\u00f6nnte dann eine gesellschaftliche Diskussion dazu aussehen?<\/li><\/ul>\n","protected":false},"excerpt":{"rendered":"<p>Wie kann eine schulische Pr\u00fcfungsleistung zum Thema Genomeditierung aussehen? Es [&hellip;]<\/p>\n","protected":false},"author":5777,"featured_media":0,"parent":5232,"menu_order":0,"comment_status":"closed","ping_status":"closed","template":"","meta":{"footnotes":""},"class_list":["post-5136","page","type-page","status-publish","hentry"],"_links":{"self":[{"href":"https:\/\/userblogs.fu-berlin.de\/genome-editing\/wp-json\/wp\/v2\/pages\/5136","targetHints":{"allow":["GET"]}}],"collection":[{"href":"https:\/\/userblogs.fu-berlin.de\/genome-editing\/wp-json\/wp\/v2\/pages"}],"about":[{"href":"https:\/\/userblogs.fu-berlin.de\/genome-editing\/wp-json\/wp\/v2\/types\/page"}],"author":[{"embeddable":true,"href":"https:\/\/userblogs.fu-berlin.de\/genome-editing\/wp-json\/wp\/v2\/users\/5777"}],"replies":[{"embeddable":true,"href":"https:\/\/userblogs.fu-berlin.de\/genome-editing\/wp-json\/wp\/v2\/comments?post=5136"}],"version-history":[{"count":31,"href":"https:\/\/userblogs.fu-berlin.de\/genome-editing\/wp-json\/wp\/v2\/pages\/5136\/revisions"}],"predecessor-version":[{"id":5237,"href":"https:\/\/userblogs.fu-berlin.de\/genome-editing\/wp-json\/wp\/v2\/pages\/5136\/revisions\/5237"}],"up":[{"embeddable":true,"href":"https:\/\/userblogs.fu-berlin.de\/genome-editing\/wp-json\/wp\/v2\/pages\/5232"}],"wp:attachment":[{"href":"https:\/\/userblogs.fu-berlin.de\/genome-editing\/wp-json\/wp\/v2\/media?parent=5136"}],"curies":[{"name":"wp","href":"https:\/\/api.w.org\/{rel}","templated":true}]}}

Beispiel einer mündlichen Abiturprüfung zum Thema Genomeditierung

<p>Wie kann eine schulische Prüfungsleistung zum Thema Genomeditierung aussehen? Es folgt als Anregung der grobe Ablauf einer exemplarischen mündlichen Abiturprüfung (zwei Prüflinge, mit Powerpointpräsentation) mit den von den Lehrenden im Anschluss an die Präsentation gestellten Nachfragen.</p>



<p><strong><em>Leitfrage: „Warum geht uns die Frage, ob Genomeditierung an der Keimbahn bei Embryonen ethisch vertretbar ist oder nicht, als Gesellschaft etwas an?“</em></strong></p>



<h3 class="wp-block-heading">Erster Teil: Powerpoint-Präsentation der zwei Schüler</h3>



<p>Im ersten Teil stellten die Prüflinge das Thema und die Leitfrage vor und boten eine Einführung in die Technik der Genomeditierung und ihre möglichen Anwendungsbereiche.</p>



<p>Im zweiten Teil der Präsentation, die zur Beantwortung der Leitfrage führen soll, wurde zuerst die gegenwärtige rechtliche Situation skizziert und dann auf die ethischen Aspekte eingegangen. (Dabei lag der Fokus der Prüflinge auf den Konzepten der Menschen- und Gattungswürde und der Autonomie, inkl. der reproduktiven Autonomie.)</p>



<h3 class="wp-block-heading">Zweiter Teil: Nachfragen der Prüfer:innen</h3>



<p>Der zweite Block der Prüfung bestand aus einer Fragerunde der anwesenden Lehrkräfte, die jeweils unterschiedliche thematische Schwerpunkte zwischen Philosophie/Ethik und Biologie setzten.</p>



<h4 class="wp-block-heading">Fragen zum Utilitarismus (bzw. zu Nutzenabwägungen)</h4>



<ul class="wp-block-list"><li>Wie tauglich ist Ihrer Meinung nach der Utilitarismus zur Beurteilung der Ausgangsfrage? Gibt es andere Faktoren, die einzubeziehen sind und die von einer utilitaristischen Herangehensweise nicht eingefangen werden?</li><li>Wie würde eine Utilitaristin gemäß dem Nutzenprinzip die genetische Modifizierung von Tieren zur Ertragssteigerung bewerten? <em>[Die Prüflinge hatten als Beispiel den Fall eines genetisch modifizierten Huhns ohne Federn vorgestellt, das deshalb einfacher zu verarbeiten ist.]</em> Was halten Sie in diesem Fall von der utilitaristischen Beurteilung anhand des Nutzenprinzips?</li><li>Was wird hier überhaupt gesteigert? Wenn das Ziel ist, mehr hungrige Menschen mit Essen zu versorgen, wird das durch die genetische Modifizierung <em>direkt </em>erreicht?</li><li>Wem nutzt eine Steigerung der Gehirnkapazität des Menschen (im Unterschied zu einer Optimierung von Tieren oder Pflanzen)?</li></ul>



<h4 class="wp-block-heading">Fragen zu Gefahren des Eingriffs in biologische Systeme</h4>



<ul class="wp-block-list"><li>Darf man Menschen optimieren? Was ist mit der Bedeutung der Variabilität innerhalb einer Art?</li><li>Können Sie die Rolle der Individualität, insbesondere der genetischen Individualität innerhalb einer Art in die Bewertung miteinbeziehen?</li><li>Inwiefern darf die Gesellschaft in den Vorgang der natürlichen Selektion eingreifen?<ul><li>Wir könnten z.B. Unfruchtbarkeit, die durch Genomeditierung beseitigt werden könnte <em>[ein von den Prüflingen genannter Anwendungsbereich der Genomeditierung]</em>, im Kontext der natürlichen Selektion als präzygotische Verhinderung der Fortpflanzung ansehen. Dann wäre die Beseitigung dieser Unfruchtbarkeit ein Eingriff in die natürliche Selektion. Ist dies erlaubt?</li></ul></li></ul>



<h4 class="wp-block-heading">Fragen zur Missbrauchsgefahr</h4>



<ul class="wp-block-list"><li>Wir haben in unserer Gesellschaft sehr starke Erfahrungen gemacht mit dem Missbrauch von Technik. Wie ist in dieser Hinsicht die Genomeditierungstechnik zu beurteilen?</li><li>Kann es vertretbar sein, die Forschungsfreiheit über die Unantastbarkeit der Menschenwürde zu stellen?</li></ul>



<h4 class="wp-block-heading">Diskursausblick</h4>



<ul class="wp-block-list"><li>Wenn wir bejahen, dass die Frage nach der ethischen Vertretbarkeit der Genomeditierung für die Gesellschaft wichtig ist: Wie könnte dann eine gesellschaftliche Diskussion dazu aussehen?</li></ul>

<p>Wie kann eine schulische Prüfungsleistung zum Thema Genomeditierung aussehen? Es [&hellip;]</p>
