{"id":5274,"date":"2021-01-04T19:19:14","date_gmt":"2021-01-04T18:19:14","guid":{"rendered":"https:\/\/userblogs.fu-berlin.de\/genome-editing\/?page_id=5274"},"modified":"2021-01-26T17:09:52","modified_gmt":"2021-01-26T16:09:52","slug":"mache-dir-ein-erstes-bild","status":"publish","type":"page","link":"https:\/\/userblogs.fu-berlin.de\/genome-editing\/lernen\/argumentieren\/mache-dir-ein-erstes-bild\/","title":{"rendered":"Mache dir ein erstes Bild!"},"content":{"rendered":"\n<div style=\"height:20px\" aria-hidden=\"true\" class=\"wp-block-spacer\"><\/div>\n\n\n\n<p class=\"has-small-font-size\"><a href=\"https:\/\/userblogs.fu-berlin.de\/genome-editing\/\">Startseite<\/a>&nbsp;&gt;&nbsp;<a href=\"https:\/\/userblogs.fu-berlin.de\/genome-editing\/lernen\/argumentieren\/\">Was ist hier los?<\/a> &gt; <strong>Mach dir ein erstes Bild!<\/strong><\/p>\n\n\n\n<div class=\"wp-block-cover has-background-dim\" style=\"background-color:#217867;min-height:150px;aspect-ratio:unset;\"><div class=\"wp-block-cover__inner-container is-layout-flow wp-block-cover-is-layout-flow\">\n<h1 class=\"has-text-align-center wp-block-heading\">Mache dir ein erstes Bild!<\/h1>\n<\/div><\/div>\n\n\n\n<div style=\"height:20px\" aria-hidden=\"true\" class=\"wp-block-spacer\"><\/div>\n\n\n\n<p>Auf dieser Lernplattform erf\u00e4hrst du in vielen kleinen Einheiten mehr \u00fcber das Genome Editing, \u00fcber die ethischen Fragen, die sich bei diesem Thema stellen und wie du dir ein Urteil bilden kannst. Einen ersten Eindruck zum Thema vermittelt dir unser Video auf der Startseite. Wenn du dieses nicht gesehen hast, kannst du es dir hier noch einmal anschauen. Solltest du das Video schon gesehen haben, dann geht es weiter mit: <a href=\"https:\/\/userblogs.fu-berlin.de\/genome-editing\/lernen\/argumentieren\/erste-meinung\/\"><strong><span style=\"color:#2c89a0\" class=\"has-inline-color\">Formuliere eine erste Meinung!<\/span><\/strong><\/a><\/p>\n\n\n\n<div style=\"height:20px\" aria-hidden=\"true\" class=\"wp-block-spacer\"><\/div>\n\n\n\n<figure class=\"wp-block-video\"><video controls poster=\"https:\/\/userblogs.fu-berlin.de\/genome-editing\/files\/2021\/01\/Startbild_Video_BMBF_mit_Schutz.png\" src=\"https:\/\/medien.cedis.fu-berlin.de\/genomedit\/startvideo_genome_editing.mp4\"><\/video><\/figure>\n\n\n\n<div style=\"height:20px\" aria-hidden=\"true\" class=\"wp-block-spacer\"><\/div>\n\n\n\n<hr class=\"wp-block-separator\" \/>\n\n\n\n<div class=\"wp-block-columns are-vertically-aligned-center is-layout-flex wp-container-core-columns-is-layout-28f84493 wp-block-columns-is-layout-flex\">\n<div class=\"wp-block-column is-vertically-aligned-center is-layout-flow wp-block-column-is-layout-flow\">\n<p><strong>Zur\u00fcck<\/strong>: <a href=\"https:\/\/userblogs.fu-berlin.de\/genome-editing\/\">zur Startseite<\/a><\/p>\n<\/div>\n\n\n\n<div class=\"wp-block-column is-vertically-aligned-center is-layout-flow wp-block-column-is-layout-flow\">\n<p class=\"has-text-align-right\"><strong>Weiter:<\/strong> <a href=\"https:\/\/userblogs.fu-berlin.de\/genome-editing\/lernen\/argumentieren\/erste-meinung\/\">Formuliere eine erste Meinung!<\/a><\/p>\n<\/div>\n<\/div>\n\n\n\n<hr class=\"wp-block-separator\" \/>\n\n\n\n<div class=\"wp-block-group\"><div class=\"wp-block-group__inner-container is-layout-flow wp-block-group-is-layout-flow\">\n<p><strong>Was dich auch interessieren k\u00f6nnte:<\/strong><\/p>\n\n\n\n<div class=\"wp-block-columns is-layout-flex wp-container-core-columns-is-layout-28f84493 wp-block-columns-is-layout-flex\">\n<div class=\"wp-block-column is-layout-flow wp-block-column-is-layout-flow\">\n<p><a href=\"https:\/\/userblogs.fu-berlin.de\/genome-editing\/lernen\/situation-analysieren\/verstehe-was-genome-editing-ist\/\"><span style=\"color:#2c89a0\" class=\"has-inline-color\">Was Genome Editing ist und was wir damit machen k\u00f6nnen.<\/span><\/a><\/p>\n<\/div>\n\n\n\n<div class=\"wp-block-column is-layout-flow wp-block-column-is-layout-flow\">\n<p class=\"has-text-align-center\"><a href=\"https:\/\/userblogs.fu-berlin.de\/genome-editing\/lernen\/situation-analysieren\/perspektiven-einnehmen\/\">Nimm verschiedene Perspektiven ein.<\/a><\/p>\n<\/div>\n\n\n\n<div class=\"wp-block-column is-layout-flow wp-block-column-is-layout-flow\">\n<p class=\"has-text-align-right\"><a href=\"https:\/\/userblogs.fu-berlin.de\/genome-editing\/lernen\/situation-analysieren\/inszenierung-hinterfragen\/\">Hinterfrage die Inszenierung.<\/a><\/p>\n<\/div>\n<\/div>\n<\/div><\/div>\n\n\n\n<p><\/p>\n","protected":false},"excerpt":{"rendered":"<p>Startseite&nbsp;&gt;&nbsp;Was ist hier los? &gt; Mach dir ein erstes Bild! [&hellip;]<\/p>\n","protected":false},"author":4241,"featured_media":0,"parent":185,"menu_order":0,"comment_status":"closed","ping_status":"closed","template":"page-templates\/page_front-page.php","meta":{"footnotes":""},"class_list":["post-5274","page","type-page","status-publish","hentry"],"_links":{"self":[{"href":"https:\/\/userblogs.fu-berlin.de\/genome-editing\/wp-json\/wp\/v2\/pages\/5274","targetHints":{"allow":["GET"]}}],"collection":[{"href":"https:\/\/userblogs.fu-berlin.de\/genome-editing\/wp-json\/wp\/v2\/pages"}],"about":[{"href":"https:\/\/userblogs.fu-berlin.de\/genome-editing\/wp-json\/wp\/v2\/types\/page"}],"author":[{"embeddable":true,"href":"https:\/\/userblogs.fu-berlin.de\/genome-editing\/wp-json\/wp\/v2\/users\/4241"}],"replies":[{"embeddable":true,"href":"https:\/\/userblogs.fu-berlin.de\/genome-editing\/wp-json\/wp\/v2\/comments?post=5274"}],"version-history":[{"count":38,"href":"https:\/\/userblogs.fu-berlin.de\/genome-editing\/wp-json\/wp\/v2\/pages\/5274\/revisions"}],"predecessor-version":[{"id":8015,"href":"https:\/\/userblogs.fu-berlin.de\/genome-editing\/wp-json\/wp\/v2\/pages\/5274\/revisions\/8015"}],"up":[{"embeddable":true,"href":"https:\/\/userblogs.fu-berlin.de\/genome-editing\/wp-json\/wp\/v2\/pages\/185"}],"wp:attachment":[{"href":"https:\/\/userblogs.fu-berlin.de\/genome-editing\/wp-json\/wp\/v2\/media?parent=5274"}],"curies":[{"name":"wp","href":"https:\/\/api.w.org\/{rel}","templated":true}]}}