{"id":5586,"date":"2021-01-07T19:50:35","date_gmt":"2021-01-07T18:50:35","guid":{"rendered":"https:\/\/userblogs.fu-berlin.de\/genome-editing\/?page_id=5586"},"modified":"2021-02-01T18:14:34","modified_gmt":"2021-02-01T17:14:34","slug":"konzepte-die-ethik-des-genome-editing-im-fachdidaktischen-kontext","status":"publish","type":"page","link":"https:\/\/userblogs.fu-berlin.de\/genome-editing\/ethik-vermitteln\/konzepte-die-ethik-des-genome-editing-im-fachdidaktischen-kontext\/","title":{"rendered":"Konzepte: Die Ethik des Genome Editing im fachdidaktischen Kontext"},"content":{"rendered":"\n<div style=\"height:20px\" aria-hidden=\"true\" class=\"wp-block-spacer\"><\/div>\n\n\n\n<p class=\"has-small-font-size\"><a href=\"https:\/\/userblogs.fu-berlin.de\/genome-editing\/\">Startseite <\/a>&gt; <strong>Konzepte: Fachdidaktische Perspektiven<\/strong><\/p>\n\n\n\n<div class=\"wp-block-cover has-background-dim\" style=\"background-color:#216778;min-height:207px;aspect-ratio:unset;\"><div class=\"wp-block-cover__inner-container is-layout-flow wp-block-cover-is-layout-flow\">\n<h1 class=\"has-text-align-center wp-block-heading\">Etwas \u00fcber&#8217;s Lernen lernen oder:<\/h1>\n\n\n\n<h1 class=\"has-text-align-center wp-block-heading\"><strong>Fachdidaktische <\/strong>Konzepte<\/h1>\n\n\n\n<p><\/p>\n<\/div><\/div>\n\n\n\n<div style=\"height:25px\" aria-hidden=\"true\" class=\"wp-block-spacer\"><\/div>\n\n\n\n<div class=\"wp-block-columns is-layout-flex wp-container-core-columns-is-layout-28f84493 wp-block-columns-is-layout-flex\">\n<div class=\"wp-block-column is-layout-flow wp-block-column-is-layout-flow\">\n<figure class=\"wp-block-image size-large\"><a href=\"https:\/\/userblogs.fu-berlin.de\/genome-editing\/konzepte-die-ethik-des-genome-editing-im-fachdidaktischen-kontext\/was-muessen-menschen-koennen\/\"><img loading=\"lazy\" decoding=\"async\" width=\"640\" height=\"426\" src=\"https:\/\/userblogs.fu-berlin.de\/genome-editing\/files\/2021\/01\/Baukl\u00f6tze.jpg\" alt=\"\" class=\"wp-image-6414\" srcset=\"https:\/\/userblogs.fu-berlin.de\/genome-editing\/files\/2021\/01\/Baukl\u00f6tze.jpg 640w, https:\/\/userblogs.fu-berlin.de\/genome-editing\/files\/2021\/01\/Baukl\u00f6tze-300x200.jpg 300w, https:\/\/userblogs.fu-berlin.de\/genome-editing\/files\/2021\/01\/Baukl\u00f6tze-230x153.jpg 230w, https:\/\/userblogs.fu-berlin.de\/genome-editing\/files\/2021\/01\/Baukl\u00f6tze-350x233.jpg 350w, https:\/\/userblogs.fu-berlin.de\/genome-editing\/files\/2021\/01\/Baukl\u00f6tze-480x320.jpg 480w, https:\/\/userblogs.fu-berlin.de\/genome-editing\/files\/2021\/01\/Baukl\u00f6tze-250x166.jpg 250w, https:\/\/userblogs.fu-berlin.de\/genome-editing\/files\/2021\/01\/Baukl\u00f6tze-550x366.jpg 550w, https:\/\/userblogs.fu-berlin.de\/genome-editing\/files\/2021\/01\/Baukl\u00f6tze-270x180.jpg 270w, https:\/\/userblogs.fu-berlin.de\/genome-editing\/files\/2021\/01\/Baukl\u00f6tze-451x300.jpg 451w\" sizes=\"auto, (max-width: 640px) 100vw, 640px\" \/><\/a><\/figure>\n\n\n\n<h4 class=\"has-text-align-center wp-block-heading\"><a href=\"https:\/\/userblogs.fu-berlin.de\/genome-editing\/konzepte-die-ethik-des-genome-editing-im-fachdidaktischen-kontext\/was-muessen-menschen-koennen\/\">Was m\u00fcssen Menschen k\u00f6nnen&#8230;<\/a><\/h4>\n\n\n\n<p><em>Beitr\u00e4ge der Tagung \u201eDiskurs: Genome Editing. Herausforderungen f\u00fcr die Ethik-Vermittlung\u201c<\/em><\/p>\n\n\n\n<p>Was m\u00fcssen Menschen k\u00f6nnen, um sich ein ethisches Urteil zum Genome Editing bilden zu k\u00f6nnen? <a href=\"https:\/\/userblogs.fu-berlin.de\/genome-editing\/konzepte-die-ethik-des-genome-editing-im-fachdidaktischen-kontext\/was-muessen-menschen-koennen\/\"><span style=\"color:#2c89a0\" class=\"has-inline-color\">Es geben per Videoclip Antwort: Alena M. Buyx (Medizinethik), Sophia Gerber (Schule), Petra Lenz (Philosophie- und Ethikdidaktik), Arne Dittmer (Biologiedidaktik), Lilian Marx-St\u00f6lting (Diskurs), Olaf Kramer (Rhetorik).<\/span><\/a><\/p>\n<\/div>\n\n\n\n<div class=\"wp-block-column is-layout-flow wp-block-column-is-layout-flow\">\n<figure class=\"wp-block-image size-large\"><a href=\"https:\/\/userblogs.fu-berlin.de\/genome-editing\/didaktik-angewandter-ethik\/\"><img loading=\"lazy\" decoding=\"async\" width=\"640\" height=\"419\" src=\"https:\/\/userblogs.fu-berlin.de\/genome-editing\/files\/2021\/01\/Grundriss.jpg\" alt=\"\" class=\"wp-image-6412\" srcset=\"https:\/\/userblogs.fu-berlin.de\/genome-editing\/files\/2021\/01\/Grundriss.jpg 640w, https:\/\/userblogs.fu-berlin.de\/genome-editing\/files\/2021\/01\/Grundriss-300x196.jpg 300w, https:\/\/userblogs.fu-berlin.de\/genome-editing\/files\/2021\/01\/Grundriss-230x151.jpg 230w, https:\/\/userblogs.fu-berlin.de\/genome-editing\/files\/2021\/01\/Grundriss-350x229.jpg 350w, https:\/\/userblogs.fu-berlin.de\/genome-editing\/files\/2021\/01\/Grundriss-480x314.jpg 480w, https:\/\/userblogs.fu-berlin.de\/genome-editing\/files\/2021\/01\/Grundriss-250x164.jpg 250w, https:\/\/userblogs.fu-berlin.de\/genome-editing\/files\/2021\/01\/Grundriss-550x360.jpg 550w, https:\/\/userblogs.fu-berlin.de\/genome-editing\/files\/2021\/01\/Grundriss-275x180.jpg 275w, https:\/\/userblogs.fu-berlin.de\/genome-editing\/files\/2021\/01\/Grundriss-458x300.jpg 458w\" sizes=\"auto, (max-width: 640px) 100vw, 640px\" \/><\/a><\/figure>\n\n\n\n<h4 class=\"has-text-align-center wp-block-heading\"><a href=\"https:\/\/userblogs.fu-berlin.de\/genome-editing\/didaktik-angewandter-ethik\/\">Didaktik Angewandter Ethik<\/a><\/h4>\n\n\n\n<p><em>Ein Beitrag von Julia Dietrich<\/em><\/p>\n\n\n\n<p>Ethische Grundbildung f\u00fcr alle ist so wie wichtig wie nie zuvor. Im Mittelpunkt m\u00fcssen dabei Fragen der Angewandten Ethik stehen &#8211; aber warum und wie? <a href=\"https:\/\/userblogs.fu-berlin.de\/genome-editing\/didaktik-angewandter-ethik\/\">Ein Grundriss.<\/a><\/p>\n<\/div>\n\n\n\n<div class=\"wp-block-column is-layout-flow wp-block-column-is-layout-flow\">\n<figure class=\"wp-block-image size-full\"><a href=\"https:\/\/userblogs.fu-berlin.de\/genome-editing\/wie-du-einen-ethischen-fall-analysieren-kannst\/\"><img loading=\"lazy\" decoding=\"async\" width=\"640\" height=\"427\" src=\"https:\/\/userblogs.fu-berlin.de\/genome-editing\/files\/2021\/01\/PuzzleHaus-e1610370940595.jpg\" alt=\"\" class=\"wp-image-6418\" srcset=\"https:\/\/userblogs.fu-berlin.de\/genome-editing\/files\/2021\/01\/PuzzleHaus-e1610370940595.jpg 640w, https:\/\/userblogs.fu-berlin.de\/genome-editing\/files\/2021\/01\/PuzzleHaus-e1610370940595-300x200.jpg 300w, https:\/\/userblogs.fu-berlin.de\/genome-editing\/files\/2021\/01\/PuzzleHaus-e1610370940595-230x153.jpg 230w, https:\/\/userblogs.fu-berlin.de\/genome-editing\/files\/2021\/01\/PuzzleHaus-e1610370940595-350x234.jpg 350w, https:\/\/userblogs.fu-berlin.de\/genome-editing\/files\/2021\/01\/PuzzleHaus-e1610370940595-480x320.jpg 480w, https:\/\/userblogs.fu-berlin.de\/genome-editing\/files\/2021\/01\/PuzzleHaus-e1610370940595-250x167.jpg 250w, https:\/\/userblogs.fu-berlin.de\/genome-editing\/files\/2021\/01\/PuzzleHaus-e1610370940595-550x367.jpg 550w, https:\/\/userblogs.fu-berlin.de\/genome-editing\/files\/2021\/01\/PuzzleHaus-e1610370940595-270x180.jpg 270w, https:\/\/userblogs.fu-berlin.de\/genome-editing\/files\/2021\/01\/PuzzleHaus-e1610370940595-450x300.jpg 450w\" sizes=\"auto, (max-width: 640px) 100vw, 640px\" \/><\/a><\/figure>\n\n\n\n<h4 class=\"has-text-align-center wp-block-heading\"><a href=\"https:\/\/userblogs.fu-berlin.de\/genome-editing\/wie-du-einen-ethischen-fall-analysieren-kannst\/\">Die Fallanalyse<\/a><\/h4>\n\n\n\n<p><em>Ein Beitrag von Henning Franzen<\/em><\/p>\n\n\n\n<p>Eine Fallanalyse nimmt eigentlich gar nichts auseinander, sondern baut etwas zusammen: N\u00e4mlich ein ethisches Urteil. <span style=\"color:#2c89a0\" class=\"has-inline-color\"><a href=\"https:\/\/userblogs.fu-berlin.de\/genome-editing\/wie-du-einen-ethischen-fall-analysieren-kannst\/\">Aus welchen Bausteinen sie besteht, wird hier von Henning Franzen erkl\u00e4rt<\/a>. <\/span><\/p>\n<\/div>\n\n\n\n<div class=\"wp-block-column is-layout-flow wp-block-column-is-layout-flow\">\n<figure class=\"wp-block-image size-large\"><a href=\"https:\/\/userblogs.fu-berlin.de\/genome-editing\/die-plattform-im-ueberblick\/\"><img loading=\"lazy\" decoding=\"async\" width=\"300\" height=\"200\" src=\"https:\/\/userblogs.fu-berlin.de\/genome-editing\/files\/2021\/01\/genomedit-1.png\" alt=\"\" class=\"wp-image-8061\" srcset=\"https:\/\/userblogs.fu-berlin.de\/genome-editing\/files\/2021\/01\/genomedit-1.png 300w, https:\/\/userblogs.fu-berlin.de\/genome-editing\/files\/2021\/01\/genomedit-1-230x153.png 230w, https:\/\/userblogs.fu-berlin.de\/genome-editing\/files\/2021\/01\/genomedit-1-250x167.png 250w, https:\/\/userblogs.fu-berlin.de\/genome-editing\/files\/2021\/01\/genomedit-1-270x180.png 270w\" sizes=\"auto, (max-width: 300px) 100vw, 300px\" \/><\/a><\/figure>\n\n\n\n<h4 class=\"has-text-align-center wp-block-heading\"><a href=\"https:\/\/userblogs.fu-berlin.de\/genome-editing\/die-plattform-im-ueberblick\/\">Die Lernplattform im \u00dcberblick<\/a><\/h4>\n\n\n\n<p><em>Ein Beitrag von Sebastian Brodkorb, Julia Dietrich und Annett Wienmeister<\/em><\/p>\n\n\n\n<p>Die Lernplattform folgt auf der obersten Ebene den Schritten einer Fallanalyse. Auf der n\u00e4chsten Ebene wird die Komplexit\u00e4t zunehmend erh\u00f6ht. <a href=\"https:\/\/userblogs.fu-berlin.de\/genome-editing\/die-plattform-im-ueberblick\/\">Hier gibt es einen \u00dcberblick \u00fcber diese beiden Ebenen der Plattform.<\/a><\/p>\n\n\n\n<p><\/p>\n\n\n\n<p><\/p>\n<\/div>\n<\/div>\n\n\n\n<hr class=\"wp-block-separator is-style-wide\" \/>\n\n\n\n<div class=\"wp-block-columns is-layout-flex wp-container-core-columns-is-layout-28f84493 wp-block-columns-is-layout-flex\">\n<div class=\"wp-block-column is-layout-flow wp-block-column-is-layout-flow\">\n<p class=\"has-text-align-left\"><strong>Zur\u00fcck:<\/strong> <a href=\"https:\/\/userblogs.fu-berlin.de\/genome-editing\/ethik-vermitteln\/materialien-lehre\/\"><span style=\"color:#2c89a0\" class=\"has-inline-color\">Materialien<\/span><\/a><\/p>\n<\/div>\n\n\n\n<div class=\"wp-block-column is-layout-flow wp-block-column-is-layout-flow\"><\/div>\n\n\n\n<div class=\"wp-block-column is-layout-flow wp-block-column-is-layout-flow\">\n<p class=\"has-text-align-right\"><strong>Weiter: <\/strong><a href=\"https:\/\/userblogs.fu-berlin.de\/genome-editing\/ethik-vermitteln\/informationen\/\">Informationen<\/a><\/p>\n<\/div>\n<\/div>\n\n\n\n<hr class=\"wp-block-separator is-style-wide\" \/>\n\n\n\n<p><strong>Was auch interessant sein k\u00f6nnte:<\/strong><\/p>\n\n\n\n<div class=\"wp-block-columns is-layout-flex wp-container-core-columns-is-layout-28f84493 wp-block-columns-is-layout-flex\">\n<div class=\"wp-block-column is-layout-flow wp-block-column-is-layout-flow\">\n<p><a href=\"https:\/\/userblogs.fu-berlin.de\/genome-editing\/projekt\/konzeption-der-lp\/?preview_id=182&amp;preview_nonce=fa6763885c&amp;preview=true\"><span style=\"color:#2c89a0\" class=\"has-inline-color\">Zur Konzeption der Lernplattform<\/span><\/a><\/p>\n<\/div>\n\n\n\n<div class=\"wp-block-column is-layout-flow wp-block-column-is-layout-flow\">\n<p><\/p>\n<\/div>\n\n\n\n<div class=\"wp-block-column is-layout-flow wp-block-column-is-layout-flow\">\n<p class=\"has-text-align-right\"><a href=\"https:\/\/userblogs.fu-berlin.de\/genome-editing\/lernen\/method-reflexion\/?preview_id=190&amp;preview_nonce=0001475140&amp;preview=true\">Was kann ich hier lernen?<\/a><\/p>\n<\/div>\n<\/div>\n","protected":false},"excerpt":{"rendered":"<p>Startseite &gt; Konzepte: Fachdidaktische Perspektiven Was m\u00fcssen Menschen k\u00f6nnen&#8230; Beitr\u00e4ge [&hellip;]<\/p>\n","protected":false},"author":5784,"featured_media":0,"parent":183,"menu_order":2,"comment_status":"closed","ping_status":"closed","template":"page-templates\/page_front-page.php","meta":{"footnotes":""},"class_list":["post-5586","page","type-page","status-publish","hentry"],"_links":{"self":[{"href":"https:\/\/userblogs.fu-berlin.de\/genome-editing\/wp-json\/wp\/v2\/pages\/5586","targetHints":{"allow":["GET"]}}],"collection":[{"href":"https:\/\/userblogs.fu-berlin.de\/genome-editing\/wp-json\/wp\/v2\/pages"}],"about":[{"href":"https:\/\/userblogs.fu-berlin.de\/genome-editing\/wp-json\/wp\/v2\/types\/page"}],"author":[{"embeddable":true,"href":"https:\/\/userblogs.fu-berlin.de\/genome-editing\/wp-json\/wp\/v2\/users\/5784"}],"replies":[{"embeddable":true,"href":"https:\/\/userblogs.fu-berlin.de\/genome-editing\/wp-json\/wp\/v2\/comments?post=5586"}],"version-history":[{"count":89,"href":"https:\/\/userblogs.fu-berlin.de\/genome-editing\/wp-json\/wp\/v2\/pages\/5586\/revisions"}],"predecessor-version":[{"id":8153,"href":"https:\/\/userblogs.fu-berlin.de\/genome-editing\/wp-json\/wp\/v2\/pages\/5586\/revisions\/8153"}],"up":[{"embeddable":true,"href":"https:\/\/userblogs.fu-berlin.de\/genome-editing\/wp-json\/wp\/v2\/pages\/183"}],"wp:attachment":[{"href":"https:\/\/userblogs.fu-berlin.de\/genome-editing\/wp-json\/wp\/v2\/media?parent=5586"}],"curies":[{"name":"wp","href":"https:\/\/api.w.org\/{rel}","templated":true}]}}

<div style="height:20px" aria-hidden="true" class="wp-block-spacer"></div>



<p class="has-small-font-size"><a href="https://userblogs.fu-berlin.de/genome-editing/">Startseite </a>&gt; <strong>Konzepte: Fachdidaktische Perspektiven</strong></p>



<div class="wp-block-cover has-background-dim" style="background-color:#216778;min-height:207px;aspect-ratio:unset;"><div class="wp-block-cover__inner-container is-layout-flow wp-block-cover-is-layout-flow">
<h1 class="has-text-align-center wp-block-heading">Etwas über&#8217;s Lernen lernen oder:</h1>



<h1 class="has-text-align-center wp-block-heading"><strong>Fachdidaktische </strong>Konzepte</h1>



<p></p>
</div></div>



<div style="height:25px" aria-hidden="true" class="wp-block-spacer"></div>



<div class="wp-block-columns is-layout-flex wp-container-core-columns-is-layout-28f84493 wp-block-columns-is-layout-flex">
<div class="wp-block-column is-layout-flow wp-block-column-is-layout-flow">
<figure class="wp-block-image size-large"><a href="https://userblogs.fu-berlin.de/genome-editing/konzepte-die-ethik-des-genome-editing-im-fachdidaktischen-kontext/was-muessen-menschen-koennen/"><img loading="lazy" decoding="async" width="640" height="426" src="https://userblogs.fu-berlin.de/genome-editing/files/2021/01/Bauklötze.jpg" alt="" class="wp-image-6414" srcset="https://userblogs.fu-berlin.de/genome-editing/files/2021/01/Bauklötze.jpg 640w, https://userblogs.fu-berlin.de/genome-editing/files/2021/01/Bauklötze-300x200.jpg 300w, https://userblogs.fu-berlin.de/genome-editing/files/2021/01/Bauklötze-230x153.jpg 230w, https://userblogs.fu-berlin.de/genome-editing/files/2021/01/Bauklötze-350x233.jpg 350w, https://userblogs.fu-berlin.de/genome-editing/files/2021/01/Bauklötze-480x320.jpg 480w, https://userblogs.fu-berlin.de/genome-editing/files/2021/01/Bauklötze-250x166.jpg 250w, https://userblogs.fu-berlin.de/genome-editing/files/2021/01/Bauklötze-550x366.jpg 550w, https://userblogs.fu-berlin.de/genome-editing/files/2021/01/Bauklötze-270x180.jpg 270w, https://userblogs.fu-berlin.de/genome-editing/files/2021/01/Bauklötze-451x300.jpg 451w" sizes="auto, (max-width: 640px) 100vw, 640px" /></a></figure>



<h4 class="has-text-align-center wp-block-heading"><a href="https://userblogs.fu-berlin.de/genome-editing/konzepte-die-ethik-des-genome-editing-im-fachdidaktischen-kontext/was-muessen-menschen-koennen/">Was müssen Menschen können&#8230;</a></h4>



<p><em>Beiträge der Tagung „Diskurs: Genome Editing. Herausforderungen für die Ethik-Vermittlung“</em></p>



<p>Was müssen Menschen können, um sich ein ethisches Urteil zum Genome Editing bilden zu können? <a href="https://userblogs.fu-berlin.de/genome-editing/konzepte-die-ethik-des-genome-editing-im-fachdidaktischen-kontext/was-muessen-menschen-koennen/"><span style="color:#2c89a0" class="has-inline-color">Es geben per Videoclip Antwort: Alena M. Buyx (Medizinethik), Sophia Gerber (Schule), Petra Lenz (Philosophie- und Ethikdidaktik), Arne Dittmer (Biologiedidaktik), Lilian Marx-Stölting (Diskurs), Olaf Kramer (Rhetorik).</span></a></p>
</div>



<div class="wp-block-column is-layout-flow wp-block-column-is-layout-flow">
<figure class="wp-block-image size-large"><a href="https://userblogs.fu-berlin.de/genome-editing/didaktik-angewandter-ethik/"><img loading="lazy" decoding="async" width="640" height="419" src="https://userblogs.fu-berlin.de/genome-editing/files/2021/01/Grundriss.jpg" alt="" class="wp-image-6412" srcset="https://userblogs.fu-berlin.de/genome-editing/files/2021/01/Grundriss.jpg 640w, https://userblogs.fu-berlin.de/genome-editing/files/2021/01/Grundriss-300x196.jpg 300w, https://userblogs.fu-berlin.de/genome-editing/files/2021/01/Grundriss-230x151.jpg 230w, https://userblogs.fu-berlin.de/genome-editing/files/2021/01/Grundriss-350x229.jpg 350w, https://userblogs.fu-berlin.de/genome-editing/files/2021/01/Grundriss-480x314.jpg 480w, https://userblogs.fu-berlin.de/genome-editing/files/2021/01/Grundriss-250x164.jpg 250w, https://userblogs.fu-berlin.de/genome-editing/files/2021/01/Grundriss-550x360.jpg 550w, https://userblogs.fu-berlin.de/genome-editing/files/2021/01/Grundriss-275x180.jpg 275w, https://userblogs.fu-berlin.de/genome-editing/files/2021/01/Grundriss-458x300.jpg 458w" sizes="auto, (max-width: 640px) 100vw, 640px" /></a></figure>



<h4 class="has-text-align-center wp-block-heading"><a href="https://userblogs.fu-berlin.de/genome-editing/didaktik-angewandter-ethik/">Didaktik Angewandter Ethik</a></h4>



<p><em>Ein Beitrag von Julia Dietrich</em></p>



<p>Ethische Grundbildung für alle ist so wie wichtig wie nie zuvor. Im Mittelpunkt müssen dabei Fragen der Angewandten Ethik stehen &#8211; aber warum und wie? <a href="https://userblogs.fu-berlin.de/genome-editing/didaktik-angewandter-ethik/">Ein Grundriss.</a></p>
</div>



<div class="wp-block-column is-layout-flow wp-block-column-is-layout-flow">
<figure class="wp-block-image size-full"><a href="https://userblogs.fu-berlin.de/genome-editing/wie-du-einen-ethischen-fall-analysieren-kannst/"><img loading="lazy" decoding="async" width="640" height="427" src="https://userblogs.fu-berlin.de/genome-editing/files/2021/01/PuzzleHaus-e1610370940595.jpg" alt="" class="wp-image-6418" srcset="https://userblogs.fu-berlin.de/genome-editing/files/2021/01/PuzzleHaus-e1610370940595.jpg 640w, https://userblogs.fu-berlin.de/genome-editing/files/2021/01/PuzzleHaus-e1610370940595-300x200.jpg 300w, https://userblogs.fu-berlin.de/genome-editing/files/2021/01/PuzzleHaus-e1610370940595-230x153.jpg 230w, https://userblogs.fu-berlin.de/genome-editing/files/2021/01/PuzzleHaus-e1610370940595-350x234.jpg 350w, https://userblogs.fu-berlin.de/genome-editing/files/2021/01/PuzzleHaus-e1610370940595-480x320.jpg 480w, https://userblogs.fu-berlin.de/genome-editing/files/2021/01/PuzzleHaus-e1610370940595-250x167.jpg 250w, https://userblogs.fu-berlin.de/genome-editing/files/2021/01/PuzzleHaus-e1610370940595-550x367.jpg 550w, https://userblogs.fu-berlin.de/genome-editing/files/2021/01/PuzzleHaus-e1610370940595-270x180.jpg 270w, https://userblogs.fu-berlin.de/genome-editing/files/2021/01/PuzzleHaus-e1610370940595-450x300.jpg 450w" sizes="auto, (max-width: 640px) 100vw, 640px" /></a></figure>



<h4 class="has-text-align-center wp-block-heading"><a href="https://userblogs.fu-berlin.de/genome-editing/wie-du-einen-ethischen-fall-analysieren-kannst/">Die Fallanalyse</a></h4>



<p><em>Ein Beitrag von Henning Franzen</em></p>



<p>Eine Fallanalyse nimmt eigentlich gar nichts auseinander, sondern baut etwas zusammen: Nämlich ein ethisches Urteil. <span style="color:#2c89a0" class="has-inline-color"><a href="https://userblogs.fu-berlin.de/genome-editing/wie-du-einen-ethischen-fall-analysieren-kannst/">Aus welchen Bausteinen sie besteht, wird hier von Henning Franzen erklärt</a>. </span></p>
</div>



<div class="wp-block-column is-layout-flow wp-block-column-is-layout-flow">
<figure class="wp-block-image size-large"><a href="https://userblogs.fu-berlin.de/genome-editing/die-plattform-im-ueberblick/"><img loading="lazy" decoding="async" width="300" height="200" src="https://userblogs.fu-berlin.de/genome-editing/files/2021/01/genomedit-1.png" alt="" class="wp-image-8061" srcset="https://userblogs.fu-berlin.de/genome-editing/files/2021/01/genomedit-1.png 300w, https://userblogs.fu-berlin.de/genome-editing/files/2021/01/genomedit-1-230x153.png 230w, https://userblogs.fu-berlin.de/genome-editing/files/2021/01/genomedit-1-250x167.png 250w, https://userblogs.fu-berlin.de/genome-editing/files/2021/01/genomedit-1-270x180.png 270w" sizes="auto, (max-width: 300px) 100vw, 300px" /></a></figure>



<h4 class="has-text-align-center wp-block-heading"><a href="https://userblogs.fu-berlin.de/genome-editing/die-plattform-im-ueberblick/">Die Lernplattform im Überblick</a></h4>



<p><em>Ein Beitrag von Sebastian Brodkorb, Julia Dietrich und Annett Wienmeister</em></p>



<p>Die Lernplattform folgt auf der obersten Ebene den Schritten einer Fallanalyse. Auf der nächsten Ebene wird die Komplexität zunehmend erhöht. <a href="https://userblogs.fu-berlin.de/genome-editing/die-plattform-im-ueberblick/">Hier gibt es einen Überblick über diese beiden Ebenen der Plattform.</a></p>



<p></p>



<p></p>
</div>
</div>



<hr class="wp-block-separator is-style-wide" />



<div class="wp-block-columns is-layout-flex wp-container-core-columns-is-layout-28f84493 wp-block-columns-is-layout-flex">
<div class="wp-block-column is-layout-flow wp-block-column-is-layout-flow">
<p class="has-text-align-left"><strong>Zurück:</strong> <a href="https://userblogs.fu-berlin.de/genome-editing/ethik-vermitteln/materialien-lehre/"><span style="color:#2c89a0" class="has-inline-color">Materialien</span></a></p>
</div>



<div class="wp-block-column is-layout-flow wp-block-column-is-layout-flow"></div>



<div class="wp-block-column is-layout-flow wp-block-column-is-layout-flow">
<p class="has-text-align-right"><strong>Weiter: </strong><a href="https://userblogs.fu-berlin.de/genome-editing/ethik-vermitteln/informationen/">Informationen</a></p>
</div>
</div>



<hr class="wp-block-separator is-style-wide" />



<p><strong>Was auch interessant sein könnte:</strong></p>



<div class="wp-block-columns is-layout-flex wp-container-core-columns-is-layout-28f84493 wp-block-columns-is-layout-flex">
<div class="wp-block-column is-layout-flow wp-block-column-is-layout-flow">
<p><a href="https://userblogs.fu-berlin.de/genome-editing/projekt/konzeption-der-lp/?preview_id=182&amp;preview_nonce=fa6763885c&amp;preview=true"><span style="color:#2c89a0" class="has-inline-color">Zur Konzeption der Lernplattform</span></a></p>
</div>



<div class="wp-block-column is-layout-flow wp-block-column-is-layout-flow">
<p></p>
</div>



<div class="wp-block-column is-layout-flow wp-block-column-is-layout-flow">
<p class="has-text-align-right"><a href="https://userblogs.fu-berlin.de/genome-editing/lernen/method-reflexion/?preview_id=190&amp;preview_nonce=0001475140&amp;preview=true">Was kann ich hier lernen?</a></p>
</div>
</div>

<p>Startseite &gt; Konzepte: Fachdidaktische Perspektiven Was müssen Menschen können&#8230; Beiträge [&hellip;]</p>
