{"id":7285,"date":"2021-01-18T14:56:42","date_gmt":"2021-01-18T13:56:42","guid":{"rendered":"https:\/\/userblogs.fu-berlin.de\/genome-editing\/?page_id=7285"},"modified":"2021-01-19T17:18:32","modified_gmt":"2021-01-19T16:18:32","slug":"perspektivenuebernahme-und-ethische-urteilsbildung","status":"publish","type":"page","link":"https:\/\/userblogs.fu-berlin.de\/genome-editing\/perspektivenuebernahme-und-ethische-urteilsbildung\/","title":{"rendered":"Perspektiven\u00fcbernahme und ethische Urteilsbildung"},"content":{"rendered":"\n<div style=\"height:100px\" aria-hidden=\"true\" class=\"wp-block-spacer\"><\/div>\n\n\n\n<h2 class=\"has-text-align-center wp-block-heading\">Perspektiven\u00fcbernahme und ethische Urteilsbildung<\/h2>\n\n\n\n<div style=\"height:20px\" aria-hidden=\"true\" class=\"wp-block-spacer\"><\/div>\n\n\n\n<p><em>Ein Beitrag von Annett Wienmeister<\/em><\/p>\n\n\n\n<figure class=\"wp-block-video\"><video controls src=\"https:\/\/medien.cedis.fu-berlin.de\/genomedit\/wienmeister_perspektiven\u00fcbernahme.mp4\"><\/video><\/figure>\n\n\n\n<div style=\"height:35px\" aria-hidden=\"true\" class=\"wp-block-spacer\"><\/div>\n\n\n\n<h4 class=\"wp-block-heading\">Text zum Video<\/h4>\n\n\n\n<p>Als Ausgangspunkt f\u00fcr die Beantwortung der Frage finde ich das Konzept der Triangulation hilfreich. Es ist u.a. aus den Bereichen der Philosophie des Geistes und der Sprachphilosophie bekannt, wird aber auch in anderen Disziplinen verwendet, z. B. in der Entwicklungspsychologie. Mit dem Konzept der Triangulation versucht man in der Philosophie zu verstehen, wie es m\u00f6glich ist, dass wir uns im Denken erkennend auf die objektive Welt beziehen und ich glaube auch in diesem Kontext ist es f\u00fcr das Verstehen ethischer Urteilsfindung hilfreich. Das Konzept der Triangulation besagt, dass die Bezugnahme eines Subjekts auf die objektive Welt nicht allein als eine zweistellige Relation zwischen Subjekt und Objekt aufgefasst werden kann. Vielmehr ist es so, dass die Bezugnahme auf eine objektive Welt voraussetzt, dass ein Subjekt versteht, dass sich auch mindestens ein weiteres Subjekt auf dieselbe Welt bezieht und hier ebenfalls einen Standpunkt einnimmt, der sich vom eigenen Standpunkt unterscheiden kann. Nur dadurch, dass ich meine Perspektive auf die Welt als eine unter mehreren Perspektiven auf die Welt verstehe, kann ich \u00fcberhaupt auf die Welt als objektive Welt im Denken Bezug nehmen. In diesem Sinne sind der Bezug eines Subjekts auf die Welt und der Bezug auf andere Subjekte, die sich auf dieselbe Welt beziehen, wechselseitig voneinander abh\u00e4ngig.<\/p>\n\n\n\n<p>Ich finde das Konzept der Triangulation deshalb hilfreich, weil es uns zwei Aspekte von ethischem Urteilen verdeutlicht, die ich als grundlegend erachte und die miteinander eng verwoben sind, n\u00e4mlich zum einen die F\u00e4higkeit der Selbstreflexion \u2013 ich verstehe mich als eine, die eine bestimmte Perspektive unter anderen auf die Welt hat \u2013 &nbsp;und zum anderen die F\u00e4higkeit der Perspektiven\u00fcbernahme \u2013 ich verstehe, dass auch andere ihre Perspektive auf dieselbe Welt haben. Dar\u00fcber hinaus wissen wir jeweils voneinander, dass wir uns auf diese Weise auf die Welt und aufeinander beziehen.&nbsp; &nbsp;&nbsp;<\/p>\n\n\n\n<p>Das Besondere bei ethischen Urteilen ist nun, dass sie nicht von unserer Perspektive auf die Welt handeln, wie sie ist, sondern von unserer Perspektive auf die Welt, wie sie sein soll. Und anders als bei W\u00fcnschen, wo es um subjektive Pr\u00e4ferenzen geht oder bei Befehlen, wo zuk\u00fcnftige Zust\u00e4nde der Welt durch Machtstrukturen etabliert werden sollen, wollen wir uns und andere Personen bei einem ethischen Urteil vermittels rationaler Argumentationen und mit Referenz auf Bed\u00fcrfnisse und Interessen, aber auch auf Werte und Prinzipien von der Richtigkeit des Urteils \u00fcberzeugen. Wir nehmen also einen allgemeinen Standpunkt ein, der sowohl uns selbst als auch andere rational-normativ binden soll.<\/p>\n\n\n\n<p>Was m\u00fcssen wir also k\u00f6nnen, wenn wir uns ein ethisches Urteil \u00fcber das Genome Editing am Menschen bilden m\u00f6chten? Ich w\u00fcrde sagen auf einer ganz grundlegenden Ebene m\u00fcssen wir f\u00e4hig zur Selbstreflexion und zur Perspektiven\u00fcbernahme sein und wir m\u00fcssen uns bewusst sein, dass wir ausgehend von der Multiperspektivit\u00e4t um das Finden eines allgemeinen Standpunkts bem\u00fcht sind. Dar\u00fcber hinaus sollten wir uns bewusst sein, dass es beim ethischen Urteilen um die aktive Ausgestaltung zuk\u00fcnftiger Handlungsspielr\u00e4ume geht, Handlungsspielr\u00e4ume, die sowohl die Welt, in der wir leben bestimmen und zugleich auch uns, die wir in dieser Welt ethisch urteilen und handeln. Im ethischen Urteilen ist also eine bestimmte Form menschlicher Freiheit immer mitgedacht, die uns vieles erm\u00f6glicht und die umsichtig praktiziert werden sollte.<\/p>\n","protected":false},"excerpt":{"rendered":"<p>Perspektiven\u00fcbernahme und ethische Urteilsbildung Ein Beitrag von Annett Wienmeister Text [&hellip;]<\/p>\n","protected":false},"author":4281,"featured_media":0,"parent":0,"menu_order":0,"comment_status":"closed","ping_status":"closed","template":"page-templates\/page_front-page.php","meta":{"footnotes":""},"class_list":["post-7285","page","type-page","status-publish","hentry"],"_links":{"self":[{"href":"https:\/\/userblogs.fu-berlin.de\/genome-editing\/wp-json\/wp\/v2\/pages\/7285","targetHints":{"allow":["GET"]}}],"collection":[{"href":"https:\/\/userblogs.fu-berlin.de\/genome-editing\/wp-json\/wp\/v2\/pages"}],"about":[{"href":"https:\/\/userblogs.fu-berlin.de\/genome-editing\/wp-json\/wp\/v2\/types\/page"}],"author":[{"embeddable":true,"href":"https:\/\/userblogs.fu-berlin.de\/genome-editing\/wp-json\/wp\/v2\/users\/4281"}],"replies":[{"embeddable":true,"href":"https:\/\/userblogs.fu-berlin.de\/genome-editing\/wp-json\/wp\/v2\/comments?post=7285"}],"version-history":[{"count":7,"href":"https:\/\/userblogs.fu-berlin.de\/genome-editing\/wp-json\/wp\/v2\/pages\/7285\/revisions"}],"predecessor-version":[{"id":7501,"href":"https:\/\/userblogs.fu-berlin.de\/genome-editing\/wp-json\/wp\/v2\/pages\/7285\/revisions\/7501"}],"wp:attachment":[{"href":"https:\/\/userblogs.fu-berlin.de\/genome-editing\/wp-json\/wp\/v2\/media?parent=7285"}],"curies":[{"name":"wp","href":"https:\/\/api.w.org\/{rel}","templated":true}]}}