{"id":187,"date":"2017-01-30T14:51:28","date_gmt":"2017-01-30T13:51:28","guid":{"rendered":"https:\/\/userblogs.fu-berlin.de\/gree\/?page_id=187"},"modified":"2017-02-06T11:13:37","modified_gmt":"2017-02-06T10:13:37","slug":"literatura-literatur","status":"publish","type":"page","link":"https:\/\/userblogs.fu-berlin.de\/gree\/literatura-literatur\/","title":{"rendered":"Literatura\/Literatur"},"content":{"rendered":"<p><strong>Literatura sugerida por lxs invitadxs\/\/ Literaturvorschl\u00e4ge der G\u00e4ste<\/strong><\/p>\n<p><strong>Eje tem\u00e1tico 1\/\/ Themenblock 1<br \/>\n<\/strong><\/p>\n<p>Ballv\u00e9, Teo (2012): Everyday state formation: territory, decentralization, and the narco landgrab in Colombia, in: Environment and Planning D: Society and Space, 30, 4. 603\u2013622.<\/p>\n<p>bell hooks (1981):<em> Ain&#8217;t I a Woman? Black Women and Feminism<\/em>. Boston: South End Press.<\/p>\n<p>Federici, Silvia (2012): <em>Revolution at Point Zero. Housework, Reproduction and Feminist Struggle<\/em>. New York, PM Press \u2013 Common Notions (<em>Revoluci\u00f3n en Punto Cero<\/em>, especialmente el cap\u00edtulo 12 &#8222;Mujeres, luchas por la tierra y globalizaci\u00f3n: una perspectiva internacional. Madrid: Traficantes de Sue\u00f1os, 2013). &gt;&gt; <a href=\"https:\/\/www.traficantes.net\/sites\/default\/files\/pdfs\/Revolucion%20en%20punto%20cero-TdS.pdf\" target=\"_blank\">https:\/\/www.traficantes.net\/sites\/default\/files\/pdfs\/Revolucion%20en%20punto%20cero-TdS.pdf<\/a><\/p>\n<p>La Via Campesina (2013):<em> Manifiesto Internacional de las Mujeres de la V\u00eda Campesina<\/em>, <a href=\"https:\/\/viacampesina.org\/es\/index.php\/nuestras-conferencias-mainmenu-28\/6-yakarta-2013\/declaracion-y-mociones\/1806-manifiesto-internacional-de-las-mujeres-de-la-via-campesina-2.\" target=\"_blank\">https:\/\/viacampesina.org\/es\/index.php\/nuestras-conferencias-mainmenu-28\/6-yakarta-2013\/declaracion-y-mociones\/1806-manifiesto-internacional-de-las-mujeres-de-la-via-campesina-2.<\/a><\/p>\n<p>Luxemburgo, Rosa (1913): <i>Die Akkumulation des Kapitals. Ein Beitrag zur \u00f6konomischen Erkl\u00e4rung des Imperialismus<\/i>. Berlin: Buchhandlung Vorw\u00e4rts Paul Singer (trad. de J. P\u00e9rez Bances, <em>La acumulaci\u00f3n del capital: Estudio sobre la interpretaci\u00f3n econ\u00f3mica del imperialismo, <\/em>Madrid: Cenit, 1933). &gt;&gt; <a href=\"https:\/\/grupgerminal.org\/?q=system\/files\/LA+ACUMULACI%C3%93N+DEL+CAPITAL.pdf\" target=\"_blank\">https:\/\/grupgerminal.org\/?q=system\/files\/LA+ACUMULACI%C3%93N+DEL+CAPITAL.pdf<\/a><\/p>\n<p><strong>Eje tem\u00e1tico 2\/\/ Themenblock 2<\/strong><\/p>\n<p>Lutz, Manuel (2015): &#8222;Uncommon Claims to the Commons: Homeless Tent Cities in the US&#8220; (2015). In: Dellenbaugh, Mary et al. (eds):<em> Urban commons: Moving beyond state and market<\/em>. Bauwelt Fundamente, Vol. 15, Birkh\u00e4user, pp. 101-117.<\/p>\n<p>Porto-Gon\u00e7alves, Carlos (2009): <em>De Saberes y de Territorios &#8211; diversidad y emancipaci\u00f3n a partir de la experiencia latino-americana<\/em>. <span class=\"st\">Polis 8 (22): 121\u2013136. &gt;&gt; <a href=\"https:\/\/www.scielo.cl\/pdf\/polis\/v8n22\/art08.pdf\" target=\"_blank\">https:\/\/www.scielo.cl\/pdf\/polis\/v8n22\/art08.pdf<\/a><\/span><em><br \/>\n<\/em><\/p>\n<p>Salazar Cruz, Clara (2014): <em>\u201cEl pu\u00f1o invisible\u201d de la privatizaci\u00f3n. <\/em>Territorios 30: 69-90. &gt;&gt; <a href=\"https:\/\/revistas.urosario.edu.co\/index.php\/territorios\/article\/view\/3111\" target=\"_blank\">https:\/\/revistas.urosario.edu.co\/index.php\/territorios\/article\/view\/3111<\/a><em><br \/>\n<\/em><\/p>\n<p>Schwarz, Anke\/Streule, Monika (2014): <em>Von wegen biologisch. Mexico City: Ein Flughafengrossprojekt soll urbane Stadtentwicklung mit nat\u00fcrlichem Freiraum verbinden. In: der Freitag, Nr. 22, 28.5.2014, 10. &gt;&gt; <a href=\"https:\/\/www.freitag.de\/autoren\/der-freitag\/von-wegen-biologisch\" target=\"_blank\">https:\/\/www.freitag.de\/autoren\/der-freitag\/von-wegen-biologisch<\/a><br \/>\n<\/em><\/p>\n<p><strong>Eje tem\u00e1tico 3\/\/ Themenblock 3<\/strong><\/p>\n<p>Federici, Silvia (2012): <em>Revolution at Point Zero. Housework, Reproduction and Feminist Struggle<\/em>. New York, PM Press \u2013 Common Notions (<em>Revoluci\u00f3n en Punto Cero. <\/em>Madrid: Traficantes de Sue\u00f1os, 2013). &gt;&gt; <a href=\"https:\/\/www.traficantes.net\/sites\/default\/files\/pdfs\/Revolucion%20en%20punto%20cero-TdS.pdf\" target=\"_blank\">https:\/\/www.traficantes.net\/sites\/default\/files\/pdfs\/Revolucion%20en%20punto%20cero-TdS.pdf<\/a><\/p>\n<p>Gallego, Juana (2008): Sobre reinas, bellas sirenas y damas de hierro. Im\u00e1genes (todav\u00eda) de las mujeres en los medios de comunicaci\u00f3n. <em>Revista Emakunde<\/em>. &gt;&gt; <a href=\"https:\/\/mujeresenred.net\/IMG\/pdf\/juanagallego.pdf\" target=\"_blank\">https:\/\/mujeresenred.net\/IMG\/pdf\/juanagallego.pdf<\/a><\/p>\n<p>GMMP Proyecto de Monitoreo Global de Medios (2015): <em>Global report: Qui\u00e9n figura en las noticias.\u00a0<\/em>Asociaci\u00f3n Mundial para la Comunicaci\u00f3n Cristiana (WACC). &gt;&gt;\u00a0<a href=\"https:\/\/cdn.agilitycms.com\/who-makes-the-news\/Imported\/reports_2015\/global\/gmmp_global_report_es.pdf\" target=\"_blank\">https:\/\/cdn.agilitycms.com\/who-makes-the-news\/Imported\/reports_2015\/global\/gmmp_global_report_es.pdf<\/a><\/p>\n<p>Habermann, Friederike (2015):<em> Geschichte wird gemacht. Etappen des Globalen Widerstands.<\/em> Laika-Verlag.<\/p>\n<p>Habermann, Friederike (2016):<em> Ecommony. UmCare zum Miteinander.<\/em> Ulrike Helmer-Verlag.<\/p>\n<p>Mujeres en Red (1994): La Comunicaci\u00f3n como fuente de poder para las Mujeres. Declaraci\u00f3n de Bangkok 1994.<em> Mujeres en Red: El peri\u00f3dico feminista.<\/em> &gt;&gt; <a href=\"https:\/\/www.mujeresenred.net\/spip.php?article2017\" target=\"_blank\">https:\/\/www.mujeresenred.net\/spip.php?article2017<\/a><em><br \/>\n<\/em><\/p>\n<p>Mujeres en Red (1995): Beijing 95. Punto J. Objetivos estrat\u00e9gicos y medias. Cumbre Mundial de la Mujer Septiembre. <em>Mujeres en Red: El peri\u00f3dico feminista<\/em>.<em> &gt;&gt; <a href=\"https:\/\/www.mujeresenred.net\/spip.php?article502\" target=\"_blank\">https:\/\/www.mujeresenred.net\/spip.php?article502<\/a><br \/>\n<\/em><\/p>\n<p>&nbsp;<\/p>\n<p>&nbsp;<\/p>\n<p>&nbsp;<\/p>\n<h1><\/h1>\n<p>&nbsp;<\/p>\n","protected":false},"excerpt":{"rendered":"<p>Literatura sugerida por lxs invitadxs\/\/ Literaturvorschl\u00e4ge der G\u00e4ste Eje tem\u00e1tico 1\/\/ Themenblock 1 Ballv\u00e9, Teo (2012): Everyday state formation: territory, decentralization, and the narco landgrab in Colombia, in: Environment and Planning D: Society and Space, 30, 4. 603\u2013622. bell hooks &hellip; <a href=\"https:\/\/userblogs.fu-berlin.de\/gree\/literatura-literatur\/\">Weiterlesen <span class=\"meta-nav\">&rarr;<\/span><\/a><\/p>\n","protected":false},"author":3282,"featured_media":0,"parent":0,"menu_order":0,"comment_status":"closed","ping_status":"closed","template":"","meta":{"footnotes":""},"class_list":["post-187","page","type-page","status-publish","hentry"],"_links":{"self":[{"href":"https:\/\/userblogs.fu-berlin.de\/gree\/wp-json\/wp\/v2\/pages\/187","targetHints":{"allow":["GET"]}}],"collection":[{"href":"https:\/\/userblogs.fu-berlin.de\/gree\/wp-json\/wp\/v2\/pages"}],"about":[{"href":"https:\/\/userblogs.fu-berlin.de\/gree\/wp-json\/wp\/v2\/types\/page"}],"author":[{"embeddable":true,"href":"https:\/\/userblogs.fu-berlin.de\/gree\/wp-json\/wp\/v2\/users\/3282"}],"replies":[{"embeddable":true,"href":"https:\/\/userblogs.fu-berlin.de\/gree\/wp-json\/wp\/v2\/comments?post=187"}],"version-history":[{"count":10,"href":"https:\/\/userblogs.fu-berlin.de\/gree\/wp-json\/wp\/v2\/pages\/187\/revisions"}],"predecessor-version":[{"id":224,"href":"https:\/\/userblogs.fu-berlin.de\/gree\/wp-json\/wp\/v2\/pages\/187\/revisions\/224"}],"wp:attachment":[{"href":"https:\/\/userblogs.fu-berlin.de\/gree\/wp-json\/wp\/v2\/media?parent=187"}],"curies":[{"name":"wp","href":"https:\/\/api.w.org\/{rel}","templated":true}]}}

<p><strong>Literatura sugerida por lxs invitadxs// Literaturvorschläge der Gäste</strong></p>
<p><strong>Eje temático 1// Themenblock 1<br />
</strong></p>
<p>Ballvé, Teo (2012): Everyday state formation: territory, decentralization, and the narco landgrab in Colombia, in: Environment and Planning D: Society and Space, 30, 4. 603–622.</p>
<p>bell hooks (1981):<em> Ain&#8217;t I a Woman? Black Women and Feminism</em>. Boston: South End Press.</p>
<p>Federici, Silvia (2012): <em>Revolution at Point Zero. Housework, Reproduction and Feminist Struggle</em>. New York, PM Press – Common Notions (<em>Revolución en Punto Cero</em>, especialmente el capítulo 12 &#8222;Mujeres, luchas por la tierra y globalización: una perspectiva internacional. Madrid: Traficantes de Sueños, 2013). &gt;&gt; <a href="https://www.traficantes.net/sites/default/files/pdfs/Revolucion%20en%20punto%20cero-TdS.pdf" target="_blank">https://www.traficantes.net/sites/default/files/pdfs/Revolucion%20en%20punto%20cero-TdS.pdf</a></p>
<p>La Via Campesina (2013):<em> Manifiesto Internacional de las Mujeres de la Vía Campesina</em>, <a href="https://viacampesina.org/es/index.php/nuestras-conferencias-mainmenu-28/6-yakarta-2013/declaracion-y-mociones/1806-manifiesto-internacional-de-las-mujeres-de-la-via-campesina-2." target="_blank">https://viacampesina.org/es/index.php/nuestras-conferencias-mainmenu-28/6-yakarta-2013/declaracion-y-mociones/1806-manifiesto-internacional-de-las-mujeres-de-la-via-campesina-2.</a></p>
<p>Luxemburgo, Rosa (1913): <i>Die Akkumulation des Kapitals. Ein Beitrag zur ökonomischen Erklärung des Imperialismus</i>. Berlin: Buchhandlung Vorwärts Paul Singer (trad. de J. Pérez Bances, <em>La acumulación del capital: Estudio sobre la interpretación económica del imperialismo, </em>Madrid: Cenit, 1933). &gt;&gt; <a href="https://grupgerminal.org/?q=system/files/LA+ACUMULACI%C3%93N+DEL+CAPITAL.pdf" target="_blank">https://grupgerminal.org/?q=system/files/LA+ACUMULACI%C3%93N+DEL+CAPITAL.pdf</a></p>
<p><strong>Eje temático 2// Themenblock 2</strong></p>
<p>Lutz, Manuel (2015): &#8222;Uncommon Claims to the Commons: Homeless Tent Cities in the US&#8220; (2015). In: Dellenbaugh, Mary et al. (eds):<em> Urban commons: Moving beyond state and market</em>. Bauwelt Fundamente, Vol. 15, Birkhäuser, pp. 101-117.</p>
<p>Porto-Gonçalves, Carlos (2009): <em>De Saberes y de Territorios &#8211; diversidad y emancipación a partir de la experiencia latino-americana</em>. <span class="st">Polis 8 (22): 121–136. &gt;&gt; <a href="https://www.scielo.cl/pdf/polis/v8n22/art08.pdf" target="_blank">https://www.scielo.cl/pdf/polis/v8n22/art08.pdf</a></span><em><br />
</em></p>
<p>Salazar Cruz, Clara (2014): <em>“El puño invisible” de la privatización. </em>Territorios 30: 69-90. &gt;&gt; <a href="https://revistas.urosario.edu.co/index.php/territorios/article/view/3111" target="_blank">https://revistas.urosario.edu.co/index.php/territorios/article/view/3111</a><em><br />
</em></p>
<p>Schwarz, Anke/Streule, Monika (2014): <em>Von wegen biologisch. Mexico City: Ein Flughafengrossprojekt soll urbane Stadtentwicklung mit natürlichem Freiraum verbinden. In: der Freitag, Nr. 22, 28.5.2014, 10. &gt;&gt; <a href="https://www.freitag.de/autoren/der-freitag/von-wegen-biologisch" target="_blank">https://www.freitag.de/autoren/der-freitag/von-wegen-biologisch</a><br />
</em></p>
<p><strong>Eje temático 3// Themenblock 3</strong></p>
<p>Federici, Silvia (2012): <em>Revolution at Point Zero. Housework, Reproduction and Feminist Struggle</em>. New York, PM Press – Common Notions (<em>Revolución en Punto Cero. </em>Madrid: Traficantes de Sueños, 2013). &gt;&gt; <a href="https://www.traficantes.net/sites/default/files/pdfs/Revolucion%20en%20punto%20cero-TdS.pdf" target="_blank">https://www.traficantes.net/sites/default/files/pdfs/Revolucion%20en%20punto%20cero-TdS.pdf</a></p>
<p>Gallego, Juana (2008): Sobre reinas, bellas sirenas y damas de hierro. Imágenes (todavía) de las mujeres en los medios de comunicación. <em>Revista Emakunde</em>. &gt;&gt; <a href="https://mujeresenred.net/IMG/pdf/juanagallego.pdf" target="_blank">https://mujeresenred.net/IMG/pdf/juanagallego.pdf</a></p>
<p>GMMP Proyecto de Monitoreo Global de Medios (2015): <em>Global report: Quién figura en las noticias. </em>Asociación Mundial para la Comunicación Cristiana (WACC). &gt;&gt; <a href="https://cdn.agilitycms.com/who-makes-the-news/Imported/reports_2015/global/gmmp_global_report_es.pdf" target="_blank">https://cdn.agilitycms.com/who-makes-the-news/Imported/reports_2015/global/gmmp_global_report_es.pdf</a></p>
<p>Habermann, Friederike (2015):<em> Geschichte wird gemacht. Etappen des Globalen Widerstands.</em> Laika-Verlag.</p>
<p>Habermann, Friederike (2016):<em> Ecommony. UmCare zum Miteinander.</em> Ulrike Helmer-Verlag.</p>
<p>Mujeres en Red (1994): La Comunicación como fuente de poder para las Mujeres. Declaración de Bangkok 1994.<em> Mujeres en Red: El periódico feminista.</em> &gt;&gt; <a href="https://www.mujeresenred.net/spip.php?article2017" target="_blank">https://www.mujeresenred.net/spip.php?article2017</a><em><br />
</em></p>
<p>Mujeres en Red (1995): Beijing 95. Punto J. Objetivos estratégicos y medias. Cumbre Mundial de la Mujer Septiembre. <em>Mujeres en Red: El periódico feminista</em>.<em> &gt;&gt; <a href="https://www.mujeresenred.net/spip.php?article502" target="_blank">https://www.mujeresenred.net/spip.php?article502</a><br />
</em></p>
<p>&nbsp;</p>
<p>&nbsp;</p>
<p>&nbsp;</p>
<h1></h1>
<p>&nbsp;</p>

<p>Literatura sugerida por lxs invitadxs// Literaturvorschläge der Gäste Eje temático 1// Themenblock 1 Ballvé, Teo (2012): Everyday state formation: territory, decentralization, and the narco landgrab in Colombia, in: Environment and Planning D: Society and Space, 30, 4. 603–622. bell hooks &hellip; <a href="https://userblogs.fu-berlin.de/gree/literatura-literatur/">Weiterlesen <span class="meta-nav">&rarr;</span></a></p>
