{"id":19,"date":"2019-01-05T16:06:43","date_gmt":"2019-01-05T15:06:43","guid":{"rendered":"https:\/\/userblogs.fu-berlin.de\/journalismus_moe\/?page_id=19"},"modified":"2019-02-13T12:05:05","modified_gmt":"2019-02-13T11:05:05","slug":"worum-gehts","status":"publish","type":"page","link":"https:\/\/userblogs.fu-berlin.de\/journalismus_moe\/","title":{"rendered":"Einf\u00fchrung"},"content":{"rendered":"<p><strong>Journalistische Projekte im \u00f6stlichen Europa im Kontext der aktuellen mediensystemischen Entwicklungen<\/strong><\/p>\n<p><em>Indira Dupuis<\/em><\/p>\n<p>Im Seminar des Masterstudiengangs Politik und Kommunikation wurde im Wintersemester 2018 und 2019 zu herausragenden journalistischen Projekten im \u00f6stlichen Europa geforscht &#8211; in dem zeitlichen und inhaltlichen Umfang, den eine Seminararbeit zul\u00e4sst. Auf diesem Blog sind die Ergebnisse dieser Arbeit ver\u00f6ffentlicht.<\/p>\n<p>Angesichts der aktuellen Situation des Journalismus, insbesondere in der Region, sollte ber\u00fccksichtigt und intensiv diskutiert werden, dass insbesondere klassische journalistische Medienorganisationen in Presse und Rundfunk aktuell vor gro\u00dfen Herausforderungen stehen. Dies sind zum <a href=\"https:\/\/userblogs.fu-berlin.de\/journalismus_moe\/kontexte\/\">einen die allgemeinen Ver\u00e4nderungsprozesse der \u00f6ffentlichen Kommunikation<\/a> und zum anderen die <a href=\"https:\/\/userblogs.fu-berlin.de\/journalismus_moe\/problemlagen\/\">mediensystemischen Kontexte in den L\u00e4ndern des \u00f6stlichen Europas<\/a>, die aufgrund von historischen sowie aktuellen politischen Entwicklungen ung\u00fcnstige Ausgangsbedingungen f\u00fcr einen unabh\u00e4ngigen Journalismus darstellen.\u00a0Die Exzerpte der wissenschaftlichen Texte, die f\u00fcr diesen Zweck im Seminar aufgearbeitet und besprochen wurden, sind in den ersten zwei Abschnitten dieses Blogs zu finden.<\/p>\n<p>Im <a href=\"https:\/\/userblogs.fu-berlin.de\/journalismus_moe\/\">letzten Abschnitt<\/a> finden sich dann die Texte der Studierenden, die sich auf Basis unserer gemeinsamen Textarbeit systematisch mit Fallbeispielen von herausragenden journalistischen Projekten aus der Region Mittel- und Osteuropa besch\u00e4ftigt haben.<\/p>\n","protected":false},"excerpt":{"rendered":"<p>Journalistische Projekte im \u00f6stlichen Europa im Kontext der aktuellen mediensystemischen Entwicklungen Indira Dupuis Im Seminar des Masterstudiengangs Politik und Kommunikation wurde im Wintersemester 2018 und 2019 zu herausragenden journalistischen Projekten im \u00f6stlichen Europa geforscht &#8211; in dem zeitlichen und inhaltlichen Umfang, den eine Seminararbeit zul\u00e4sst. Auf diesem Blog sind die Ergebnisse dieser Arbeit ver\u00f6ffentlicht. Angesichts &hellip; <a href=\"https:\/\/userblogs.fu-berlin.de\/journalismus_moe\/\" class=\"more-link\"><span class=\"screen-reader-text\">Einf\u00fchrung<\/span> weiterlesen<\/a><\/p>\n","protected":false},"author":2901,"featured_media":17,"parent":0,"menu_order":0,"comment_status":"closed","ping_status":"closed","template":"","meta":{"footnotes":""},"class_list":["post-19","page","type-page","status-publish","has-post-thumbnail","hentry"],"_links":{"self":[{"href":"https:\/\/userblogs.fu-berlin.de\/journalismus_moe\/wp-json\/wp\/v2\/pages\/19","targetHints":{"allow":["GET"]}}],"collection":[{"href":"https:\/\/userblogs.fu-berlin.de\/journalismus_moe\/wp-json\/wp\/v2\/pages"}],"about":[{"href":"https:\/\/userblogs.fu-berlin.de\/journalismus_moe\/wp-json\/wp\/v2\/types\/page"}],"author":[{"embeddable":true,"href":"https:\/\/userblogs.fu-berlin.de\/journalismus_moe\/wp-json\/wp\/v2\/users\/2901"}],"replies":[{"embeddable":true,"href":"https:\/\/userblogs.fu-berlin.de\/journalismus_moe\/wp-json\/wp\/v2\/comments?post=19"}],"version-history":[{"count":21,"href":"https:\/\/userblogs.fu-berlin.de\/journalismus_moe\/wp-json\/wp\/v2\/pages\/19\/revisions"}],"predecessor-version":[{"id":204,"href":"https:\/\/userblogs.fu-berlin.de\/journalismus_moe\/wp-json\/wp\/v2\/pages\/19\/revisions\/204"}],"wp:featuredmedia":[{"embeddable":true,"href":"https:\/\/userblogs.fu-berlin.de\/journalismus_moe\/wp-json\/wp\/v2\/media\/17"}],"wp:attachment":[{"href":"https:\/\/userblogs.fu-berlin.de\/journalismus_moe\/wp-json\/wp\/v2\/media?parent=19"}],"curies":[{"name":"wp","href":"https:\/\/api.w.org\/{rel}","templated":true}]}}

Einführung

<p><strong>Journalistische Projekte im östlichen Europa im Kontext der aktuellen mediensystemischen Entwicklungen</strong></p>
<p><em>Indira Dupuis</em></p>
<p>Im Seminar des Masterstudiengangs Politik und Kommunikation wurde im Wintersemester 2018 und 2019 zu herausragenden journalistischen Projekten im östlichen Europa geforscht &#8211; in dem zeitlichen und inhaltlichen Umfang, den eine Seminararbeit zulässt. Auf diesem Blog sind die Ergebnisse dieser Arbeit veröffentlicht.</p>
<p>Angesichts der aktuellen Situation des Journalismus, insbesondere in der Region, sollte berücksichtigt und intensiv diskutiert werden, dass insbesondere klassische journalistische Medienorganisationen in Presse und Rundfunk aktuell vor großen Herausforderungen stehen. Dies sind zum <a href="https://userblogs.fu-berlin.de/journalismus_moe/kontexte/">einen die allgemeinen Veränderungsprozesse der öffentlichen Kommunikation</a> und zum anderen die <a href="https://userblogs.fu-berlin.de/journalismus_moe/problemlagen/">mediensystemischen Kontexte in den Ländern des östlichen Europas</a>, die aufgrund von historischen sowie aktuellen politischen Entwicklungen ungünstige Ausgangsbedingungen für einen unabhängigen Journalismus darstellen. Die Exzerpte der wissenschaftlichen Texte, die für diesen Zweck im Seminar aufgearbeitet und besprochen wurden, sind in den ersten zwei Abschnitten dieses Blogs zu finden.</p>
<p>Im <a href="https://userblogs.fu-berlin.de/journalismus_moe/">letzten Abschnitt</a> finden sich dann die Texte der Studierenden, die sich auf Basis unserer gemeinsamen Textarbeit systematisch mit Fallbeispielen von herausragenden journalistischen Projekten aus der Region Mittel- und Osteuropa beschäftigt haben.</p>

<p>Journalistische Projekte im östlichen Europa im Kontext der aktuellen mediensystemischen Entwicklungen Indira Dupuis Im Seminar des Masterstudiengangs Politik und Kommunikation wurde im Wintersemester 2018 und 2019 zu herausragenden journalistischen Projekten im östlichen Europa geforscht &#8211; in dem zeitlichen und inhaltlichen Umfang, den eine Seminararbeit zulässt. Auf diesem Blog sind die Ergebnisse dieser Arbeit veröffentlicht. Angesichts &hellip; <a href="https://userblogs.fu-berlin.de/journalismus_moe/" class="more-link"><span class="screen-reader-text">Einführung</span> weiterlesen</a></p>
