{"id":354,"date":"2019-03-15T20:11:15","date_gmt":"2019-03-15T19:11:15","guid":{"rendered":"https:\/\/userblogs.fu-berlin.de\/journalismus_moe\/?page_id=354"},"modified":"2019-03-15T20:34:26","modified_gmt":"2019-03-15T19:34:26","slug":"watchdogs-im-ukrainischen-journalismus","status":"publish","type":"page","link":"https:\/\/userblogs.fu-berlin.de\/journalismus_moe\/journalistische-angebote\/watchdogs-im-ukrainischen-journalismus\/","title":{"rendered":"Watchdogs im ukrainischen Journalismus"},"content":{"rendered":"<p>Damit Sie sich einen \u00dcberblick \u00fcber die aktuellen Herausforderungen f\u00fcr den ukrainischen Journalismus verschaffen k\u00f6nnen, empfehlen wir Ihnen unseren Test <a href=\"https:\/\/discover.apester.com\/media\/5c2298e9f6c282f5b2c6d9ad?src=link\">&#8222;Wie erfolgreich w\u00e4ren Sie als Journalist*In in der Ukraine?&#8220;.<\/a><\/p>\n","protected":false},"excerpt":{"rendered":"<p>Damit Sie sich einen \u00dcberblick \u00fcber die aktuellen Herausforderungen f\u00fcr den ukrainischen Journalismus verschaffen k\u00f6nnen, empfehlen wir Ihnen unseren Test &#8222;Wie erfolgreich w\u00e4ren Sie als Journalist*In in der Ukraine?&#8220;.<\/p>\n","protected":false},"author":3670,"featured_media":0,"parent":59,"menu_order":0,"comment_status":"closed","ping_status":"closed","template":"","meta":{"footnotes":""},"class_list":["post-354","page","type-page","status-publish","hentry"],"_links":{"self":[{"href":"https:\/\/userblogs.fu-berlin.de\/journalismus_moe\/wp-json\/wp\/v2\/pages\/354","targetHints":{"allow":["GET"]}}],"collection":[{"href":"https:\/\/userblogs.fu-berlin.de\/journalismus_moe\/wp-json\/wp\/v2\/pages"}],"about":[{"href":"https:\/\/userblogs.fu-berlin.de\/journalismus_moe\/wp-json\/wp\/v2\/types\/page"}],"author":[{"embeddable":true,"href":"https:\/\/userblogs.fu-berlin.de\/journalismus_moe\/wp-json\/wp\/v2\/users\/3670"}],"replies":[{"embeddable":true,"href":"https:\/\/userblogs.fu-berlin.de\/journalismus_moe\/wp-json\/wp\/v2\/comments?post=354"}],"version-history":[{"count":6,"href":"https:\/\/userblogs.fu-berlin.de\/journalismus_moe\/wp-json\/wp\/v2\/pages\/354\/revisions"}],"predecessor-version":[{"id":360,"href":"https:\/\/userblogs.fu-berlin.de\/journalismus_moe\/wp-json\/wp\/v2\/pages\/354\/revisions\/360"}],"up":[{"embeddable":true,"href":"https:\/\/userblogs.fu-berlin.de\/journalismus_moe\/wp-json\/wp\/v2\/pages\/59"}],"wp:attachment":[{"href":"https:\/\/userblogs.fu-berlin.de\/journalismus_moe\/wp-json\/wp\/v2\/media?parent=354"}],"curies":[{"name":"wp","href":"https:\/\/api.w.org\/{rel}","templated":true}]}}

<p>Damit Sie sich einen Überblick über die aktuellen Herausforderungen für den ukrainischen Journalismus verschaffen können, empfehlen wir Ihnen unseren Test <a href="https://discover.apester.com/media/5c2298e9f6c282f5b2c6d9ad?src=link">&#8222;Wie erfolgreich wären Sie als Journalist*In in der Ukraine?&#8220;.</a></p>

<p>Damit Sie sich einen Überblick über die aktuellen Herausforderungen für den ukrainischen Journalismus verschaffen können, empfehlen wir Ihnen unseren Test &#8222;Wie erfolgreich wären Sie als Journalist*In in der Ukraine?&#8220;.</p>
