{"id":1010,"date":"2020-01-11T17:54:28","date_gmt":"2020-01-11T17:54:28","guid":{"rendered":"https:\/\/userblogs.fu-berlin.de\/jschupp\/?page_id=1010"},"modified":"2024-01-20T18:03:15","modified_gmt":"2024-01-20T18:03:15","slug":"2020-2","status":"publish","type":"page","link":"https:\/\/userblogs.fu-berlin.de\/jschupp\/veroeffentlichungen\/2020-2\/","title":{"rendered":"2020"},"content":{"rendered":"<ul>\n<li><strong>Schupp, J\u00fcrgen<\/strong> (2020): <a href=\"https:\/\/www.diw.de\/de\/diw_01.c.804563.de\/publikationen\/wochenberichte\/2020_47_3\/vereinfachte_grundsicherung_versus_bedingungsloses_grundeinkommen__nichts_uebers_knie_brechen__kommentar.html\">Vereinfachte Grundsicherung versus bedingungsloses Grundeinkommen: Nichts \u00fcbers Knie brechen<\/a>. (Kommentar). <em>DIW Wochenbericht<\/em> 87(47), S. 878-878.<\/li>\n<li><strong>Schupp, J\u00fcrgen<\/strong> (2020): Keine Forschung zum Grundeinkommen k\u00f6nnte das h\u00f6here Risiko darstellen. (Kommentar). <a href=\"https:\/\/www.diw.de\/documents\/publikationen\/73\/diw_01.c.798181.de\/20-36-3.pdf\"><em>DIW Wochenbericht<\/em> 87(36), S. 632-632<\/a>.<\/li>\n<li><strong>Schupp, J\u00fcrgen<\/strong> (2020): <a href=\"https:\/\/www.diw.de\/documents\/publikationen\/73\/diw_01.c.795564.de\/20-32-3.pdf\">Befristetes Grundeinkommen in Entwicklungsl\u00e4ndern: Wenn nicht jetzt, wann dann?<\/a> (Kommentar). <em>DIW Wochenbericht<\/em> 87(32-33), S. 556-556.<\/li>\n<li>Walther, Lena, Lukas M. Fuchs, <strong>J\u00fcrgen Schupp <\/strong>&amp; Christian von Scheve (2020):&nbsp; Living Conditions and the Mental Health and Wellbeing of Refugees: Evidence from a LargeScale German Survey. <em><a href=\"https:\/\/link.springer.com\/article\/10.1007\/s10903-019-00968-5\">Journal of Immigrant and Minority Health,<\/a> 22(5)S. 903-913.<\/em><\/li>\n<li>Walther, Lena, Hannes Kr\u00f6ger, Ana Nanette Tibubos, Thi Min Tam Ta, Christian von Scheve, <strong>J\u00fcrgen Schupp<\/strong>, Eric Hahn, Malek Bajbouj (2020): Psychological distress among refugees in Germany: A cross-sectional analysis of individual and contextual risk factors and potential consequences for integration using a nationally representative survey. <a href=\"http:\/\/dx.doi.org\/10.1136\/bmjopen-2019-033658\">BMJ Open 2020<\/a>;0:e033658. doi:10.1136\/<br \/>\nbmjopen-2019-033658.<\/li>\n<li>Zinn, Sabine, Michael Bayer, Theresa Entringer, Jan Goebel, Markus M. Grabka, Daniel Graeber, Martin Kroh, Hannes Kr\u00f6ger, Simon K\u00fchne, Stefan Liebig, Carsten Schr\u00f6der, <strong>J\u00fcrgen Schupp,<\/strong> Johannes Seebauer (2020): Subjektive Belastung der Eltern durch Schulschlie\u00dfungen zu Zeiten des Corona-bedingten Lockdowns &nbsp; <a href=\"https:\/\/www.diw.de\/documents\/publikationen\/73\/diw_01.c.794185.de\/diw_sp1097.pdf\"><em>SOEPpapers on Multidisciplinary Panel Data Research No. 1097<\/em><\/a><a href=\"https:\/\/www.diw.de\/documents\/publikationen\/73\/diw_01.c.791307.de\/diw_sp1087.pdf\">,<\/a> Berlin.<\/li>\n<li>Kreyenfeld, Michaela, Zinn, Sabine, Michael Bayer, Theresa Entringer, Jan Goebel, Markus M. Grabka, Daniel Graeber, Martin Kroh, Hannes Kr\u00f6ger, Simon K\u00fchne, Stefan Liebig, Carsten Schr\u00f6der, <strong>J\u00fcrgen Schupp,<\/strong> Johannes Seebauer (2020): Coronavirus &amp; Care: How the Coronavirus Crisis Affected Fathers\u2019 Involvement in Germany. <a href=\"https:\/\/www.diw.de\/documents\/publikationen\/73\/diw_01.c.794183.de\/diw_sp1096.pdf\"><em>SOEPpapers on Multidisciplinary Panel Data Research No. 1096<\/em>, <\/a>Berlin.<\/li>\n<li>Entringer, Theresa, Hannes Kr\u00f6ger,&nbsp;<strong>J\u00fcrgen Schupp,&nbsp;<\/strong>Jan G\u00f6bel, Markus Grabka, Daniel Graeber, Martin Kroh, Simon K\u00fchne,&nbsp; Stefan Liebig, &nbsp;Schr\u00f6der, Carsten, Johannes Seebauer und Sabine Zinn&nbsp;(2020): Psychische Krise durch Covid-19? Sorgen sinken, Einsamkeit steigt, Lebenszufriedenheit bleibt stabil.&nbsp;<a href=\"https:\/\/www.diw.de\/documents\/publikationen\/73\/diw_01.c.791307.de\/diw_sp1087.pdf\"><em>SOEPpapers on Multidisciplinary Panel Data Research No. 1087<\/em>,<\/a> Berlin.<\/li>\n<li>Schr\u00f6der, Carsten, Entringer, Theresa, Jan G\u00f6bel, Markus Grabka, Daniel Graeber, Hannes Kr\u00f6ger, Martin Kroh, Simon K\u00fchne,&nbsp; Stefan Liebig, <strong>J\u00fcrgen Schupp,<\/strong> Johannes Seebauer und Sabine Zinn&nbsp;(2020): Vor dem Covid-19-Virus sind nicht alle Erwerbst\u00e4tigen gleich.&nbsp; <a href=\"https:\/\/www.diw.de\/documents\/publikationen\/73\/diw_01.c.789499.de\/diw_aktuell_41.pdf\">DIW Aktuell Nr. 41<\/a> vom 12.5.2020 [erweitert zugleich auch:&nbsp; <a href=\"https:\/\/www.diw.de\/documents\/publikationen\/73\/diw_01.c.789529.de\/diw_sp1080.pdf\"><em>SOEPpapers on Multidisciplinary Panel Data Research No. 1080<\/em><\/a>, Berlin &#8211; zugleich: &#8222;Covid-19 is not affecting all working people equally. <a href=\"https:\/\/www.diw.de\/documents\/publikationen\/73\/diw_01.c.790738.de\/diw_sp1083.pdf\"><em>SOEP Papers on Multidisciplinary Panel Data, No. 1083<\/em><\/a>, Berlin.<\/li>\n<li>K\u00fchne, Simon, Martin Kroh,&nbsp;Stefan Liebig, Jonas Rees, Andreas Zick,&nbsp;Theresa Entringer,&nbsp;Jan Goebel,&nbsp;Markus M. Grabka,&nbsp;Daniel Graeber,&nbsp;Hannes Kr\u00f6ger,&nbsp;Carsten Schr\u00f6der,&nbsp;<strong>J\u00fcrgen Schupp,<\/strong>&nbsp;Johannes Seebauer,&nbsp;Sabine Zinn (2020): Gesellschaftlicher Zusammenhalt in Zeiten von Corona: Eine Chance in der Krise?&nbsp;<a href=\"https:\/\/www.diw.de\/documents\/publikationen\/73\/diw_01.c.793201.de\/diw_sp1091.pdf\"><em>SOEP Papers on Multidisciplinary Panel Data, No. 1091<\/em><\/a>, Berlin.<\/li>\n<li><strong>Schupp, J\u00fcrgen<\/strong>&nbsp;(2020): <a href=\"https:\/\/www.diw.de\/documents\/publikationen\/73\/diw_01.c.758675.de\/20-15-3.pdf\">Bedingungsarme Grundsicherung statt bedingungslosem Grundeinkommen jetzt!<\/a>&nbsp; (Kommentar).&nbsp;<em>DIW Wochenbericht<\/em>,&nbsp;87(15-16), S. 296-296.<\/li>\n<li><strong>Schupp, J\u00fcrgen<\/strong> (2020): Sowohl viel Zustimmung als auch gro\u00dfe Ablehnung eines Bedingungslosen Grundeinkommens. <a href=\"https:\/\/link.springer.com\/article\/10.1007\/s10273-020-2580-z?wt_mc=Internal.Event.1.SEM.ArticleAuthorOnlineFirst&amp;utm_source=ArticleAuthorOnlineFirst&amp;utm_medium=email&amp;utm_content=AA_en_06082018&amp;ArticleAuthorOnlineFirst_20200221\">Wirtschaftsdienst<\/a>, <a href=\"https:\/\/www.wirtschaftsdienst.eu\/archiv\/jahr\/2020\/heft\/2.html\">100(2)<\/a>, 112-116.<\/li>\n<li>Maximilian Priem, Franziska Kaiser &amp; <strong>J\u00fcrgen Schupp<\/strong> (2020): Zufriedener denn je \u2013 Lebensverh\u00e4ltnisse in&nbsp;Deutschland 30 Jahre nach dem Mauerfall. <em><a href=\"https:\/\/www.gesis.org\/fileadmin\/upload\/forschung\/publikationen\/zeitschriften\/isi\/ISI-64.pdf\">Informationsdienst Soziale Indikatoren<\/a> (ISI)<\/em>, Ausgabe 64, 7-15.<\/li>\n<li>Gricevic, Zbignev,&nbsp;Karsten Schulz-Sandhof &amp; <strong>J\u00fcrgen Schupp<\/strong>&nbsp;(2020): Gewachsene sowie anhaltend hohe Spendenbereitschaft in Deutschland. <a href=\"https:\/\/www.diw.de\/documents\/publikationen\/73\/diw_01.c.739000.de\/20-8-1.pdf\"><em>DIW Wochenbericht<\/em><\/a>, 87(8), S. 104-112.<\/li>\n<li>Gricevic, Zbignev,&nbsp;Karsten Schulz-Sandhof &amp; <strong>J\u00fcrgen Schupp<\/strong>&nbsp;(2020): Spenden in Deutschland. Analysen auf Basis des SOEP und&nbsp;Vergleiche mit anderen empirischen&nbsp;Studien.&nbsp;<a href=\"http:\/\/www.diw.de\/documents\/publikationen\/73\/diw_01.c.738864.de\/diw_sp1074.pdf\"><em>SOEPpapers on Multidisciplinary Panel Data Research No. 1074<\/em><\/a>, Berlin.<\/li>\n<\/ul>\n","protected":false},"excerpt":{"rendered":"<p>Schupp, J\u00fcrgen (2020): Vereinfachte Grundsicherung versus bedingungsloses Grundeinkommen: Nichts \u00fcbers Knie brechen. (Kommentar). DIW Wochenbericht 87(47), S. 878-878. Schupp, J\u00fcrgen (2020): Keine Forschung zum Grundeinkommen k\u00f6nnte das h\u00f6here Risiko darstellen. (Kommentar). DIW Wochenbericht 87(36), S. 632-632. Schupp, J\u00fcrgen (2020): Befristetes &hellip; <a href=\"https:\/\/userblogs.fu-berlin.de\/jschupp\/veroeffentlichungen\/2020-2\/\">Weiterlesen <span class=\"meta-nav\">&rarr;<\/span><\/a><\/p>\n","protected":false},"author":2039,"featured_media":0,"parent":8,"menu_order":8,"comment_status":"closed","ping_status":"closed","template":"","meta":{"footnotes":""},"class_list":["post-1010","page","type-page","status-publish","hentry"],"_links":{"self":[{"href":"https:\/\/userblogs.fu-berlin.de\/jschupp\/wp-json\/wp\/v2\/pages\/1010","targetHints":{"allow":["GET"]}}],"collection":[{"href":"https:\/\/userblogs.fu-berlin.de\/jschupp\/wp-json\/wp\/v2\/pages"}],"about":[{"href":"https:\/\/userblogs.fu-berlin.de\/jschupp\/wp-json\/wp\/v2\/types\/page"}],"author":[{"embeddable":true,"href":"https:\/\/userblogs.fu-berlin.de\/jschupp\/wp-json\/wp\/v2\/users\/2039"}],"replies":[{"embeddable":true,"href":"https:\/\/userblogs.fu-berlin.de\/jschupp\/wp-json\/wp\/v2\/comments?post=1010"}],"version-history":[{"count":52,"href":"https:\/\/userblogs.fu-berlin.de\/jschupp\/wp-json\/wp\/v2\/pages\/1010\/revisions"}],"predecessor-version":[{"id":1422,"href":"https:\/\/userblogs.fu-berlin.de\/jschupp\/wp-json\/wp\/v2\/pages\/1010\/revisions\/1422"}],"up":[{"embeddable":true,"href":"https:\/\/userblogs.fu-berlin.de\/jschupp\/wp-json\/wp\/v2\/pages\/8"}],"wp:attachment":[{"href":"https:\/\/userblogs.fu-berlin.de\/jschupp\/wp-json\/wp\/v2\/media?parent=1010"}],"curies":[{"name":"wp","href":"https:\/\/api.w.org\/{rel}","templated":true}]}}