{"id":3,"date":"2010-01-01T13:53:03","date_gmt":"2010-01-01T12:53:03","guid":{"rendered":"543724945"},"modified":"2010-09-11T19:49:21","modified_gmt":"2010-09-11T18:49:21","slug":"impressum","status":"publish","type":"page","link":"https:\/\/userblogs.fu-berlin.de\/migrationen\/?page_id=3","title":{"rendered":"\u2022 Impressum \u2022"},"content":{"rendered":"<p><strong>Dienstanbieter:<\/strong><br \/>\nAndreas Eickelkamp, c\/o Freie Universit\u00e4t Berlin<\/p>\n<p><strong>Anschrift, Kontaktdaten:<\/strong><br \/>\nFreie Universit\u00e4t Berlin, Fachbereich Politik- und Sozialwissenschaften, Institut f\u00fcr Publizistik- und Kommunikationswissenschaft, Garystr. 55, 14195 Berlin, E-Mail a.eickelkamp@fu-berlin.de.<\/p>\n<p><strong>Inhaltliche Verantwortung:<\/strong><br \/>\nBeitr\u00e4ge im Zeitraum Mai bis September 2010: Ulrike Butmaloiu, Internationales Journalisten-Kolleg, Otto-von-Simson-Str. 3, 14195 Berlin. Ansonsten: Dr. Andreas Eickelkamp, Freie Universit\u00e4t Berlin, Fachbereich Politik- und Sozialwissenschaften, Institut f\u00fcr Publizistik- und Kommunikationswissenschaft, Arbeitsstelle Journalistik, Garystr. 55, 14195 Berlin, E-Mail-Adresse a.eickelkamp@fu-berlin.de, Telefon +49 (30) 838-57814.<\/p>\n","protected":false},"excerpt":{"rendered":"<p>Dienstanbieter: Andreas Eickelkamp, c\/o Freie Universit\u00e4t Berlin Anschrift, Kontaktdaten: Freie Universit\u00e4t Berlin, Fachbereich Politik- und Sozialwissenschaften, Institut f\u00fcr Publizistik- und Kommunikationswissenschaft, Garystr. 55, 14195 Berlin, E-Mail a.eickelkamp@fu-berlin.de. Inhaltliche Verantwortung: Beitr\u00e4ge im Zeitraum Mai bis September 2010: Ulrike Butmaloiu, Internationales Journalisten-Kolleg, Otto-von-Simson-Str. 3, 14195 Berlin. Ansonsten: Dr. Andreas Eickelkamp, Freie Universit\u00e4t Berlin, Fachbereich Politik- und Sozialwissenschaften, &hellip; <a href=\"https:\/\/userblogs.fu-berlin.de\/migrationen\/?page_id=3\" class=\"more-link\"><span class=\"screen-reader-text\">\u201e\u2022 Impressum \u2022\u201c<\/span> weiterlesen<\/a><\/p>\n","protected":false},"author":715,"featured_media":0,"parent":0,"menu_order":1,"comment_status":"closed","ping_status":"closed","template":"","meta":{"footnotes":""},"class_list":["post-3","page","type-page","status-publish","hentry"],"_links":{"self":[{"href":"https:\/\/userblogs.fu-berlin.de\/migrationen\/index.php?rest_route=\/wp\/v2\/pages\/3","targetHints":{"allow":["GET"]}}],"collection":[{"href":"https:\/\/userblogs.fu-berlin.de\/migrationen\/index.php?rest_route=\/wp\/v2\/pages"}],"about":[{"href":"https:\/\/userblogs.fu-berlin.de\/migrationen\/index.php?rest_route=\/wp\/v2\/types\/page"}],"author":[{"embeddable":true,"href":"https:\/\/userblogs.fu-berlin.de\/migrationen\/index.php?rest_route=\/wp\/v2\/users\/715"}],"replies":[{"embeddable":true,"href":"https:\/\/userblogs.fu-berlin.de\/migrationen\/index.php?rest_route=%2Fwp%2Fv2%2Fcomments&post=3"}],"version-history":[{"count":22,"href":"https:\/\/userblogs.fu-berlin.de\/migrationen\/index.php?rest_route=\/wp\/v2\/pages\/3\/revisions"}],"predecessor-version":[{"id":946,"href":"https:\/\/userblogs.fu-berlin.de\/migrationen\/index.php?rest_route=\/wp\/v2\/pages\/3\/revisions\/946"}],"wp:attachment":[{"href":"https:\/\/userblogs.fu-berlin.de\/migrationen\/index.php?rest_route=%2Fwp%2Fv2%2Fmedia&parent=3"}],"curies":[{"name":"wp","href":"https:\/\/api.w.org\/{rel}","templated":true}]}}

<p><strong>Dienstanbieter:</strong><br />
Andreas Eickelkamp, c/o Freie Universität Berlin</p>
<p><strong>Anschrift, Kontaktdaten:</strong><br />
Freie Universität Berlin, Fachbereich Politik- und Sozialwissenschaften, Institut für Publizistik- und Kommunikationswissenschaft, Garystr. 55, 14195 Berlin, E-Mail a.eickelkamp@fu-berlin.de.</p>
<p><strong>Inhaltliche Verantwortung:</strong><br />
Beiträge im Zeitraum Mai bis September 2010: Ulrike Butmaloiu, Internationales Journalisten-Kolleg, Otto-von-Simson-Str. 3, 14195 Berlin. Ansonsten: Dr. Andreas Eickelkamp, Freie Universität Berlin, Fachbereich Politik- und Sozialwissenschaften, Institut für Publizistik- und Kommunikationswissenschaft, Arbeitsstelle Journalistik, Garystr. 55, 14195 Berlin, E-Mail-Adresse a.eickelkamp@fu-berlin.de, Telefon +49 (30) 838-57814.</p>

<p>Dienstanbieter: Andreas Eickelkamp, c/o Freie Universität Berlin Anschrift, Kontaktdaten: Freie Universität Berlin, Fachbereich Politik- und Sozialwissenschaften, Institut für Publizistik- und Kommunikationswissenschaft, Garystr. 55, 14195 Berlin, E-Mail a.eickelkamp@fu-berlin.de. Inhaltliche Verantwortung: Beiträge im Zeitraum Mai bis September 2010: Ulrike Butmaloiu, Internationales Journalisten-Kolleg, Otto-von-Simson-Str. 3, 14195 Berlin. Ansonsten: Dr. Andreas Eickelkamp, Freie Universität Berlin, Fachbereich Politik- und Sozialwissenschaften, &hellip; <a href="https://userblogs.fu-berlin.de/migrationen/?page_id=3" class="more-link"><span class="screen-reader-text">„• Impressum •“</span> weiterlesen</a></p>
