{"id":715,"date":"2010-08-23T11:37:01","date_gmt":"2010-08-23T10:37:01","guid":{"rendered":"https:\/\/userblogs.fu-berlin.de\/migrationen\/?page_id=715"},"modified":"2010-09-06T21:57:23","modified_gmt":"2010-09-06T20:57:23","slug":"ballett-ist-vision-und-leidenschaft","status":"publish","type":"page","link":"https:\/\/userblogs.fu-berlin.de\/migrationen\/?page_id=715","title":{"rendered":"Ballett ist Vision und Leidenschaft"},"content":{"rendered":"<h2 style=\"text-align: justify\">Eine bulgarische Rentnerin unterrichtet klassischen Tanz in Eisenach<\/h2>\n<p style=\"text-align: justify\">von <strong>Daniela Ivanova<\/strong><\/p>\n<p style=\"text-align: justify\">\n<p style=\"text-align: justify\"><strong>Skript zum Audio-Beitrag<br \/>\n<\/strong><\/p>\n<p style=\"text-align: justify\"><a href=\"https:\/\/www.youtube.com\/watch?v=sydBoAAZhM4\" target=\"_blank\">https:\/\/www.youtube.com\/watch?v=sydBoAAZhM4<\/a><\/p>\n<p style=\"text-align: justify\">\n<p style=\"text-align: justify\">Mod: Willkommen im Ballettworkshop in Lauterbach, Hessen.<\/p>\n<p style=\"text-align: justify\">Und das ist die Leiterin des Workshops, Penka Karow. Bei ihr gibt es keine Kompromisse mit der Sauberkeit der Bewegungen, auch wenn es um Hobbytanzen geht.<\/p>\n<p style=\"text-align: justify\"><a href=\"https:\/\/userblogs.fu-berlin.de\/migrationen\/files\/2010\/08\/di1.jpg\"><img loading=\"lazy\" decoding=\"async\" class=\"alignleft size-full wp-image-717\" title=\"di1\" src=\"https:\/\/userblogs.fu-berlin.de\/migrationen\/files\/2010\/08\/di1.jpg\" alt=\"\" width=\"420\" height=\"322\" srcset=\"https:\/\/userblogs.fu-berlin.de\/migrationen\/files\/2010\/08\/di1.jpg 420w, https:\/\/userblogs.fu-berlin.de\/migrationen\/files\/2010\/08\/di1-300x230.jpg 300w\" sizes=\"auto, (max-width: 420px) 85vw, 420px\" \/><\/a>F\u00fcr ihre Stunde muss man auch sein Franz\u00f6sisch Frisch halten.<\/p>\n<p style=\"text-align: justify\">Die erfahrene T\u00e4nzerin, P\u00e4dagogin und Choreografin Penka Karow konnte auch als Rentnerin das Ballett nicht aufgeben. Seit 1996, nachdem sie in den Ruhestand ging, leitet sie Tanzworkshops an Schulen und Kinderg\u00e4rten, sowie auch in Tanzstudios wie diesem hier.<\/p>\n<p style=\"text-align: justify\">Ballett war f\u00fcr sie seit der Kindheit eine Leidenschaft. Geboren und aufgewachsen in Bulgarien, hatte sie mit 18 die damals gro\u00dfe Chance ihr Tanzstudium in der Sowjetunion zu machen \u2013 in Taschkent, dem heutigen Usbekistan.<\/p>\n<p style=\"text-align: justify\">Zum ersten Mal verlie\u00df sie ihre Heimat, nur um zur\u00fcck zu kommen und als Ballettt\u00e4nzerin eine Karriere in Bulgarien zu machen. 1969 ergab sich eine neue Chance ihr Talent im Ausland zu entwickeln.<\/p>\n<p style=\"text-align: justify\">Ein Kulturvertrag zwischen den Konzertdirektionen der Volksrepublik Bulgarien und der DDR erm\u00f6glichte es talentierten und ausgebildeten K\u00fcnstlern nach Ostdeutschland zu reisen und an bestimmten Theater- und Operh\u00e4usern t\u00e4tig zu werden.<\/p>\n<p style=\"text-align: justify\">So ist sie nach Eisenach, im Westen Th\u00fcringens, gekommen.<\/p>\n<p style=\"text-align: justify\"><em> <\/em><\/p>\n<p style=\"text-align: justify\">\n<p style=\"text-align: justify\"><em>O-Ton: Nach Deutschland bin ich gekommen 1969 am 9. September.<\/em><\/p>\n<p style=\"text-align: justify\">Mod: Und warum?<\/p>\n<p style=\"text-align: justify\"><em> <\/em><\/p>\n<p style=\"text-align: justify\"><em>O-Ton: Um meine Vision weiter zu geben, besonders diese Ballettkunst, an die kleinen Kinder, <\/em><em>auch an Erwachsene. Daf\u00fcr gebe ich sehr viel Kraft und Liebe zu dieser Kunst.<\/em><\/p>\n<p style=\"text-align: justify\">Mod: Das hat sie wohl seit 1969 gemacht, in Eisenach sowie in vielen Nachbarst\u00e4dten.<\/p>\n<p style=\"text-align: justify\">Nach der Wende konnte sie auch in den alten Bundesl\u00e4ndern arbeiten. Was hat sich sonst in der Welt der K\u00fcnste nach 1989 ver\u00e4ndert?<\/p>\n<p style=\"text-align: justify\"><em> <\/em><\/p>\n<p style=\"text-align: justify\"><em>O-Ton: Kunst bleibt Kunst, egal ob Ballett, Musik, Oper&#8230;<\/em><\/p>\n<p style=\"text-align: justify\">Und doch zog sie spanische Musik immer an \u2013 ein Problem, weil der kulturelle Austausch mit dem Westen begrenzt war. Die technische Ausf\u00fchrung, die Schritte in der spanischen Musik, hatte sie schon fr\u00fch aus den klassischen Tanzb\u00fcchern gelernt. Trotzdem entgingen ihr das emotionale und das folkloristische Gef\u00fchl der Bewegungen.<\/p>\n<p style=\"text-align: justify\">Bis sie nach der Wende in den Westen durfte und mit einer spanischen T\u00e4nzerin in Frankfurt am Main das klassische und das traditionelle Tanzen austauschte.<\/p>\n<p style=\"text-align: justify\">Obwohl sie ihr Talent f\u00fcr Ballett ihren Tanzsch\u00fclern und Sch\u00fclerinnen in Deutschland gewidmet hat, ist Bulgarien f\u00fcr sie immer noch ein sehr emotionales Thema.<a href=\"https:\/\/userblogs.fu-berlin.de\/migrationen\/files\/2010\/08\/di2.jpg\"><img loading=\"lazy\" decoding=\"async\" class=\"size-full wp-image-716 alignright\" title=\"di2\" src=\"https:\/\/userblogs.fu-berlin.de\/migrationen\/files\/2010\/08\/di2.jpg\" alt=\"\" width=\"420\" height=\"315\" srcset=\"https:\/\/userblogs.fu-berlin.de\/migrationen\/files\/2010\/08\/di2.jpg 420w, https:\/\/userblogs.fu-berlin.de\/migrationen\/files\/2010\/08\/di2-300x225.jpg 300w\" sizes=\"auto, (max-width: 420px) 85vw, 420px\" \/><\/a><\/p>\n<p style=\"text-align: justify\">Allein als Waisenkind unter den harten Bedingungen der Nachkriegszeit in Bulgarien aufgewachsen, wollte sie unbedingt einen Weg aussuchen, auf welchen sie Waisenkindern und sozial schwachen Menschen in Bulgarien helfen konnte. Was hat sie gemacht?<\/p>\n<p style=\"text-align: justify\"><em> <\/em><\/p>\n<p style=\"text-align: justify\"><em>O-Ton: Humanit\u00e4re Hilfe. Ich war selber ein Kind ohne Eltern&#8230;<\/em><\/p>\n<p style=\"text-align: justify\">Mod: Und so fing sie 1998 an, zuerst ihre Freunde in Eisenach dann durch Anzeigen auch eine gr\u00f6\u00dfere Gemeinde zu organisieren. Ganz ohne gro\u00dfe Anspr\u00fcche begann alles: Allein den Wagen aufladen und dann Kleider, Spielzeuge, M\u00f6bel, sogar Waschmaschinen und Lebensmittel in verschiedene St\u00e4dte in ganz Bulgarien transportieren. Schon seit mehr als 10 Jahren.<\/p>\n<p style=\"text-align: justify\"><em>O-Ton: Deutsche B\u00fcrger haben sehr gro\u00dfe Hilfe geleistet. <\/em><\/p>\n<p style=\"text-align: justify\">Mod: Jeder half mit, wo er konnte, so dass sich Kinderheime, Krankenh\u00e4user und arme Gemeinden ein besseres Leben leisten konnten.<\/p>\n<p style=\"text-align: justify\"><em>O-Ton: Die Leute waren sehr gl\u00fccklich, besonders die Kinder. Den Kindern haben wir sehr viel Freude gemacht.<\/em><\/p>\n<p style=\"text-align: justify\">Mod: Und die Leute waren mit dem Einfachsten zufrieden. Das versteht Penka Karow wohl.<\/p>\n<p style=\"text-align: justify\"><em> <\/em><\/p>\n<p style=\"text-align: justify\"><em>O-Ton: Mit gro\u00dfer Freude und Liebe \u2013 das ist alles f\u00fcr mein Land, f\u00fcr die Kinder.<\/em><\/p>\n<p style=\"text-align: justify\">Mod: Manchmal sind Kleinigkeiten der gr\u00f6\u00dfte Mangel. Bedauert Penka etwas?<\/p>\n<p style=\"text-align: justify\"><em>O-Ton: Im Leben bedauere ich gar nichts. Ich bin gl\u00fccklich und ich liebe Ballett.<\/em><\/p>\n<p style=\"text-align: justify\">Mod: Das l\u00e4sst sich wohl bemerken. K\u00fcnstlerin, Abenteurerin und pflichtbewusste Bulgarin, ist Penka Karow einem treu geblieben \u2013 immer mit dem Herzen zu denken.<\/p>\n<p style=\"text-align: justify\">\n<h2 style=\"text-align: justify\">\n<p>Die Autorin<\/p>\n<\/h2>\n<address><em><a href=\"https:\/\/userblogs.fu-berlin.de\/migrationen\/files\/2010\/08\/daniela_ivanova.jpg\"><img loading=\"lazy\" decoding=\"async\" class=\"alignleft size-full wp-image-795\" title=\"daniela_ivanova\" src=\"https:\/\/userblogs.fu-berlin.de\/migrationen\/files\/2010\/08\/daniela_ivanova.jpg\" alt=\"\" width=\"99\" height=\"175\" \/><\/a><\/em>Daniela Ivanova ist in Bulgarien geboren und aufgewachsen. 2010 absolvierte sie ihr Studium der Gesellschaftswissenschaften an der Wesleyan University, CT. Ab dem Herbst 2010 ist ein weiteres Studium geplant, ein Master an der Oxford University, Bereich Politikwissenschaft. Ihr Leidenschaften\u00a0 sind Osteuropa, die EU und altes europ\u00e4isches Kino.<\/address>\n","protected":false},"excerpt":{"rendered":"<p>Eine bulgarische Rentnerin unterrichtet klassischen Tanz in Eisenach von Daniela Ivanova Skript zum Audio-Beitrag https:\/\/www.youtube.com\/watch?v=sydBoAAZhM4 Mod: Willkommen im Ballettworkshop in Lauterbach, Hessen. Und das ist die Leiterin des Workshops, Penka Karow. Bei ihr gibt es keine Kompromisse mit der Sauberkeit der Bewegungen, auch wenn es um Hobbytanzen geht. F\u00fcr ihre Stunde muss man auch sein &hellip; <a href=\"https:\/\/userblogs.fu-berlin.de\/migrationen\/?page_id=715\" class=\"more-link\"><span class=\"screen-reader-text\">\u201eBallett ist Vision und Leidenschaft\u201c<\/span> weiterlesen<\/a><\/p>\n","protected":false},"author":755,"featured_media":0,"parent":0,"menu_order":0,"comment_status":"open","ping_status":"open","template":"","meta":{"footnotes":""},"class_list":["post-715","page","type-page","status-publish","hentry"],"_links":{"self":[{"href":"https:\/\/userblogs.fu-berlin.de\/migrationen\/index.php?rest_route=\/wp\/v2\/pages\/715","targetHints":{"allow":["GET"]}}],"collection":[{"href":"https:\/\/userblogs.fu-berlin.de\/migrationen\/index.php?rest_route=\/wp\/v2\/pages"}],"about":[{"href":"https:\/\/userblogs.fu-berlin.de\/migrationen\/index.php?rest_route=\/wp\/v2\/types\/page"}],"author":[{"embeddable":true,"href":"https:\/\/userblogs.fu-berlin.de\/migrationen\/index.php?rest_route=\/wp\/v2\/users\/755"}],"replies":[{"embeddable":true,"href":"https:\/\/userblogs.fu-berlin.de\/migrationen\/index.php?rest_route=%2Fwp%2Fv2%2Fcomments&post=715"}],"version-history":[{"count":5,"href":"https:\/\/userblogs.fu-berlin.de\/migrationen\/index.php?rest_route=\/wp\/v2\/pages\/715\/revisions"}],"predecessor-version":[{"id":793,"href":"https:\/\/userblogs.fu-berlin.de\/migrationen\/index.php?rest_route=\/wp\/v2\/pages\/715\/revisions\/793"}],"wp:attachment":[{"href":"https:\/\/userblogs.fu-berlin.de\/migrationen\/index.php?rest_route=%2Fwp%2Fv2%2Fmedia&parent=715"}],"curies":[{"name":"wp","href":"https:\/\/api.w.org\/{rel}","templated":true}]}}

<h2 style="text-align: justify">Eine bulgarische Rentnerin unterrichtet klassischen Tanz in Eisenach</h2>
<p style="text-align: justify">von <strong>Daniela Ivanova</strong></p>
<p style="text-align: justify">
<p style="text-align: justify"><strong>Skript zum Audio-Beitrag<br />
</strong></p>
<p style="text-align: justify"><a href="https://www.youtube.com/watch?v=sydBoAAZhM4" target="_blank">https://www.youtube.com/watch?v=sydBoAAZhM4</a></p>
<p style="text-align: justify">
<p style="text-align: justify">Mod: Willkommen im Ballettworkshop in Lauterbach, Hessen.</p>
<p style="text-align: justify">Und das ist die Leiterin des Workshops, Penka Karow. Bei ihr gibt es keine Kompromisse mit der Sauberkeit der Bewegungen, auch wenn es um Hobbytanzen geht.</p>
<p style="text-align: justify"><a href="https://userblogs.fu-berlin.de/migrationen/files/2010/08/di1.jpg"><img loading="lazy" decoding="async" class="alignleft size-full wp-image-717" title="di1" src="https://userblogs.fu-berlin.de/migrationen/files/2010/08/di1.jpg" alt="" width="420" height="322" srcset="https://userblogs.fu-berlin.de/migrationen/files/2010/08/di1.jpg 420w, https://userblogs.fu-berlin.de/migrationen/files/2010/08/di1-300x230.jpg 300w" sizes="auto, (max-width: 420px) 85vw, 420px" /></a>Für ihre Stunde muss man auch sein Französisch Frisch halten.</p>
<p style="text-align: justify">Die erfahrene Tänzerin, Pädagogin und Choreografin Penka Karow konnte auch als Rentnerin das Ballett nicht aufgeben. Seit 1996, nachdem sie in den Ruhestand ging, leitet sie Tanzworkshops an Schulen und Kindergärten, sowie auch in Tanzstudios wie diesem hier.</p>
<p style="text-align: justify">Ballett war für sie seit der Kindheit eine Leidenschaft. Geboren und aufgewachsen in Bulgarien, hatte sie mit 18 die damals große Chance ihr Tanzstudium in der Sowjetunion zu machen – in Taschkent, dem heutigen Usbekistan.</p>
<p style="text-align: justify">Zum ersten Mal verließ sie ihre Heimat, nur um zurück zu kommen und als Balletttänzerin eine Karriere in Bulgarien zu machen. 1969 ergab sich eine neue Chance ihr Talent im Ausland zu entwickeln.</p>
<p style="text-align: justify">Ein Kulturvertrag zwischen den Konzertdirektionen der Volksrepublik Bulgarien und der DDR ermöglichte es talentierten und ausgebildeten Künstlern nach Ostdeutschland zu reisen und an bestimmten Theater- und Operhäusern tätig zu werden.</p>
<p style="text-align: justify">So ist sie nach Eisenach, im Westen Thüringens, gekommen.</p>
<p style="text-align: justify"><em> </em></p>
<p style="text-align: justify">
<p style="text-align: justify"><em>O-Ton: Nach Deutschland bin ich gekommen 1969 am 9. September.</em></p>
<p style="text-align: justify">Mod: Und warum?</p>
<p style="text-align: justify"><em> </em></p>
<p style="text-align: justify"><em>O-Ton: Um meine Vision weiter zu geben, besonders diese Ballettkunst, an die kleinen Kinder, </em><em>auch an Erwachsene. Dafür gebe ich sehr viel Kraft und Liebe zu dieser Kunst.</em></p>
<p style="text-align: justify">Mod: Das hat sie wohl seit 1969 gemacht, in Eisenach sowie in vielen Nachbarstädten.</p>
<p style="text-align: justify">Nach der Wende konnte sie auch in den alten Bundesländern arbeiten. Was hat sich sonst in der Welt der Künste nach 1989 verändert?</p>
<p style="text-align: justify"><em> </em></p>
<p style="text-align: justify"><em>O-Ton: Kunst bleibt Kunst, egal ob Ballett, Musik, Oper&#8230;</em></p>
<p style="text-align: justify">Und doch zog sie spanische Musik immer an – ein Problem, weil der kulturelle Austausch mit dem Westen begrenzt war. Die technische Ausführung, die Schritte in der spanischen Musik, hatte sie schon früh aus den klassischen Tanzbüchern gelernt. Trotzdem entgingen ihr das emotionale und das folkloristische Gefühl der Bewegungen.</p>
<p style="text-align: justify">Bis sie nach der Wende in den Westen durfte und mit einer spanischen Tänzerin in Frankfurt am Main das klassische und das traditionelle Tanzen austauschte.</p>
<p style="text-align: justify">Obwohl sie ihr Talent für Ballett ihren Tanzschülern und Schülerinnen in Deutschland gewidmet hat, ist Bulgarien für sie immer noch ein sehr emotionales Thema.<a href="https://userblogs.fu-berlin.de/migrationen/files/2010/08/di2.jpg"><img loading="lazy" decoding="async" class="size-full wp-image-716 alignright" title="di2" src="https://userblogs.fu-berlin.de/migrationen/files/2010/08/di2.jpg" alt="" width="420" height="315" srcset="https://userblogs.fu-berlin.de/migrationen/files/2010/08/di2.jpg 420w, https://userblogs.fu-berlin.de/migrationen/files/2010/08/di2-300x225.jpg 300w" sizes="auto, (max-width: 420px) 85vw, 420px" /></a></p>
<p style="text-align: justify">Allein als Waisenkind unter den harten Bedingungen der Nachkriegszeit in Bulgarien aufgewachsen, wollte sie unbedingt einen Weg aussuchen, auf welchen sie Waisenkindern und sozial schwachen Menschen in Bulgarien helfen konnte. Was hat sie gemacht?</p>
<p style="text-align: justify"><em> </em></p>
<p style="text-align: justify"><em>O-Ton: Humanitäre Hilfe. Ich war selber ein Kind ohne Eltern&#8230;</em></p>
<p style="text-align: justify">Mod: Und so fing sie 1998 an, zuerst ihre Freunde in Eisenach dann durch Anzeigen auch eine größere Gemeinde zu organisieren. Ganz ohne große Ansprüche begann alles: Allein den Wagen aufladen und dann Kleider, Spielzeuge, Möbel, sogar Waschmaschinen und Lebensmittel in verschiedene Städte in ganz Bulgarien transportieren. Schon seit mehr als 10 Jahren.</p>
<p style="text-align: justify"><em>O-Ton: Deutsche Bürger haben sehr große Hilfe geleistet. </em></p>
<p style="text-align: justify">Mod: Jeder half mit, wo er konnte, so dass sich Kinderheime, Krankenhäuser und arme Gemeinden ein besseres Leben leisten konnten.</p>
<p style="text-align: justify"><em>O-Ton: Die Leute waren sehr glücklich, besonders die Kinder. Den Kindern haben wir sehr viel Freude gemacht.</em></p>
<p style="text-align: justify">Mod: Und die Leute waren mit dem Einfachsten zufrieden. Das versteht Penka Karow wohl.</p>
<p style="text-align: justify"><em> </em></p>
<p style="text-align: justify"><em>O-Ton: Mit großer Freude und Liebe – das ist alles für mein Land, für die Kinder.</em></p>
<p style="text-align: justify">Mod: Manchmal sind Kleinigkeiten der größte Mangel. Bedauert Penka etwas?</p>
<p style="text-align: justify"><em>O-Ton: Im Leben bedauere ich gar nichts. Ich bin glücklich und ich liebe Ballett.</em></p>
<p style="text-align: justify">Mod: Das lässt sich wohl bemerken. Künstlerin, Abenteurerin und pflichtbewusste Bulgarin, ist Penka Karow einem treu geblieben – immer mit dem Herzen zu denken.</p>
<p style="text-align: justify">
<h2 style="text-align: justify">
<p>Die Autorin</p>
</h2>
<address><em><a href="https://userblogs.fu-berlin.de/migrationen/files/2010/08/daniela_ivanova.jpg"><img loading="lazy" decoding="async" class="alignleft size-full wp-image-795" title="daniela_ivanova" src="https://userblogs.fu-berlin.de/migrationen/files/2010/08/daniela_ivanova.jpg" alt="" width="99" height="175" /></a></em>Daniela Ivanova ist in Bulgarien geboren und aufgewachsen. 2010 absolvierte sie ihr Studium der Gesellschaftswissenschaften an der Wesleyan University, CT. Ab dem Herbst 2010 ist ein weiteres Studium geplant, ein Master an der Oxford University, Bereich Politikwissenschaft. Ihr Leidenschaften  sind Osteuropa, die EU und altes europäisches Kino.</address>

<p>Eine bulgarische Rentnerin unterrichtet klassischen Tanz in Eisenach von Daniela Ivanova Skript zum Audio-Beitrag https://www.youtube.com/watch?v=sydBoAAZhM4 Mod: Willkommen im Ballettworkshop in Lauterbach, Hessen. Und das ist die Leiterin des Workshops, Penka Karow. Bei ihr gibt es keine Kompromisse mit der Sauberkeit der Bewegungen, auch wenn es um Hobbytanzen geht. Für ihre Stunde muss man auch sein &hellip; <a href="https://userblogs.fu-berlin.de/migrationen/?page_id=715" class="more-link"><span class="screen-reader-text">„Ballett ist Vision und Leidenschaft“</span> weiterlesen</a></p>
