{"id":196,"date":"2019-08-14T13:58:13","date_gmt":"2019-08-14T11:58:13","guid":{"rendered":"https:\/\/userblogs.fu-berlin.de\/pharmako-rausch\/?page_id=196"},"modified":"2020-04-23T17:21:26","modified_gmt":"2020-04-23T15:21:26","slug":"triazene","status":"publish","type":"page","link":"https:\/\/userblogs.fu-berlin.de\/pharmako-rausch\/start\/uebersicht\/arzneimittelgruppen\/zytostatika\/triazene\/","title":{"rendered":"Aziridine (Ethylenimin-Derivate)"},"content":{"rendered":"<p>\t<font color=\"#6A0888\"><\/p>\n<details>\n<summary>Allgemeines<\/summary>\n<p>Aziridine, auch Ethylenimine, sind Derivate des Aziridins (trizyklisches, sekund\u00e4res Amin). Sie \u00e4hneln den Stickstofflost-Derivaten in ihrer Struktur, Wirkung etc., werden jedoch weniger genutzt.<\/details>\n<p><\/font><\/p>\n<details>\n<summary>Pr\u00e4paratbeispiele<\/summary>\n<ul>\n<li>Tepadina&reg;<\/li>\n<\/ul>\n<\/details>\n<details>\n<summary>Wirkstoffe<\/summary>\n<ul>\n<li>Thiotepa<\/li>\n<\/ul>\n<\/details>\n<details>\n<summary>Wirkort\/Zielstruktur<\/summary>\n<ul>\n<li>DNA und damit besonders stark proliferierendes Gewebe<br \/>\n(Tumore, Knochenmark, Schleimh\u00e4ute, Haarfollikel&#8230;)<\/li>\n<\/ul>\n<\/details>\n<details>\n<summary>Wirkmechanismus<\/summary>\n<ul>\n<li>Alkylierung der DNA (cross-linking)<br \/>\n        &rarr; Transkription &amp; Replikation werden behindert<br \/>\n        &rarr; Apoptose der Zelle<\/li>\n<\/ul>\n<\/details>\n<details>\n<summary>Indikation<\/summary>\n<ul>\n<li>Lokaltherapie von Harnblasen-Tumoren<\/li>\n<li>Lokaltherapie von malignen Exsudaten<\/li>\n<li>Ovarialkarzinom<\/li>\n<li>Mammakarzinom<\/li>\n<li>chronische Leuk\u00e4mie<\/li>\n<li>Morbus Hodgkin<\/li>\n<li>Hirntumore<\/li>\n<\/ul>\n<\/details>\n<details>\n<summary>Unerw\u00fcnschte Arzneimittelwirkungen<\/summary>\n<ul>\n<li>starke Myelosuppression\n<ul>\n<li>Neutropenie<\/li>\n<li>Thrombozytopenie<\/li>\n<li>An\u00e4mie<\/li>\n<\/ul>\n<\/li>\n<li>\u00dcbelkeit, Erbrechen<\/li>\n<li><strong>Leuk\u00e4mien<\/strong><\/li>\n<\/ul>\n<\/details>\n<details>\n<summary>Kontraindikationen<\/summary>\n<ul>\n<li>eingeschr\u00e4nkt Schwangerschaft<\/li>\n<li>Stillzeit<\/li>\n<li>gleichzeitige Anwendung von Lebendimpfstoffen<br \/>\n        (mind. 3 Monate Abstand)<\/li>\n<\/ul>\n<\/details>\n<details>\n<summary>Wechselwirkungen<\/summary>\n<ul>\n<li>Synergismus mit Topoisomerase-Inhibitoren<\/li>\n<li><strong>CYP3A4<\/strong><a href=\"https:\/\/userblogs.fu-berlin.de\/pharmako-rausch\/start\/uebersicht\/physiologie-pathophysiologie\/enzyme-rezeptoren\/cyp3a4\/\"><\/a>-Substrat<br \/>\nund CYP2B6-Substrat &amp; schwacher -inhibitor<\/li>\n<li>Lebendimpfstoff &rarr; schwere Impfkomplikationen<\/li>\n<\/ul>\n<\/details>\n<details>\n<summary>Pharmakokinetik<\/summary>\n<ul>\n<li>Prodrug,<br \/>\n        <strong><a href=\"https:\/\/userblogs.fu-berlin.de\/pharmako-rausch\/start\/uebersicht\/physiologie-pathophysiologie\/enzyme-rezeptoren\/cyp3a4\/\">CYP3A4<\/a><\/strong><a href=\"https:\/\/userblogs.fu-berlin.de\/pharmako-rausch\/start\/uebersicht\/physiologie-pathophysiologie\/enzyme-rezeptoren\/cyp3a4\/\"><\/a>&#8211; &amp; CYP2B6-Substrat<\/li>\n<\/ul>\n<\/details>\n<details>\n<summary>Applikation<\/summary>\n<ul>\n<li>i.v.<\/li>\n<\/ul>\n<\/details>\n<p><\/p>\n<details>\n<summary><font color=\"#9AC84E\">Take Home Message<\/summary>\n<ul>\n<li>Wirkung usw. \u00e4hnlich den N-Lost-Verbindungen, jedoch wenig genutzt<\/li>\n<li>nur noch Thiotepa in Gebrauch<\/li>\n<li>CYP-Substrat! (u.a. <strong><a href=\"https:\/\/userblogs.fu-berlin.de\/pharmako-rausch\/start\/uebersicht\/physiologie-pathophysiologie\/enzyme-rezeptoren\/cyp3a4\/\">CYP3A4<\/a><\/strong>)<\/li>\n<li>UAW: <strong>Leuk\u00e4mien<\/strong><\/li>\n<p><\/font><\/ul>\n<\/details>\n<p><\/p>\n<hr>\n<p><a href=\"https:\/\/userblogs.fu-berlin.de\/pharmako-rausch\/quellenverzeichnis\/\">verwendete Quellen<\/a>: [1] [3] [13]<br \/>\n<\/p>\n<p><a href=\"https:\/\/userblogs.fu-berlin.de\/pharmako-rausch\/start\/uebersicht\/arzneimittelgruppen\/zytostatika\/\">zur\u00fcck<\/a><\/p>\n","protected":false},"excerpt":{"rendered":"<p>Allgemeines Aziridine, auch Ethylenimine, sind Derivate des Aziridins (trizyklisches, sekund\u00e4res Amin). Sie \u00e4hneln den Stickstofflost-Derivaten in ihrer Struktur, Wirkung etc., werden jedoch weniger genutzt. Pr\u00e4paratbeispiele Tepadina&reg; Wirkstoffe Thiotepa Wirkort\/Zielstruktur DNA und damit besonders stark proliferierendes Gewebe (Tumore, Knochenmark, Schleimh\u00e4ute, Haarfollikel&#8230;) Wirkmechanismus Alkylierung der DNA (cross-linking) &rarr; Transkription &amp; Replikation werden behindert &rarr; Apoptose der Zelle &hellip; <a href=\"https:\/\/userblogs.fu-berlin.de\/pharmako-rausch\/start\/uebersicht\/arzneimittelgruppen\/zytostatika\/triazene\/\" class=\"more-link\"><span class=\"screen-reader-text\">\u201eAziridine (Ethylenimin-Derivate)\u201c<\/span> weiterlesen<\/a><\/p>\n","protected":false},"author":4406,"featured_media":0,"parent":147,"menu_order":0,"comment_status":"closed","ping_status":"closed","template":"","meta":{"footnotes":""},"class_list":["post-196","page","type-page","status-publish","hentry"],"_links":{"self":[{"href":"https:\/\/userblogs.fu-berlin.de\/pharmako-rausch\/wp-json\/wp\/v2\/pages\/196","targetHints":{"allow":["GET"]}}],"collection":[{"href":"https:\/\/userblogs.fu-berlin.de\/pharmako-rausch\/wp-json\/wp\/v2\/pages"}],"about":[{"href":"https:\/\/userblogs.fu-berlin.de\/pharmako-rausch\/wp-json\/wp\/v2\/types\/page"}],"author":[{"embeddable":true,"href":"https:\/\/userblogs.fu-berlin.de\/pharmako-rausch\/wp-json\/wp\/v2\/users\/4406"}],"replies":[{"embeddable":true,"href":"https:\/\/userblogs.fu-berlin.de\/pharmako-rausch\/wp-json\/wp\/v2\/comments?post=196"}],"version-history":[{"count":27,"href":"https:\/\/userblogs.fu-berlin.de\/pharmako-rausch\/wp-json\/wp\/v2\/pages\/196\/revisions"}],"predecessor-version":[{"id":2847,"href":"https:\/\/userblogs.fu-berlin.de\/pharmako-rausch\/wp-json\/wp\/v2\/pages\/196\/revisions\/2847"}],"up":[{"embeddable":true,"href":"https:\/\/userblogs.fu-berlin.de\/pharmako-rausch\/wp-json\/wp\/v2\/pages\/147"}],"wp:attachment":[{"href":"https:\/\/userblogs.fu-berlin.de\/pharmako-rausch\/wp-json\/wp\/v2\/media?parent=196"}],"curies":[{"name":"wp","href":"https:\/\/api.w.org\/{rel}","templated":true}]}}