{"id":2309,"date":"2019-12-31T17:43:21","date_gmt":"2019-12-31T16:43:21","guid":{"rendered":"https:\/\/userblogs.fu-berlin.de\/pharmako-rausch\/?page_id=2309"},"modified":"2020-03-22T17:53:55","modified_gmt":"2020-03-22T16:53:55","slug":"schwangerschaft","status":"publish","type":"page","link":"https:\/\/userblogs.fu-berlin.de\/pharmako-rausch\/start\/uebersicht\/physiologie-pathophysiologie\/schwangerschaft\/","title":{"rendered":"Schwangerschaft"},"content":{"rendered":"<details>\n<summary>Physiologie<\/summary>\n<ul>\n<li>40 Schwangerschaftswochen (SSW), ab ersten Tag der letzten Mestruation gerechnet<\/li>\n<li>ca. 38\u00a0 Entwicklungswochen, ab dem Tag der Befruchtung gerechnet<\/li>\n<li>Unterteilung in drei Trimester (jeweils 3 Kalendermonate)<\/li>\n<li>Einteilung Schwangerschaft in zwei Phasen: <strong>Embryonalphase<\/strong> (bis zur achten Entwicklungswoche) und <strong>Fetalphase<\/strong> (ab der neunten Entwicklungswoche)<\/li>\n<li><strong>\u00a0Embryonalphase:<\/strong>\n<ul>\n<li style=\"list-style-type: none\">\n<ul>\n<li>Beginn mit der Befruchtung der Eizelle<\/li>\n<li>Zellteilungen bis zur Blastozyste, die sich nach etwa einer Woche in den Uterus einnistet (Implantation)<\/li>\n<li>Plazenta beginnt sich zu entwickeln<\/li>\n<li>Schwangerschaftshormon HCG (Humanes Choriongonadotropin) wird gebildet (Detektion Schwangerschaftstest)<\/li>\n<li>Dadurch Erhalt des Gelbk\u00f6rpers, der f\u00fcr weitere Sekretion von Progesteron und Estrogen ist (Uterusschleimhaut wird somit nicht abgesto\u00dfen, so dass Schwangerschaft erhalten bleibt)<\/li>\n<li>Organogenese in der dritten Entwicklungswoche<\/li>\n<li>Bildung Blut, Blutgef\u00e4\u00dfe und Knochen<\/li>\n<\/ul>\n<\/li>\n<\/ul>\n<\/li>\n<li>\u00a0<strong>Fetalphase:<\/strong>\n<ul>\n<li>Differenzierung und Wachstum der angelegten Organe<\/li>\n<li>Organe nehmen nach und nach ihre Funktion auf<\/li>\n<li>Fetus nimmt an Gr\u00f6\u00dfe und Gewicht zu<\/li>\n<li>endg\u00fcltige Proportionen bilden sich<\/li>\n<\/ul>\n<\/li>\n<\/ul>\n<\/li>\n<\/ul>\n<\/details>\n<details>\n<summary>Plazenta<\/summary>\n<ul>\n<li>Verbindung zwischen Embryo und Plazenta bildet die Nabelschnur, in dieser verlaufen die Blutgef\u00e4\u00dfe<\/li>\n<li>f\u00fcr die Entwicklung des Kindes wichtige Bestandteile werden aus dem Blut der Mutter in der Plazenta gefiltert<\/li>\n<li>Plazentaschranke trennt Kreisl\u00e4ufe von Kind und Mutter<\/li>\n<li>versorgt Kind mit Sauerstoff und N\u00e4hrstoffen<\/li>\n<li>Stoffwechselprodukte werden an das Blut der Mutter abgegeben<\/li>\n<li>teilweise durchl\u00e4ssig f\u00fcr Umwelt- und Genussgifte, Viren und Medikamente, die aus dem Blut der Mutter in den Kreislauf des Kindes gelangen k\u00f6nnen<\/li>\n<li>je nach Entwicklungsstufe k\u00f6nnen dadurch schwere Sch\u00e4digungen des Kindes hervorgerufen werden<\/li>\n<li>Hormonbildung, die unter anderem f\u00fcr Aufrechterhaltung der Schwangerschaft wichtig sind<\/li>\n<li>Empfindlichkeit f\u00fcr Sch\u00e4digungen in der Entwicklung\n<ul>\n<li>in den ersten zwei Wochen nach der Befruchtung\u2192 Abort<\/li>\n<li>Woche drei bis acht stark empfindlich\u2192 schwere morphologische Fehlbildungen<\/li>\n<li>ab Woche neun weniger gef\u00e4hrdet\u2192 funktionelle Defekte (vor allem ZNS; Augen, Z\u00e4hne, \u00e4u\u00dfere Genitalien<\/li>\n<\/ul>\n<\/li>\n<\/ul>\n<\/li>\n<\/ul>\n<\/details>\n<hr \/>\n<h4><a href=\"https:\/\/userblogs.fu-berlin.de\/pharmako-rausch\/start\/uebersicht\/physiologie-pathophysiologie\/schwangerschaft\/schwangerschaft-mc-quiz\/\">MC-Quiz<\/a><\/h4>\n<h4><a href=\"https:\/\/userblogs.fu-berlin.de\/pharmako-rausch\/start\/uebersicht\/physiologie-pathophysiologie\/schwangerschaft\/schwangerschaft-karteikarten-quiz\/\">Karteikarten-Quiz<\/a><\/h4>\n<hr \/>\n<p><a href=\"https:\/\/userblogs.fu-berlin.de\/pharmako-rausch\/start\/uebersicht\/physiologie-pathophysiologie\">zur\u00fcck<\/a><\/p>\n","protected":false},"excerpt":{"rendered":"<p>Physiologie 40 Schwangerschaftswochen (SSW), ab ersten Tag der letzten Mestruation gerechnet ca. 38\u00a0 Entwicklungswochen, ab dem Tag der Befruchtung gerechnet Unterteilung in drei Trimester (jeweils 3 Kalendermonate) Einteilung Schwangerschaft in zwei Phasen: Embryonalphase (bis zur achten Entwicklungswoche) und Fetalphase (ab der neunten Entwicklungswoche) \u00a0Embryonalphase: Beginn mit der Befruchtung der Eizelle Zellteilungen bis zur Blastozyste, die &hellip; <a href=\"https:\/\/userblogs.fu-berlin.de\/pharmako-rausch\/start\/uebersicht\/physiologie-pathophysiologie\/schwangerschaft\/\" class=\"more-link\"><span class=\"screen-reader-text\">\u201eSchwangerschaft\u201c<\/span> weiterlesen<\/a><\/p>\n","protected":false},"author":4472,"featured_media":0,"parent":299,"menu_order":0,"comment_status":"closed","ping_status":"closed","template":"","meta":{"footnotes":""},"class_list":["post-2309","page","type-page","status-publish","hentry"],"_links":{"self":[{"href":"https:\/\/userblogs.fu-berlin.de\/pharmako-rausch\/wp-json\/wp\/v2\/pages\/2309","targetHints":{"allow":["GET"]}}],"collection":[{"href":"https:\/\/userblogs.fu-berlin.de\/pharmako-rausch\/wp-json\/wp\/v2\/pages"}],"about":[{"href":"https:\/\/userblogs.fu-berlin.de\/pharmako-rausch\/wp-json\/wp\/v2\/types\/page"}],"author":[{"embeddable":true,"href":"https:\/\/userblogs.fu-berlin.de\/pharmako-rausch\/wp-json\/wp\/v2\/users\/4472"}],"replies":[{"embeddable":true,"href":"https:\/\/userblogs.fu-berlin.de\/pharmako-rausch\/wp-json\/wp\/v2\/comments?post=2309"}],"version-history":[{"count":16,"href":"https:\/\/userblogs.fu-berlin.de\/pharmako-rausch\/wp-json\/wp\/v2\/pages\/2309\/revisions"}],"predecessor-version":[{"id":2725,"href":"https:\/\/userblogs.fu-berlin.de\/pharmako-rausch\/wp-json\/wp\/v2\/pages\/2309\/revisions\/2725"}],"up":[{"embeddable":true,"href":"https:\/\/userblogs.fu-berlin.de\/pharmako-rausch\/wp-json\/wp\/v2\/pages\/299"}],"wp:attachment":[{"href":"https:\/\/userblogs.fu-berlin.de\/pharmako-rausch\/wp-json\/wp\/v2\/media?parent=2309"}],"curies":[{"name":"wp","href":"https:\/\/api.w.org\/{rel}","templated":true}]}}