{"id":2394,"date":"2020-02-05T10:55:28","date_gmt":"2020-02-05T09:55:28","guid":{"rendered":"https:\/\/userblogs.fu-berlin.de\/pharmako-rausch\/?page_id=2394"},"modified":"2020-03-19T19:12:05","modified_gmt":"2020-03-19T18:12:05","slug":"epilepsie-in-der-ss","status":"publish","type":"page","link":"https:\/\/userblogs.fu-berlin.de\/pharmako-rausch\/start\/uebersicht\/arzneimittelgruppen\/arzneimittel-in-der-schwangerschaft\/epilepsie-in-der-ss\/","title":{"rendered":"Epilepsie in der SS"},"content":{"rendered":"<details>\n<summary>Allgemeines<\/summary>\n<p>Antiepileptika wie Valproins\u00e4ure, Carbamazepin, Phenobarbital und Phenytoin sollten in der Schwangerschaft vermieden werden, da sie embryotoxisch wirken (Risiko u.a. von Fehlbildungen, funktionelle Entwicklungsst\u00f6rungen des ZNS. Als besonders gef\u00e4hrdend ist Valproins\u00e4ure einzustufen. Au\u00dferdem ist zu beachten, dass durch Antiepileptika die Wirksamkeit von oralen Kontrazeptiva h\u00e4ufig verringert wird.<\/p>\n<\/details>\n<details>\n<summary>Lamotrigin<\/summary>\n<ul>\n<li style=\"list-style-type: none\">\n<ul>\n<li>Mittel der Wahl, wenn ausreichend wirksam<\/li>\n<li>wenn m\u00f6glich in Monotherapie<\/li>\n<li>alternativ auch Levetiracetam<\/li>\n<\/ul>\n<\/li>\n<\/ul>\n<\/details>\n<p>siehe <a href=\"https:\/\/www.embryotox.de\/erkrankungen\/details\/epilepsie\/\">https:\/\/www.embryotox.de\/erkrankungen\/details\/epilepsie\/<\/a><\/p>\n<p><a href=\"https:\/\/userblogs.fu-berlin.de\/pharmako-rausch\/start\/uebersicht\/arzneimittelgruppen\/arzneimittel-in-der-schwangerschaft\/\">zur\u00fcck<\/a><\/p>\n","protected":false},"excerpt":{"rendered":"<p>Allgemeines Antiepileptika wie Valproins\u00e4ure, Carbamazepin, Phenobarbital und Phenytoin sollten in der Schwangerschaft vermieden werden, da sie embryotoxisch wirken (Risiko u.a. von Fehlbildungen, funktionelle Entwicklungsst\u00f6rungen des ZNS. Als besonders gef\u00e4hrdend ist Valproins\u00e4ure einzustufen. Au\u00dferdem ist zu beachten, dass durch Antiepileptika die Wirksamkeit von oralen Kontrazeptiva h\u00e4ufig verringert wird. Lamotrigin Mittel der Wahl, wenn ausreichend wirksam wenn &hellip; <a href=\"https:\/\/userblogs.fu-berlin.de\/pharmako-rausch\/start\/uebersicht\/arzneimittelgruppen\/arzneimittel-in-der-schwangerschaft\/epilepsie-in-der-ss\/\" class=\"more-link\"><span class=\"screen-reader-text\">\u201eEpilepsie in der SS\u201c<\/span> weiterlesen<\/a><\/p>\n","protected":false},"author":4472,"featured_media":0,"parent":2244,"menu_order":0,"comment_status":"closed","ping_status":"closed","template":"","meta":{"footnotes":""},"class_list":["post-2394","page","type-page","status-publish","hentry"],"_links":{"self":[{"href":"https:\/\/userblogs.fu-berlin.de\/pharmako-rausch\/wp-json\/wp\/v2\/pages\/2394","targetHints":{"allow":["GET"]}}],"collection":[{"href":"https:\/\/userblogs.fu-berlin.de\/pharmako-rausch\/wp-json\/wp\/v2\/pages"}],"about":[{"href":"https:\/\/userblogs.fu-berlin.de\/pharmako-rausch\/wp-json\/wp\/v2\/types\/page"}],"author":[{"embeddable":true,"href":"https:\/\/userblogs.fu-berlin.de\/pharmako-rausch\/wp-json\/wp\/v2\/users\/4472"}],"replies":[{"embeddable":true,"href":"https:\/\/userblogs.fu-berlin.de\/pharmako-rausch\/wp-json\/wp\/v2\/comments?post=2394"}],"version-history":[{"count":7,"href":"https:\/\/userblogs.fu-berlin.de\/pharmako-rausch\/wp-json\/wp\/v2\/pages\/2394\/revisions"}],"predecessor-version":[{"id":2669,"href":"https:\/\/userblogs.fu-berlin.de\/pharmako-rausch\/wp-json\/wp\/v2\/pages\/2394\/revisions\/2669"}],"up":[{"embeddable":true,"href":"https:\/\/userblogs.fu-berlin.de\/pharmako-rausch\/wp-json\/wp\/v2\/pages\/2244"}],"wp:attachment":[{"href":"https:\/\/userblogs.fu-berlin.de\/pharmako-rausch\/wp-json\/wp\/v2\/media?parent=2394"}],"curies":[{"name":"wp","href":"https:\/\/api.w.org\/{rel}","templated":true}]}}