{"id":2500,"date":"2020-03-03T13:16:30","date_gmt":"2020-03-03T12:16:30","guid":{"rendered":"https:\/\/userblogs.fu-berlin.de\/pharmako-rausch\/?page_id=2500"},"modified":"2020-03-05T12:46:57","modified_gmt":"2020-03-05T11:46:57","slug":"nicht-depolarisierende-muskelrelaxantien","status":"publish","type":"page","link":"https:\/\/userblogs.fu-berlin.de\/pharmako-rausch\/start\/uebersicht\/arzneimittelgruppen\/muskelrelaxantien\/nicht-depolarisierende-muskelrelaxantien\/","title":{"rendered":"Nicht-depolarisierende Muskelrelaxantien"},"content":{"rendered":"<details>\n<summary>Allgemeines<\/summary>\n<p>Diese Muskelrelaxantien wirken als kompetetive Antagonisten am nicotinergen Rezeptor. Durch die Substanzen erschlaffen zun\u00e4chst die Muskeln der Augen, der Zunge und Finger, anschlie\u00dfend die Muskeln der Extremit\u00e4ten und dann erst die Atemmuskulatur. Als Antidot k\u00f6nnen Cholinesteraseblocker eingesetzt werden.<\/p>\n<\/details>\n<details>\n<summary>Pr\u00e4paratbeispiele<br \/>\n<\/summary>\n<ul>\n<li>Alloferin\u00ae<\/li>\n<li>Norcuron\u00ae<\/li>\n<li>Esmeron\u00ae<\/li>\n<\/ul>\n<\/details>\n<details>\n<summary>Wirkstoffe<br \/>\n<\/summary>\n<ul>\n<li>Alcuroniumchlorid<\/li>\n<li>Vecuroniumbromid<\/li>\n<li>Rocuroniumbromid<\/li>\n<li>Tubocurarinchlorid<\/li>\n<li>Pancuroniumbromid<\/li>\n<li>Atracuriumbesilat<\/li>\n<li>Cisatracuriumbesilat<\/li>\n<li>Mivacuriumchlorid<\/li>\n<\/ul>\n<\/details>\n<details>\n<summary>Wirkort\/Zielstruktur<\/summary>\n<p>Acetylcholinrezeptoren der postsynaptischen muskul\u00e4ren Membran<\/p>\n<\/details>\n<details>\n<summary>Wirkmechanismus<\/summary>\n<p>Substanzen binden durch Affinit\u00e4t an Acetylcholinrezeptoren der postsynaptischen Endplattenmembran<br \/>\n\u2192 kompetitive Hemmung von Acetylcholin<br \/>\n\u2192 da Substanzen keine Wirkung auf die Rezeptoren besitzen, keine \u00d6ffnung des Na<sup>+<\/sup>\/K<sup>+<\/sup>-Kanals<br \/>\n\u2192 kein Einstrom von Natriumionen in die Muskelzelle<br \/>\n\u2192 keine Depolarisation und entsprechend keine Muskelkontraktion<\/p>\n<\/details>\n<details>\n<summary>Indikation<\/summary>\n<ul>\n<li>Erschlaffung der quergestreiften Muskulatur vor operativen Eingriffen<\/li>\n<li>Intubation<\/li>\n<li>Infektionskrankheiten mit Krampfanf\u00e4llen wie Tollwut und Tetanus<\/li>\n<\/ul>\n<\/details>\n<details>\n<summary>Unerw\u00fcnschte Arzneimittelwirkungen<\/summary>\n<ul>\n<li>teilweise Histaminfreisetzung (vor allem Tubocurarinchlorid)<\/li>\n<li>Herzrhythmusst\u00f6rungen<\/li>\n<li>Bronchospasmus<\/li>\n<\/ul>\n<\/details>\n<details>\n<summary>Kontraindikationen<\/summary>\n<ul>\n<li>Muskelschw\u00e4che<\/li>\n<li>Kachexie<\/li>\n<li>Niereninsuffizienz<\/li>\n<li>Leberparenchymsch\u00e4den<\/li>\n<\/ul>\n<\/details>\n<p><a href=\"https:\/\/userblogs.fu-berlin.de\/pharmako-rausch\/start\/uebersicht\/arzneimittelgruppen\/muskelrelaxantien\/\">zur\u00fcck<\/a><\/p>\n","protected":false},"excerpt":{"rendered":"<p>Allgemeines Diese Muskelrelaxantien wirken als kompetetive Antagonisten am nicotinergen Rezeptor. Durch die Substanzen erschlaffen zun\u00e4chst die Muskeln der Augen, der Zunge und Finger, anschlie\u00dfend die Muskeln der Extremit\u00e4ten und dann erst die Atemmuskulatur. Als Antidot k\u00f6nnen Cholinesteraseblocker eingesetzt werden. Pr\u00e4paratbeispiele Alloferin\u00ae Norcuron\u00ae Esmeron\u00ae Wirkstoffe Alcuroniumchlorid Vecuroniumbromid Rocuroniumbromid Tubocurarinchlorid Pancuroniumbromid Atracuriumbesilat Cisatracuriumbesilat Mivacuriumchlorid Wirkort\/Zielstruktur Acetylcholinrezeptoren der &hellip; <a href=\"https:\/\/userblogs.fu-berlin.de\/pharmako-rausch\/start\/uebersicht\/arzneimittelgruppen\/muskelrelaxantien\/nicht-depolarisierende-muskelrelaxantien\/\" class=\"more-link\"><span class=\"screen-reader-text\">\u201eNicht-depolarisierende Muskelrelaxantien\u201c<\/span> weiterlesen<\/a><\/p>\n","protected":false},"author":4472,"featured_media":0,"parent":2491,"menu_order":0,"comment_status":"closed","ping_status":"closed","template":"","meta":{"footnotes":""},"class_list":["post-2500","page","type-page","status-publish","hentry"],"_links":{"self":[{"href":"https:\/\/userblogs.fu-berlin.de\/pharmako-rausch\/wp-json\/wp\/v2\/pages\/2500","targetHints":{"allow":["GET"]}}],"collection":[{"href":"https:\/\/userblogs.fu-berlin.de\/pharmako-rausch\/wp-json\/wp\/v2\/pages"}],"about":[{"href":"https:\/\/userblogs.fu-berlin.de\/pharmako-rausch\/wp-json\/wp\/v2\/types\/page"}],"author":[{"embeddable":true,"href":"https:\/\/userblogs.fu-berlin.de\/pharmako-rausch\/wp-json\/wp\/v2\/users\/4472"}],"replies":[{"embeddable":true,"href":"https:\/\/userblogs.fu-berlin.de\/pharmako-rausch\/wp-json\/wp\/v2\/comments?post=2500"}],"version-history":[{"count":12,"href":"https:\/\/userblogs.fu-berlin.de\/pharmako-rausch\/wp-json\/wp\/v2\/pages\/2500\/revisions"}],"predecessor-version":[{"id":2564,"href":"https:\/\/userblogs.fu-berlin.de\/pharmako-rausch\/wp-json\/wp\/v2\/pages\/2500\/revisions\/2564"}],"up":[{"embeddable":true,"href":"https:\/\/userblogs.fu-berlin.de\/pharmako-rausch\/wp-json\/wp\/v2\/pages\/2491"}],"wp:attachment":[{"href":"https:\/\/userblogs.fu-berlin.de\/pharmako-rausch\/wp-json\/wp\/v2\/media?parent=2500"}],"curies":[{"name":"wp","href":"https:\/\/api.w.org\/{rel}","templated":true}]}}