{"id":2524,"date":"2020-03-04T12:50:35","date_gmt":"2020-03-04T11:50:35","guid":{"rendered":"https:\/\/userblogs.fu-berlin.de\/pharmako-rausch\/?page_id=2524"},"modified":"2020-03-05T12:49:46","modified_gmt":"2020-03-05T11:49:46","slug":"clostridium-botulinum-toxin","status":"publish","type":"page","link":"https:\/\/userblogs.fu-berlin.de\/pharmako-rausch\/start\/uebersicht\/arzneimittelgruppen\/muskelrelaxantien\/clostridium-botulinum-toxin\/","title":{"rendered":"Clostridium-botulinum-Toxin"},"content":{"rendered":"<details>\n<summary>Allgemeines<\/summary>\n<p>Es handelt sich um Neurotoxine, die von der Bakterienspezies Clostridium botulinum gebildet und ausgeschieden werden. Es wird lokal (meist intramuskul\u00e4r) appliziert und neben den therapeutischen Indikationen als Anti-Aging-Mittel eingesetzt. Die Wirkung beruht auf einer irreversiblen Hemmung der neuromuskul\u00e4ren \u00dcbertragung. Erst durch Neubildung der Nervenendigungen k\u00f6nnen Impulse wieder weitergeleitet werden. Das Toxin darf nicht in die Blutbahn gelangen, es kommt zur lebensgef\u00e4hrlichen Vergiftung (Botulismus).<\/p>\n<\/details>\n<details>\n<summary>Pr\u00e4paratbeispiele<br \/>\n<\/summary>\n<ul>\n<li>Botox\u00ae<\/li>\n<li>Dysport\u00ae<\/li>\n<li>Xeomin\u00ae<\/li>\n<\/ul>\n<\/details>\n<details>\n<summary>Wirkstoffe<br \/>\n<\/summary>\n<ul>\n<li>Clostridium-botulinum-Toxin<\/li>\n<\/ul>\n<\/details>\n<details>\n<summary>Wirkort\/Zielstruktur<\/summary>\n<p>Pr\u00e4synaptische Membran der Muskelzelle<\/p>\n<\/details>\n<details>\n<summary>Wirkmechanismus<\/summary>\n<p>Das Toxin spaltet das Protein Synaptobrevin. Synaptobrevin ist an der Ca<sup>2+<\/sup>-abh\u00e4ngigen Freisetzung von Acetylcholin beteiligt<br \/>\n\u2192 Acetylcholin wird nicht in den synaptischen Spalt freigesetzt<br \/>\n\u2192 keine \u00d6ffnung der Acetylcholinrezeptoren an der postsynaptischen Endplattenmembran<br \/>\n\u2192 keine Muskelkontraktion<\/p>\n<\/details>\n<details>\n<summary>Indikation<\/summary>\n<ul>\n<li>Dystonien (Bewegungsst\u00f6rungen)<\/li>\n<li>Spastiken der quergestreiften Muskulatur<\/li>\n<li>Blasenfunktionsst\u00f6rungen<\/li>\n<li>chronische Migr\u00e4ne<\/li>\n<\/ul>\n<\/details>\n<details>\n<summary>Unerw\u00fcnschte Arzneimittelwirkungen<\/summary>\n<ul>\n<li>Schwellungen<\/li>\n<li>H\u00e4matome<\/li>\n<li>doppeltes Sehen<\/li>\n<li>Blepharoptosis (Herunterh\u00e4ngen der oberen Augenlider)<\/li>\n<\/ul>\n<\/details>\n<p><a href=\"https:\/\/userblogs.fu-berlin.de\/pharmako-rausch\/start\/uebersicht\/arzneimittelgruppen\/muskelrelaxantien\/\">zur\u00fcck<\/a><\/p>\n","protected":false},"excerpt":{"rendered":"<p>Allgemeines Es handelt sich um Neurotoxine, die von der Bakterienspezies Clostridium botulinum gebildet und ausgeschieden werden. Es wird lokal (meist intramuskul\u00e4r) appliziert und neben den therapeutischen Indikationen als Anti-Aging-Mittel eingesetzt. Die Wirkung beruht auf einer irreversiblen Hemmung der neuromuskul\u00e4ren \u00dcbertragung. Erst durch Neubildung der Nervenendigungen k\u00f6nnen Impulse wieder weitergeleitet werden. Das Toxin darf nicht in &hellip; <a href=\"https:\/\/userblogs.fu-berlin.de\/pharmako-rausch\/start\/uebersicht\/arzneimittelgruppen\/muskelrelaxantien\/clostridium-botulinum-toxin\/\" class=\"more-link\"><span class=\"screen-reader-text\">\u201eClostridium-botulinum-Toxin\u201c<\/span> weiterlesen<\/a><\/p>\n","protected":false},"author":4472,"featured_media":0,"parent":2491,"menu_order":0,"comment_status":"closed","ping_status":"closed","template":"","meta":{"footnotes":""},"class_list":["post-2524","page","type-page","status-publish","hentry"],"_links":{"self":[{"href":"https:\/\/userblogs.fu-berlin.de\/pharmako-rausch\/wp-json\/wp\/v2\/pages\/2524","targetHints":{"allow":["GET"]}}],"collection":[{"href":"https:\/\/userblogs.fu-berlin.de\/pharmako-rausch\/wp-json\/wp\/v2\/pages"}],"about":[{"href":"https:\/\/userblogs.fu-berlin.de\/pharmako-rausch\/wp-json\/wp\/v2\/types\/page"}],"author":[{"embeddable":true,"href":"https:\/\/userblogs.fu-berlin.de\/pharmako-rausch\/wp-json\/wp\/v2\/users\/4472"}],"replies":[{"embeddable":true,"href":"https:\/\/userblogs.fu-berlin.de\/pharmako-rausch\/wp-json\/wp\/v2\/comments?post=2524"}],"version-history":[{"count":4,"href":"https:\/\/userblogs.fu-berlin.de\/pharmako-rausch\/wp-json\/wp\/v2\/pages\/2524\/revisions"}],"predecessor-version":[{"id":2568,"href":"https:\/\/userblogs.fu-berlin.de\/pharmako-rausch\/wp-json\/wp\/v2\/pages\/2524\/revisions\/2568"}],"up":[{"embeddable":true,"href":"https:\/\/userblogs.fu-berlin.de\/pharmako-rausch\/wp-json\/wp\/v2\/pages\/2491"}],"wp:attachment":[{"href":"https:\/\/userblogs.fu-berlin.de\/pharmako-rausch\/wp-json\/wp\/v2\/media?parent=2524"}],"curies":[{"name":"wp","href":"https:\/\/api.w.org\/{rel}","templated":true}]}}