{"id":2637,"date":"2020-03-18T18:02:32","date_gmt":"2020-03-18T17:02:32","guid":{"rendered":"https:\/\/userblogs.fu-berlin.de\/pharmako-rausch\/?page_id=2637"},"modified":"2020-03-18T18:02:32","modified_gmt":"2020-03-18T17:02:32","slug":"wirkung-auf-das-system-von-glutamat","status":"publish","type":"page","link":"https:\/\/userblogs.fu-berlin.de\/pharmako-rausch\/start\/uebersicht\/arzneimittelgruppen\/antikonvulsiva\/wirkung-auf-das-system-von-glutamat\/","title":{"rendered":"Wirkung auf das System von Glutamat"},"content":{"rendered":"<details>\n<summary>Allgemeines<\/summary>\n<p>Diese Gruppe der Antiepileptika blockiert den Glutamatrezeptor und verhindert so die Wirkung von Glutamat. Bei der Therapie mit Felbamat kann es zu lebensbedrohlichen Nebenwirkungen kommen. Daher wird Felbamat haupts\u00e4chlich bei dem Lennox-Gastaut-Syndrom verschrieben, wenn keine andere Therapiem\u00f6glichkeit besteht.<\/p>\n<\/details>\n<details>\n<summary>Pr\u00e4paratbeispiele<\/summary>\n<ul>\n<li>Taloxa\u00ae<\/li>\n<li>Topamax\u00ae<\/li>\n<\/ul>\n<\/details>\n<details>\n<summary>Wirkstoffe<\/summary>\n<ul>\n<li>Felbamat<\/li>\n<li>Topiramat<\/li>\n<\/ul>\n<\/details>\n<details>\n<summary>Wirkort\/Zielstruktur<\/summary>\n<p>Glutamatrezeptoren: NMDA-Rezeptoren (Felbamat) und AMPA-Rezeptoren (Topiramat) in der Zellmembran<\/p>\n<\/details>\n<details>\n<summary>Wirkmechanismus<\/summary>\n<p>Felbamat bindet am NMDA-Rezeptor, Topiramat am AMDA-Rezeptor. Glutamat als erregender Neurotransmitter kann entsprechend nicht an den Rezeptoren binden.<br \/>\n\u2192 keine \u00d6ffnung der Ionenkan\u00e4le<br \/>\n\u2192 verminderte Erregbarkeit der Zelle.<br \/>\nWeiterhin erh\u00f6ht Topiramat die Aktivit\u00e4t der GABA<sub>A<\/sub>-Rezeptoren.<\/p>\n<\/details>\n<details>\n<summary>Indikation<\/summary>\n<ul>\n<li>Lennox-Gastaut-Syndrom<\/li>\n<li>generalisierte und fokale Anf\u00e4lle<\/li>\n<\/ul>\n<\/details>\n<details>\n<summary>Unerw\u00fcnschte Arzneimittelwirkungen<\/summary>\n<ul>\n<li>M\u00fcdigkeit<\/li>\n<li>Benommenheit<\/li>\n<li>\u00dcbelkeit und Erbrechen<\/li>\n<li>Kopfschmerzen<\/li>\n<li>Felbamat: aplastische An\u00e4mie (lebensbedrohlich)<\/li>\n<li>Felbamat: Hepatotoxizit\u00e4t (lebensbedrohlich)<\/li>\n<li>Topiramat: Gewichtsabnahme<\/li>\n<\/ul>\n<\/details>\n<details>\n<summary>Kontraindikationen<\/summary>\n<ul>\n<li>Nierenfunktionsst\u00f6rungen<\/li>\n<li>Leberfunktionsst\u00f6rungen<\/li>\n<li>Bluterkrankungen<\/li>\n<li>Patienten unter vier und \u00fcber 65 Jahren<\/li>\n<\/ul>\n<\/details>\n<details>\n<summary>Interaktionen<\/summary>\n<ul>\n<li>andere Antiepileptika<\/li>\n<\/ul>\n<\/details>\n<p><a href=\"https:\/\/userblogs.fu-berlin.de\/pharmako-rausch\/start\/uebersicht\/arzneimittelgruppen\/antikonvulsiva\/\">zur\u00fcck<\/a><\/p>\n","protected":false},"excerpt":{"rendered":"<p>Allgemeines Diese Gruppe der Antiepileptika blockiert den Glutamatrezeptor und verhindert so die Wirkung von Glutamat. Bei der Therapie mit Felbamat kann es zu lebensbedrohlichen Nebenwirkungen kommen. Daher wird Felbamat haupts\u00e4chlich bei dem Lennox-Gastaut-Syndrom verschrieben, wenn keine andere Therapiem\u00f6glichkeit besteht. Pr\u00e4paratbeispiele Taloxa\u00ae Topamax\u00ae Wirkstoffe Felbamat Topiramat Wirkort\/Zielstruktur Glutamatrezeptoren: NMDA-Rezeptoren (Felbamat) und AMPA-Rezeptoren (Topiramat) in der Zellmembran &hellip; <a href=\"https:\/\/userblogs.fu-berlin.de\/pharmako-rausch\/start\/uebersicht\/arzneimittelgruppen\/antikonvulsiva\/wirkung-auf-das-system-von-glutamat\/\" class=\"more-link\"><span class=\"screen-reader-text\">\u201eWirkung auf das System von Glutamat\u201c<\/span> weiterlesen<\/a><\/p>\n","protected":false},"author":4472,"featured_media":0,"parent":2487,"menu_order":0,"comment_status":"closed","ping_status":"closed","template":"","meta":{"footnotes":""},"class_list":["post-2637","page","type-page","status-publish","hentry"],"_links":{"self":[{"href":"https:\/\/userblogs.fu-berlin.de\/pharmako-rausch\/wp-json\/wp\/v2\/pages\/2637","targetHints":{"allow":["GET"]}}],"collection":[{"href":"https:\/\/userblogs.fu-berlin.de\/pharmako-rausch\/wp-json\/wp\/v2\/pages"}],"about":[{"href":"https:\/\/userblogs.fu-berlin.de\/pharmako-rausch\/wp-json\/wp\/v2\/types\/page"}],"author":[{"embeddable":true,"href":"https:\/\/userblogs.fu-berlin.de\/pharmako-rausch\/wp-json\/wp\/v2\/users\/4472"}],"replies":[{"embeddable":true,"href":"https:\/\/userblogs.fu-berlin.de\/pharmako-rausch\/wp-json\/wp\/v2\/comments?post=2637"}],"version-history":[{"count":3,"href":"https:\/\/userblogs.fu-berlin.de\/pharmako-rausch\/wp-json\/wp\/v2\/pages\/2637\/revisions"}],"predecessor-version":[{"id":2640,"href":"https:\/\/userblogs.fu-berlin.de\/pharmako-rausch\/wp-json\/wp\/v2\/pages\/2637\/revisions\/2640"}],"up":[{"embeddable":true,"href":"https:\/\/userblogs.fu-berlin.de\/pharmako-rausch\/wp-json\/wp\/v2\/pages\/2487"}],"wp:attachment":[{"href":"https:\/\/userblogs.fu-berlin.de\/pharmako-rausch\/wp-json\/wp\/v2\/media?parent=2637"}],"curies":[{"name":"wp","href":"https:\/\/api.w.org\/{rel}","templated":true}]}}