{"id":109,"date":"2022-01-27T18:08:29","date_gmt":"2022-01-27T17:08:29","guid":{"rendered":"https:\/\/userblogs.fu-berlin.de\/spgspsop\/?page_id=109"},"modified":"2022-07-04T09:17:00","modified_gmt":"2022-07-04T07:17:00","slug":"einreichung","status":"publish","type":"page","link":"https:\/\/userblogs.fu-berlin.de\/spgspsop\/einreichung\/","title":{"rendered":"Einreichung"},"content":{"rendered":"\n<div class=\"wp-block-media-text alignwide is-stacked-on-mobile\" style=\"grid-template-columns:15% auto\"><figure class=\"wp-block-media-text__media\"><img loading=\"lazy\" decoding=\"async\" width=\"96\" height=\"96\" src=\"https:\/\/userblogs.fu-berlin.de\/spgspsop\/files\/2022\/07\/Picture-1-1.jpg\" alt=\"\" class=\"wp-image-738 size-full\" \/><\/figure><div class=\"wp-block-media-text__content\">\n<p class=\"has-large-font-size\"><strong>Abgabe<\/strong><\/p>\n\n\n\n<p>Reiche deine Abschlussarbeit sp\u00e4testens am im Zulassungsbescheid genannten Abgabetermin im zust\u00e4ndigen Pr\u00fcfungsb\u00fcro ein. Du kannst die Bachelorarbeit auch jederzeit fr\u00fcher abgeben.<\/p>\n\n\n\n<p>Die Abgabe kann abweichend von der Studien- und Pr\u00fcfungsordnung online im PDF-Format erfolgen (bevorzugte Abgabeform). M\u00f6chtest du die Arbeit in gedruckter Form einreichen, muss dies in doppelter, gedruckter Ausfertigung (f\u00fcr Erst-und Zweitgutachter) erfolgen und zus\u00e4tzlich mit einer CD\/DVD f\u00fcr die Pr\u00fcfungsakte. Spreche dies aber vorher mit deiner Betreuung ab.<\/p>\n<\/div><\/div>\n\n\n\n<p class=\"has-white-color has-text-color\">.<\/p>\n\n\n\n<div class=\"wp-block-media-text alignwide is-stacked-on-mobile\" style=\"grid-template-columns:15% auto\"><figure class=\"wp-block-media-text__media\"><img loading=\"lazy\" decoding=\"async\" width=\"96\" height=\"96\" src=\"https:\/\/userblogs.fu-berlin.de\/spgspsop\/files\/2022\/07\/Picture-2.jpg\" alt=\"\" class=\"wp-image-736 size-full\" \/><\/figure><div class=\"wp-block-media-text__content\">\n<p class=\"has-large-font-size\"><strong>Studienabschluss<\/strong><\/p>\n\n\n\n<p>Den <a rel=\"noreferrer noopener\" href=\"https:\/\/www.ewi-psy.fu-berlin.de\/einrichtungen\/serviceeinrichtungen\/pruefungsbuero\/bachelor_sop\/media_bachelor_sop\/Antrag_auf_Studienabschluss_BA_Sonderpaedagogik.pdf\" target=\"_blank\">Antrag auf Studienabschluss<\/a> reichst du bitte im Pr\u00fcfungsb\u00fcro Bachelor Sonderp\u00e4dagogik (Christian M\u00fcller, KL 24 \/ 221j) oder per Post ein.<\/p>\n<\/div><\/div>\n\n\n\n<p class=\"has-white-color has-text-color\">.<\/p>\n\n\n\n<div class=\"wp-block-media-text alignwide is-stacked-on-mobile\" style=\"grid-template-columns:15% auto\"><figure class=\"wp-block-media-text__media\"><img loading=\"lazy\" decoding=\"async\" width=\"96\" height=\"96\" src=\"https:\/\/userblogs.fu-berlin.de\/spgspsop\/files\/2022\/07\/Picture-1.jpg\" alt=\"\" class=\"wp-image-735 size-full\" \/><\/figure><div class=\"wp-block-media-text__content\">\n<p class=\"has-large-font-size\"><strong>\u00dcbergang zum Master<\/strong><\/p>\n\n\n\n<p>Um dich f\u00fcr den anschlie\u00dfenden Masterstudiengang bewerben zu k\u00f6nnen, gibt es 2 Voraussetzungen:<\/p>\n\n\n\n<ul class=\"wp-block-list\"><li>Du musst  min. die 2\/3 Bescheinigung oder das Zeugnis vorliegen haben.<\/li><li>Du musst deine Bachelorarbeit beim Pr\u00fcfungsb\u00fcro angemeldet haben. <\/li><\/ul>\n\n\n\n<p>Weitere Informationen findest du <a href=\"https:\/\/www.fu-berlin.de\/sites\/dse\/studium\/uebergang-bachelor-master\/index.html\" data-type=\"URL\" data-id=\"https:\/\/www.fu-berlin.de\/sites\/dse\/studium\/uebergang-bachelor-master\/index.html\" target=\"_blank\" rel=\"noreferrer noopener\">hier<\/a>.<\/p>\n<\/div><\/div>\n","protected":false},"excerpt":{"rendered":"<p>Abgabe Reiche deine Abschlussarbeit sp\u00e4testens am im Zulassungsbescheid genannten Abgabetermin im zust\u00e4ndigen Pr\u00fcfungsb\u00fcro ein. Du kannst die Bachelorarbeit auch jederzeit fr\u00fcher abgeben. Die Abgabe kann abweichend von der Studien- und Pr\u00fcfungsordnung online im PDF-Format erfolgen (bevorzugte Abgabeform). M\u00f6chtest du die Arbeit in gedruckter Form einreichen, muss dies in doppelter, gedruckter Ausfertigung (f\u00fcr Erst-und Zweitgutachter) erfolgen &hellip; <a href=\"https:\/\/userblogs.fu-berlin.de\/spgspsop\/einreichung\/\" class=\"more-link\">Continue reading<span class=\"screen-reader-text\"> &#8220;Einreichung&#8221;<\/span><\/a><\/p>\n","protected":false},"author":6455,"featured_media":0,"parent":0,"menu_order":0,"comment_status":"closed","ping_status":"closed","template":"","meta":{"footnotes":""},"class_list":["post-109","page","type-page","status-publish","hentry"],"_links":{"self":[{"href":"https:\/\/userblogs.fu-berlin.de\/spgspsop\/wp-json\/wp\/v2\/pages\/109","targetHints":{"allow":["GET"]}}],"collection":[{"href":"https:\/\/userblogs.fu-berlin.de\/spgspsop\/wp-json\/wp\/v2\/pages"}],"about":[{"href":"https:\/\/userblogs.fu-berlin.de\/spgspsop\/wp-json\/wp\/v2\/types\/page"}],"author":[{"embeddable":true,"href":"https:\/\/userblogs.fu-berlin.de\/spgspsop\/wp-json\/wp\/v2\/users\/6455"}],"replies":[{"embeddable":true,"href":"https:\/\/userblogs.fu-berlin.de\/spgspsop\/wp-json\/wp\/v2\/comments?post=109"}],"version-history":[{"count":6,"href":"https:\/\/userblogs.fu-berlin.de\/spgspsop\/wp-json\/wp\/v2\/pages\/109\/revisions"}],"predecessor-version":[{"id":737,"href":"https:\/\/userblogs.fu-berlin.de\/spgspsop\/wp-json\/wp\/v2\/pages\/109\/revisions\/737"}],"wp:attachment":[{"href":"https:\/\/userblogs.fu-berlin.de\/spgspsop\/wp-json\/wp\/v2\/media?parent=109"}],"curies":[{"name":"wp","href":"https:\/\/api.w.org\/{rel}","templated":true}]}}