{"id":623,"date":"2021-01-10T11:29:21","date_gmt":"2021-01-10T10:29:21","guid":{"rendered":"https:\/\/userblogs.fu-berlin.de\/vk-testblog-puzzles\/?page_id=623"},"modified":"2025-03-19T13:29:50","modified_gmt":"2025-03-19T12:29:50","slug":"team","status":"publish","type":"page","link":"https:\/\/userblogs.fu-berlin.de\/vk-puzzles\/team\/","title":{"rendered":"Team"},"content":{"rendered":"\n<p><strong>Dr. Vivian Kral<\/strong><\/p>\n\n\n\n<p>Initiatorin von Puzzles. Aus ihrer Idee, im Pr\u00e4senzunterricht in Kleingruppen selbstgebastelte Aufgaben auf den Tischen zu puzzeln, um den Lernstoff zu vertiefen und den Lernerfolg spielerisch zu \u00fcberpr\u00fcfen, wurde vor ein paar Jahren der Puzzles-Blog. Durch Nutzung der Software H5P  konnten endlich die Aufgaben auch digitalisiert den Studierenden zur Verf\u00fcgung gestellt werden, und zwar zeit- und ortsunabh\u00e4ngig. <\/p>\n\n\n\n<p>Kontakt: <a href=\"mailto:vivian.kral@fu-berlin.de\" target=\"_blank\" rel=\"noreferrer noopener\">vivian.kral@fu-berlin.de<\/a><\/p>\n\n\n\n<p><strong>Dr. Christian Zoschke<\/strong><\/p>\n\n\n\n<p>Christian entwickelt gemeinsam mit Vivian Puzzles weiter, indem er das Gesamtkonzept und einzelne Fragen f\u00fcr ein optimales Usererlebnis \u00fcberarbeitet. Ihm ist neben der Vielfalt und inhaltlichen Tiefe der Aufgaben vor allem das Ergebnis wichtig: Puzzles ist eine tolle M\u00f6glichkeit, das eigene Pharmakologieverst\u00e4ndnis auf (fast) allen digitalen Endger\u00e4ten zu \u00fcberpr\u00fcfen &#8211; nur f\u00fcr den eigenen Fortschritt und ohne Pr\u00fcfungsstress. Deshalb ist Puzzles f\u00fcr Christian eine weitere Gelegenheit, seine Begeisterung f\u00fcr Pharmakologie mit den Entwickler*innen und User*innen von Puzzles zu teilen.<\/p>\n\n\n\n<p>Weitere Informationen:&nbsp;<a href=\"http:\/\/www.bcp.fu-berlin.de\\zoschke\" target=\"_blank\" rel=\"noreferrer noopener\">www.bcp.fu-berlin.de\\zoschke<\/a><\/p>\n\n\n\n<p><strong>Prof. Dr. Burkhard Kleuser <\/strong><\/p>\n\n\n\n<p><\/p>\n\n\n\n<p><strong>Student*innen mit Hang zu \u00dcberstunden<\/strong><\/p>\n\n\n\n<p>Puzzles ist nur Dank des enormen Einsatzes von Student*innen m\u00f6glich, die viele Aufgaben f\u00fcr Puzzles mitentwickelt und umgesetzt haben.<\/p>\n\n\n\n<p>Und nicht zu vergessen das stets sehr hilfsbereite <strong>Team vom CeDiS<\/strong>. Herzlichen Dank!<\/p>\n","protected":false},"excerpt":{"rendered":"<p>Dr. Vivian Kral Initiatorin von Puzzles. Aus ihrer Idee, im Pr\u00e4senzunterricht in Kleingruppen selbstgebastelte Aufgaben auf den Tischen zu puzzeln, um den Lernstoff zu vertiefen und den Lernerfolg spielerisch zu \u00fcberpr\u00fcfen, wurde vor ein paar Jahren der Puzzles-Blog. Durch Nutzung der Software H5P konnten endlich die Aufgaben auch digitalisiert den Studierenden zur Verf\u00fcgung gestellt werden, [&hellip;]<\/p>\n","protected":false},"author":663,"featured_media":0,"parent":0,"menu_order":5,"comment_status":"closed","ping_status":"closed","template":"","meta":{"footnotes":""},"class_list":["post-623","page","type-page","status-publish","hentry"],"_links":{"self":[{"href":"https:\/\/userblogs.fu-berlin.de\/vk-puzzles\/wp-json\/wp\/v2\/pages\/623","targetHints":{"allow":["GET"]}}],"collection":[{"href":"https:\/\/userblogs.fu-berlin.de\/vk-puzzles\/wp-json\/wp\/v2\/pages"}],"about":[{"href":"https:\/\/userblogs.fu-berlin.de\/vk-puzzles\/wp-json\/wp\/v2\/types\/page"}],"author":[{"embeddable":true,"href":"https:\/\/userblogs.fu-berlin.de\/vk-puzzles\/wp-json\/wp\/v2\/users\/663"}],"replies":[{"embeddable":true,"href":"https:\/\/userblogs.fu-berlin.de\/vk-puzzles\/wp-json\/wp\/v2\/comments?post=623"}],"version-history":[{"count":10,"href":"https:\/\/userblogs.fu-berlin.de\/vk-puzzles\/wp-json\/wp\/v2\/pages\/623\/revisions"}],"predecessor-version":[{"id":2925,"href":"https:\/\/userblogs.fu-berlin.de\/vk-puzzles\/wp-json\/wp\/v2\/pages\/623\/revisions\/2925"}],"wp:attachment":[{"href":"https:\/\/userblogs.fu-berlin.de\/vk-puzzles\/wp-json\/wp\/v2\/media?parent=623"}],"curies":[{"name":"wp","href":"https:\/\/api.w.org\/{rel}","templated":true}]}}